000
CXUS54 KLZK 111700
CF6CCA
PRELIMINARY LOCAL CLIMATOLOGICAL DATA (WS FORM: F-6)
STATION: CLINTON
MONTH: FEBRUARY
YEAR: 2021
LATITUDE: 35 32 N
LONGITUDE: 92 22 W
TEMPERATURE IN F: :PCPN: SNOW: WIND :SUNSHINE: SKY :PK WND
================================================================================
1 2 3 4 5 6A 6B 7 8 9 10 11 12 13 14 15 16 17 18
12Z AVG MX 2MIN
DY MAX MIN AVG DEP HDD CDD WTR SNW DPTH SPD SPD DIR MIN PSBL S-S WX SPD DR
================================================================================
1 45 27 36 M 29 0 0.00 M M 6.5 13 300 M M 6 18 22 320
2 48 23 36 M 29 0 0.00 M M 1.0 7 60 M M 2 1 M M
3 54 21 38 M 27 0 0.00 M M 1.8 9 190 M M 0 14 99
4 55 32 44 M 21 0 0.03 M M 4.6 17 300 M M 7 8 28 320
5 57 21 39 M 26 0 0.00 M M 2.3 14 220 M M 3 18 220
6 50 34 42 M 23 0 0.10 M M 2.2 9 90 M M 8 16 40
7 37 28 33 M 32 0 0.00 M M 4.5 8 100 M M 10 1 13 100
8 39 28 34 M 31 0 0.01 M M 1.7 6 80 M M 10 1 12 80
9 39 32 36 M 29 0 0.00 M M 3.3 8 30 M M 10 1 12 0
10 34 27 31 M 34 0 0.00 M M 3.6 10 320 M M 10 1 17 99
11 27 23 25 M 40 0 0.01 M M 5.6 10 340 M M 10 1 17 99
12 27 21 24 M 41 0 0.00 M M 6.0 9 320 M M 10 17 99
13 25 18 22 M 43 0 0.00 M M 7.4 16 320 M M 8 22 330
14 16 10 13 M 52 0 0.02 M M 7.4 12 330 M M 9 8 22 350
15 10 5 8 M 57 0 0.05 M M 6.3 14 340 M M 9 28 22 350
16 21 -9 6 M 59 0 0.01 M M 2.1 8 90 M M 5 8 12 0
17 23 14 19 M 46 0 0.00 M M 2.4 6 80 M M 8 18 M M
18 34 14 24 M 41 0 0.00 M M 4.1 10 320 M M 4 1 18 330
19 37 1 19 M 46 0 0.00 M M 0.7 6 150 M M 0 1 M M
20 45 7 26 M 39 0 0.00 M M 1.6 8 150 M M 0 15 160
21 48 23 36 M 29 0 0.00 M M 1.6 13 170 M M 6 18 22 170
22 61 21 41 M 24 0 0.00 M M 3.0 12 210 M M 1 12 18 210
23 73 25 49 M 16 0 0.00 M M 2.7 9 150 M M 0 17 180
24 73 34 54 M 11 0 0.00 M M 3.6 9 240 M M 5 16 250
25 54 37 46 M 19 0 0.00 M M 5.0 8 40 M M 4 16 99
26 46 41 44 M 21 0 0.09 M M 0.8 9 60 M M 9 1 16 60
27 50 41 46 M 19 0 0.10 M M 1.2 6 110 M M 10 12 M M
28 61 48 55 M 10 0 0.88 M M 2.0 12 320 M M 9 123 20 320
================================================================================
SM 1189 647 894 0 1.30 M 94.9 M 173
================================================================================
AV 42.5 23.1 3.4 FASTST M M 6 MAX(MPH)
MISC ----> 17 300 28 320
================================================================================
NOTES:
# LAST OF SEVERAL OCCURRENCES
COLUMN 17 PEAK WIND IN M.P.H.
PRELIMINARY LOCAL CLIMATOLOGICAL DATA (WS FORM: F-6) , PAGE 2
STATION: CLINTON
MONTH: FEBRUARY
YEAR: 2021
LATITUDE: 35 32 N
LONGITUDE: 92 22 W
[TEMPERATURE DATA] [PRECIPITATION DATA] SYMBOLS USED IN COLUMN 16
AVERAGE MONTHLY: 32.8 TOTAL FOR MONTH: 1.30 1 = FOG OR MIST
DPTR FM NORMAL: 0.0 DPTR FM NORMAL: 1.30 2 = FOG REDUCING VISIBILITY
HIGHEST: 73 ON 24,23 GRTST 24HR 0.88 ON 28-28 TO 1/4 MILE OR LESS
LOWEST: -9 ON 16 3 = THUNDER
SNOW, ICE PELLETS, HAIL 4 = ICE PELLETS
TOTAL MONTH: M 5 = HAIL
GRTST 24HR M ON M 6 = FREEZING RAIN OR DRIZZLE
GRTST DEPTH: M ON M 7 = DUSTSTORM OR SANDSTORM:
VSBY 1/2 MILE OR LESS
8 = SMOKE OR HAZE
[NO. OF DAYS WITH] [WEATHER - DAYS WITH] 9 = BLOWING SNOW
X = TORNADO
MAX 32 OR BELOW: 7 0.01 INCH OR MORE: 10
MAX 90 OR ABOVE: 0 0.10 INCH OR MORE: 2
MIN 32 OR BELOW: 22 0.50 INCH OR MORE: 1
MIN 0 OR BELOW: 1 1.00 INCH OR MORE: 0
[HDD (BASE 65) ]
TOTAL THIS MO. 894 CLEAR (SCALE 0-3) 7
DPTR FM NORMAL M PTCLDY (SCALE 4-7) 10
TOTAL FM JUL 1 3131 CLOUDY (SCALE 8-10) 11
DPTR FM NORMAL M
[CDD (BASE 65) ]
TOTAL THIS MO. 0
DPTR FM NORMAL M [PRESSURE DATA]
TOTAL FM JAN 1 0 HIGHEST SLP M ON M
DPTR FM NORMAL M LOWEST SLP M ON M
[REMARKS]
#FINAL-02-21#