654
CXUS54 KLZK 011130
CF6CCA
PRELIMINARY LOCAL CLIMATOLOGICAL DATA (WS FORM: F-6)
STATION: Clinton
MONTH: SEPTEMBER
YEAR: 2020
LATITUDE: 35 32 N
LONGITUDE: 92 22 W
TEMPERATURE IN F: :PCPN: SNOW: WIND :SUNSHINE: SKY :PK WND
================================================================================
1 2 3 4 5 6A 6B 7 8 9 10 11 12 13 14 15 16 17 18
12Z AVG MX 2MIN
DY MAX MIN AVG DEP HDD CDD WTR SNW DPTH SPD SPD DIR MIN PSBL S-S WX SPD DR
================================================================================
1 77 70 74 M 0 9 1.46 M M 1.3 6 100 M M 8 13 M M
2 81 70 76 M 0 11 1.96 M M 0.9 6 310 M M 8 138 M M
3 82 70 76 M 0 11 0.00 M M 1.3 6 210 M M 6 128 M M
4 84 68 76 M 0 11 0.00 M M 0.8 6 99 M M 4 18 M M
5 88 64 76 M 0 11 0.00 M M 0.7 5 100 M M 2 18 M M
6 90 66 78 M 0 13 0.00 M M 1.5 10 210 M M 4 128 M M
7 90 63 77 M 0 12 0.00 M M 2.6 12 230 M M 0 18 15 220
8 90 66 78 M 0 13 0.00 M M 1.3 8 120 M M 2 18 12 99
9 88 66 77 M 0 12 0.00 M M 1.4 6 99 M M 3 18 M M
10 86 68 77 M 0 12 0.00 M M 0.4 5 120 M M 4 18 M M
11 84 70 77 M 0 12 0.00 M M 0.6 7 99 M M 6 18 M M
12 88 66 77 M 0 12 0.00 M M 2.0 8 230 M M 4 18 M M
13 84 66 75 M 0 10 0.00 M M 1.2 8 320 M M 3 18 15 320
14 82 63 73 M 0 8 0.00 M M 1.4 7 99 M M 2 18 14 99
15 86 61 74 M 0 9 0.00 M M 1.1 7 80 M M 0 18 M M
16 86 64 75 M 0 10 0.00 M M 1.0 7 99 M M 4 18 12 99
17 84 64 74 M 0 9 0.00 M M 1.9 6 360 M M 2 18 13 99
18 79 57 68 M 0 3 0.00 M M 1.7 9 60 M M 4 18 14 99
19 75 52 64 M 1 0 0.00 M M 1.3 6 99 M M 4 1 13 99
20 79 48 64 M 1 0 0.00 M M 1.2 7 99 M M 8 12 13 99
21 79 52 66 M 0 1 0.00 M M 1.9 9 110 M M 3 18 15 90
22 68 61 65 M 0 0 0.13 M M 0.2 6 100 M M 8 1 M M
23 64 61 63 M 2 0 0.13 M M 1.2 6 99 M M 10 1 13 99
24 72 57 65 M 0 0 0.00 M M 2.4 8 140 M M 7 128 12 99
25 72 55 64 M 1 0 0.00 M M 1.6 6 230 M M 9 128 12 150
26 75 57 66 M 0 1 0.00 M M 2.2 8 190 M M 6 128 13 99
27 84 55 70 M 0 5 0.34 M M 2.8 24 310 M M 8 123 36 310
28 73 50 62 M 3 0 0.17 M M 5.7 17 300 M M 4 138 24 300
29 73 43 58 M 7 0 0.00 M M 3.4 10 310 M M 1 1 20 320
30 84 45 65 M 0 0 0.00 M M 2.2 10 240 M M 0 18 17 99
================================================================================
SM 2427 1818 15 195 4.19 M 49.2 M 134
================================================================================
AV 80.9 60.6 1.6 FASTST M M 4 MAX(MPH)
MISC ----> # 24 310 # 36 310
================================================================================
NOTES:
# LAST OF SEVERAL OCCURRENCES
COLUMN 17 PEAK WIND IN M.P.H.
PRELIMINARY LOCAL CLIMATOLOGICAL DATA (WS FORM: F-6) , PAGE 2
STATION: Clinton
MONTH: SEPTEMBER
YEAR: 2020
LATITUDE: 35 32 N
LONGITUDE: 92 22 W
[TEMPERATURE DATA] [PRECIPITATION DATA] SYMBOLS USED IN COLUMN 16
AVERAGE MONTHLY: 70.8 TOTAL FOR MONTH: 4.19 1 = FOG OR MIST
DPTR FM NORMAL: M DPTR FM NORMAL: M 2 = FOG REDUCING VISIBILITY
HIGHEST: 90 ON 8, 7 GRTST 24HR 1.96 ON 2- 2 TO 1/4 MILE OR LESS
LOWEST: 43 ON 29 3 = THUNDER
SNOW, ICE PELLETS, HAIL 4 = ICE PELLETS
TOTAL MONTH: M 5 = HAIL
GRTST 24HR M ON M 6 = FREEZING RAIN OR DRIZZLE
GRTST DEPTH: M ON M 7 = DUSTSTORM OR SANDSTORM:
VSBY 1/2 MILE OR LESS
8 = SMOKE OR HAZE
[NO. OF DAYS WITH] [WEATHER - DAYS WITH] 9 = BLOWING SNOW
X = TORNADO
MAX 32 OR BELOW: 0 0.01 INCH OR MORE: 6
MAX 90 OR ABOVE: 3 0.10 INCH OR MORE: 6
MIN 32 OR BELOW: 0 0.50 INCH OR MORE: 2
MIN 0 OR BELOW: 0 1.00 INCH OR MORE: 2
[HDD (BASE 65) ]
TOTAL THIS MO. 15 CLEAR (SCALE 0-3) 9
DPTR FM NORMAL M PTCLDY (SCALE 4-7) 18
TOTAL FM JUL 1 15 CLOUDY (SCALE 8-10) 3
DPTR FM NORMAL M
[CDD (BASE 65) ]
TOTAL THIS MO. 195
DPTR FM NORMAL M [PRESSURE DATA]
TOTAL FM JAN 1 1468 HIGHEST SLP M ON M
DPTR FM NORMAL M LOWEST SLP M ON M
[REMARKS]
#FINAL-09-20#