000
CXUS56 KMTR 010900
CF6CCR
PRELIMINARY LOCAL CLIMATOLOGICAL DATA (WS FORM: F-6)
STATION: CONCORD AIRPORT
MONTH: MARCH
YEAR: 2022
LATITUDE: 37 58 N
LONGITUDE: 122 3 W
TEMPERATURE IN F: :PCPN: SNOW: WIND :SUNSHINE: SKY :PK WND
================================================================================
1 2 3 4 5 6A 6B 7 8 9 10 11 12 13 14 15 16 17 18
12Z AVG MX 2MIN
DY MAX MIN AVG DEP HDD CDD WTR SNW DPTH SPD SPD DIR MIN PSBL S-S WX SPD DR
================================================================================
1 74 44 59 4 6 0 0.00 M M 4.0 14 290 M M 0 17 290
2 72 44 58 3 7 0 0.00 M M 4.4 17 290 M M 0 12 22 310
3 58 48 53 -2 12 0 0.01 M M 3.2 9 290 M M 7 3 13 260
4 63 46 55 -1 10 0 0.03 M M 11.1 29 260 M M 7 1 37 270
5 58 39 49 -7 16 0 0.00 M M 4.5 16 280 M M 2 21 300
6 65 36 51 -5 14 0 0.00 M M 3.8 12 250 M M 0 13 310
7 69 35 52 -4 13 0 0.00 M M 5.6 17 30 M M 0 26 30
8 74 38 56 0 9 0 0.00 M M 3.0 9 70 M M 0 13 80
9 70 41 56 0 9 0 0.00 M M 5.7 15 260 M M 0 19 260
10 68 39 54 -2 11 0 0.00 M M 6.5 18 20 M M 0 18 26 10
11 73 38 56 0 9 0 0.00 M M 3.9 10 270 M M 0 13 270
12 72 38 55 -1 10 0 0.00 M M 6.5 17 270 M M 2 23 280
13 64 46 55 -1 10 0 0.00 M M 7.5 15 210 M M 5 20 190
14 72 43 58 2 7 0 0.00 M M 6.2 17 240 M M 1 21 250
15 69 52 61 4 4 0 0.04 M M 7.3 15 310 M M 5 1 20 210
16 72 47 60 3 5 0 0.00 M M 5.2 12 280 M M 1 15 260
17 71 48 60 3 5 0 0.00 M M 9.1 17 250 M M 0 20 250
18 73 44 59 2 6 0 0.00 M M 6.1 14 190 M M 0 18 190
19 60 47 54 -3 11 0 0.01 M M 8.1 14 250 M M 6 18 200
20 70 41 56 -1 9 0 0.00 M M 5.7 17 290 M M 0 21 290
21 77 44 61 4 4 0 0.00 M M 5.9 16 270 M M 0 19 270
22 85 51 68 11 0 3 0.00 M M 4.6 17 20 M M 0 25 10
23 78 50 64 7 1 0 0.00 M M 5.5 18 320 M M 0 21 320
24 78 46 62 5 3 0 0.00 M M 5.7 15 280 M M 0 19 310
25 75 46 61 4 4 0 0.00 M M 9.2 16 310 M M 0 19 310
26 75 48 62 4 3 0 0.00 M M 7.7 17 250 M M 0 21 250
27 67 51 59 1 6 0 0.08 M M 8.4 17 220 M M 4 1 22 250
28 65 50 58 0 7 0 0.38 M M 6.1 21 300 M M 7 18 24 300
29 68 47 58 0 7 0 0.00 M M 10.0 21 180 M M 3 26 170
30 65 51 58 0 7 0 0.00 M M 12.6 22 190 M M 5 27 190
31 72 46 59 1 6 0 0.00 M M 5.2 13 270 M M 0 1 16 310
================================================================================
SM 2172 1384 231 3 0.55 M 198.3 M 55
================================================================================
AV 70.1 44.6 6.4 FASTST M M 2 MAX(MPH)
MISC ----> 29 260 37 270
================================================================================
NOTES:
# LAST OF SEVERAL OCCURRENCES
COLUMN 17 PEAK WIND IN M.P.H.
PRELIMINARY LOCAL CLIMATOLOGICAL DATA (WS FORM: F-6) , PAGE 2
STATION: CONCORD AIRPORT
MONTH: MARCH
YEAR: 2022
LATITUDE: 37 58 N
LONGITUDE: 122 3 W
[TEMPERATURE DATA] [PRECIPITATION DATA] SYMBOLS USED IN COLUMN 16
AVERAGE MONTHLY: 57.4 TOTAL FOR MONTH: 0.55 1 = FOG OR MIST
DPTR FM NORMAL: 0.8 DPTR FM NORMAL: -1.71 2 = FOG REDUCING VISIBILITY
HIGHEST: 85 ON 22 GRTST 24HR 0.46 ON 27-28 TO 1/4 MILE OR LESS
LOWEST: 35 ON 7 3 = THUNDER
SNOW, ICE PELLETS, HAIL 4 = ICE PELLETS
TOTAL MONTH: M 5 = HAIL
GRTST 24HR M ON M 6 = FREEZING RAIN OR DRIZZLE
GRTST DEPTH: M ON M 7 = DUSTSTORM OR SANDSTORM:
VSBY 1/2 MILE OR LESS
8 = SMOKE OR HAZE
[NO. OF DAYS WITH] [WEATHER - DAYS WITH] 9 = BLOWING SNOW
X = TORNADO
MAX 32 OR BELOW: 0 0.01 INCH OR MORE: 6
MAX 90 OR ABOVE: 0 0.10 INCH OR MORE: 1
MIN 32 OR BELOW: 0 0.50 INCH OR MORE: 0
MIN 0 OR BELOW: 0 1.00 INCH OR MORE: 0
[HDD (BASE 65) ]
TOTAL THIS MO. 231 CLEAR (SCALE 0-3) 23
DPTR FM NORMAL -30 PTCLDY (SCALE 4-7) 8
TOTAL FM JUL 1 1900 CLOUDY (SCALE 8-10) 0
DPTR FM NORMAL -18
[CDD (BASE 65) ]
TOTAL THIS MO. 3
DPTR FM NORMAL 1 [PRESSURE DATA]
TOTAL FM JAN 1 3 HIGHEST SLP M ON M
DPTR FM NORMAL 1 LOWEST SLP 29.60 ON 27
[REMARKS]
#FINAL-03-22#