000
CXUS55 KBOU 010900
CF6CCU
PRELIMINARY LOCAL CLIMATOLOGICAL DATA (WS FORM: F-6)
STATION: COPPER MTN/RED CLIFF
MONTH: JULY
YEAR: 2022
LATITUDE: 39 28 N
LONGITUDE: 106 9 W
TEMPERATURE IN F: :PCPN: SNOW: WIND :SUNSHINE: SKY :PK WND
================================================================================
1 2 3 4 5 6A 6B 7 8 9 10 11 12 13 14 15 16 17 18
12Z AVG MX 2MIN
DY MAX MIN AVG DEP HDD CDD WTR SNW DPTH SPD SPD DIR MIN PSBL S-S WX SPD DR
================================================================================
1 61 41 51 M 14 0 M M M 8.4 16 270 M M 6 1 26 270
2 66 46 56 M 9 0 M M M 8.9 30 170 M M 5 32 130
3 61 46 54 M 11 0 M M M 11.7 22 160 M M 4 30 270
4 64 50 57 M 8 0 M M M 8.8 20 130 M M 4 29 130
5 59 46 53 M 12 0 M M M 5.6 17 290 M M 5 8 21 290
6 61 45 53 M 12 0 M M M 6.3 14 300 M M 7 8 38 270
7 64 45 55 M 10 0 M M M 6.7 12 290 M M 3 21 280
8 70 54 62 M 3 0 M M M 6.2 16 160 M M 6 21 160
9 73 54 64 M 1 0 M M M 8.3 18 170 M M 2 22 0
10 70 46 58 M 7 0 M M M 9.0 22 140 M M 5 26 170
11 68 54 61 M 4 0 M M M 8.7 22 290 M M 4 31 290
12 66 54 60 M 5 0 M M M 9.4 24 300 M M 3 36 300
13 68 54 61 M 4 0 M M M 10.9 23 170 M M 3 29 170
14 66 50 58 M 7 0 M M M 7.8 17 170 M M 5 23 290
15 64 52 58 M 7 0 M M M 8.2 16 280 M M 9 26 270
16 64 52 58 M 7 0 M M M 7.9 20 290 M M 4 24 290
17 73 54 64 M 1 0 M M M 6.0 22 140 M M 3 28 140
18 68 54 61 M 4 0 M M M 10.9 21 160 M M 4 29 300
19 64 54 59 M 6 0 M M M 9.8 21 290 M M 4 28 300
20 66 52 59 M 6 0 M M M 8.7 20 260 M M 4 32 280
21 70 54 62 M 3 0 M M M 7.2 20 300 M M 3 25 300
22 70 59 65 M 0 0 M M M 7.1 18 300 M M 4 36 270
23 68 54 61 M 4 0 M M M 10.7 23 280 M M 5 30 280
24 64 50 57 M 8 0 M M M 9.1 21 170 M M 6 28 24 290
25 64 46 55 M 10 0 M M M 5.7 14 310 M M 6 12 22 280
26 66 54 60 M 5 0 M M M 7.3 16 300 M M 4 22 0
27 70 48 59 M 6 0 M M M 7.4 17 170 M M 3 16 330
28 59 46 53 M 12 0 M M M 7.1 16 170 M M 8 20 160
29 64 46 55 M 10 0 M M M 4.1 10 130 M M 5 17 40
30 64 48 56 M 9 0 M M M 4.0 14 270 M M 5 21 270
31 68 50 59 M 6 0 M M M 7.1 21 170 M M 6 23 50
================================================================================
SM 2043 1558 211 0 M M 245.2 M 145
================================================================================
AV 65.9 50.3 7.9 FASTST M M 5 MAX(MPH)
MISC ----> 30 170 38 270
================================================================================
NOTES:
# LAST OF SEVERAL OCCURRENCES
COLUMN 17 PEAK WIND IN M.P.H.
PRELIMINARY LOCAL CLIMATOLOGICAL DATA (WS FORM: F-6) , PAGE 2
STATION: COPPER MTN/RED CLIFF
MONTH: JULY
YEAR: 2022
LATITUDE: 39 28 N
LONGITUDE: 106 9 W
[TEMPERATURE DATA] [PRECIPITATION DATA] SYMBOLS USED IN COLUMN 16
AVERAGE MONTHLY: 58.1 TOTAL FOR MONTH: M 1 = FOG OR MIST
DPTR FM NORMAL: 0.0 DPTR FM NORMAL: M 2 = FOG REDUCING VISIBILITY
HIGHEST: 73 ON 17, 9 GRTST 24HR M ON M TO 1/4 MILE OR LESS
LOWEST: 41 ON 1 3 = THUNDER
SNOW, ICE PELLETS, HAIL 4 = ICE PELLETS
TOTAL MONTH: M 5 = HAIL
GRTST 24HR M ON M 6 = FREEZING RAIN OR DRIZZLE
GRTST DEPTH: M ON M 7 = DUSTSTORM OR SANDSTORM:
VSBY 1/2 MILE OR LESS
8 = SMOKE OR HAZE
[NO. OF DAYS WITH] [WEATHER - DAYS WITH] 9 = BLOWING SNOW
X = TORNADO
MAX 32 OR BELOW: 0 0.01 INCH OR MORE: 0
MAX 90 OR ABOVE: 0 0.10 INCH OR MORE: 0
MIN 32 OR BELOW: 0 0.50 INCH OR MORE: 0
MIN 0 OR BELOW: 0 1.00 INCH OR MORE: 0
[HDD (BASE 65) ]
TOTAL THIS MO. 211 CLEAR (SCALE 0-3) 4
DPTR FM NORMAL M PTCLDY (SCALE 4-7) 26
TOTAL FM JUL 1 211 CLOUDY (SCALE 8-10) 1
DPTR FM NORMAL M
[CDD (BASE 65) ]
TOTAL THIS MO. 0
DPTR FM NORMAL M [PRESSURE DATA]
TOTAL FM JAN 1 0 HIGHEST SLP M ON M
DPTR FM NORMAL M LOWEST SLP M ON M
[REMARKS]
#FINAL-07-22#