000
CXUS53 KARX 010900
CF6CCY
PRELIMINARY LOCAL CLIMATOLOGICAL DATA (WS FORM: F-6)
STATION: CHARLES_CITY IA
MONTH: SEPTEMBER
YEAR: 2021
LATITUDE: 43 4 N
LONGITUDE: 92 37 W
TEMPERATURE IN F: :PCPN: SNOW: WIND :SUNSHINE: SKY :PK WND
================================================================================
1 2 3 4 5 6A 6B 7 8 9 10 11 12 13 14 15 16 17 18
12Z AVG MX 2MIN
DY MAX MIN AVG DEP HDD CDD WTR SNW DPTH SPD SPD DIR MIN PSBL S-S WX SPD DR
================================================================================
1 75 57 66 -1 0 1 0.00 0.0 0 7.1 14 90 M M 1 18 110
2 73 57 65 -2 0 0 0.00 0.0 0 9.4 15 120 M M 3 23 120
3 66 61 64 -3 1 0 1.10 0.0 0 7.6 18 130 M M 10 12 25 120
4 73 55 64 -2 1 0 0.00 0.0 0 6.0 12 320 M M 5 1 20 320
5 81 52 67 1 0 2 0.00 0.0 0 8.2 14 290 M M 1 20 250
6 79 50 65 -1 0 0 0.00 0.0 0 4.1 9 150 M M 0 15 150
7 77 55 66 0 0 1 0.00 0.0 0 10.4 18 320 M M 1 27 320
8 73 52 63 -2 2 0 0.00 0.0 0 9.7 18 310 M M 1 27 320
9 73 48 61 -4 4 0 0.00 0.0 0 3.1 8 320 M M 1 14 320
10 79 52 66 2 0 1 0.00 0.0 0 6.9 12 160 M M 0 17 150
11 86 59 73 9 0 8 0.00 0.0 0 4.9 8 60 M M 3 M M
12 73 61 67 3 0 2 0.03 0.0 0 8.1 14 50 M M 6 18 70
13 75 59 67 4 0 2 0.06 0.0 0 8.8 14 120 M M 8 23 120
14 70 54 62 -1 3 0 0.00 0.0 0 8.1 14 280 M M 3 1 21 290
15 77 48 63 1 2 0 0.00 0.0 0 3.8 9 140 M M 4 12 15 230
16 84 55 70 8 0 5 0.00 0.0 0 12.9 21 170 M M 0 29 180
17 72 52 62 0 3 0 0.00 0.0 0 8.4 16 340 M M 1 25 320
18 79 46 63 2 2 0 0.00 0.0 0 6.7 12 140 M M 0 17 130
19 88 63 76 15 0 11 0.00 0.0 0 10.6 17 180 M M 0 28 180
20 81 57 69 9 0 4 0.37 0.0 0 12.6 29 290 M M 5 37 290
21 70 50 60 0 5 0 0.00 0.0 0 10.3 18 310 M M 3 24 310
22 68 43 56 -3 9 0 0.00 0.0 0 6.8 14 360 M M 0 18 350
23 72 41 57 -2 8 0 0.00 0.0 0 3.2 7 170 M M 0 1 M M
24 70 45 58 0 7 0 0.14 0.0 0 7.9 18 330 M M 1 27 330
25 73 39 56 -2 9 0 0.00 0.0 0 8.7 16 260 M M 1 29 280
26 84 50 67 9 0 2 0.00 0.0 0 7.8 12 180 M M 1 17 180
27 84 54 69 12 0 4 0.00 0.0 0 4.8 12 360 M M 0 17 360
28 82 55 69 12 0 4 0.00 0.0 0 10.0 14 140 M M 0 18 130
29 86 55 71 15 0 6 0.00 0.0 0 7.7 10 170 M M 0 17 170
30 84 63 74 18 0 9 0.00 0.0 0 6.7 10 130 M M 1 20 200
================================================================================
SM 2307 1588 56 62 1.70 0.0 231.3 M 60
================================================================================
AV 76.9 52.9 7.7 FASTST M M 2 MAX(MPH)
MISC ----> 29 290 37 290
================================================================================
NOTES:
# LAST OF SEVERAL OCCURRENCES
COLUMN 17 PEAK WIND IN M.P.H.
PRELIMINARY LOCAL CLIMATOLOGICAL DATA (WS FORM: F-6) , PAGE 2
STATION: CHARLES_CITY IA
MONTH: SEPTEMBER
YEAR: 2021
LATITUDE: 43 4 N
LONGITUDE: 92 37 W
[TEMPERATURE DATA] [PRECIPITATION DATA] SYMBOLS USED IN COLUMN 16
AVERAGE MONTHLY: 64.9 TOTAL FOR MONTH: 1.70 1 = FOG OR MIST
DPTR FM NORMAL: 3.0 DPTR FM NORMAL: -1.51 2 = FOG REDUCING VISIBILITY
HIGHEST: 88 ON 19 GRTST 24HR 1.10 ON 3- 3 TO 1/4 MILE OR LESS
LOWEST: 39 ON 25 3 = THUNDER
SNOW, ICE PELLETS, HAIL 4 = ICE PELLETS
TOTAL MONTH: 0.0 INCH 5 = HAIL
GRTST 24HR 0.0 6 = FREEZING RAIN OR DRIZZLE
GRTST DEPTH: 0 7 = DUSTSTORM OR SANDSTORM:
VSBY 1/2 MILE OR LESS
8 = SMOKE OR HAZE
[NO. OF DAYS WITH] [WEATHER - DAYS WITH] 9 = BLOWING SNOW
X = TORNADO
MAX 32 OR BELOW: 0 0.01 INCH OR MORE: 5
MAX 90 OR ABOVE: 0 0.10 INCH OR MORE: 3
MIN 32 OR BELOW: 0 0.50 INCH OR MORE: 1
MIN 0 OR BELOW: 0 1.00 INCH OR MORE: 1
[HDD (BASE 65) ]
TOTAL THIS MO. 56 CLEAR (SCALE 0-3) 24
DPTR FM NORMAL -97 PTCLDY (SCALE 4-7) 5
TOTAL FM JUL 1 58 CLOUDY (SCALE 8-10) 1
DPTR FM NORMAL -125
[CDD (BASE 65) ]
TOTAL THIS MO. 62
DPTR FM NORMAL 0 [PRESSURE DATA]
TOTAL FM JAN 1 820 HIGHEST SLP M ON M
DPTR FM NORMAL 160 LOWEST SLP M ON M
[REMARKS]
#FINAL-09-21#