000
CXUS53 KEAX 010736
CF6CDJ
PRELIMINARY LOCAL CLIMATOLOGICAL DATA (WS FORM: F-6)
STATION: CHILLICOTHE
MONTH: MAY
YEAR: 2022
LATITUDE: 39 49 N
LONGITUDE: 93 35 W
TEMPERATURE IN F: :PCPN: SNOW: WIND :SUNSHINE: SKY :PK WND
================================================================================
1 2 3 4 5 6A 6B 7 8 9 10 11 12 13 14 15 16 17 18
12Z AVG MX 2MIN
DY MAX MIN AVG DEP HDD CDD WTR SNW DPTH SPD SPD DIR MIN PSBL S-S WX SPD DR
================================================================================
1 68 49 59 0 6 0 0.00 M M 8.3 17 290 M M 0 34 330
2 59 44 52 -8 13 0 0.77 M M 6.1 17 100 M M 0 25 100
3 56 48 52 -8 13 0 0.02 M M 6.9 14 340 M M 0 24 340
4 57 50 54 -6 11 0 0.00 M M 5.2 14 120 M M 0 25 100
5 61 54 58 -2 7 0 0.55 M M 5.7 13 50 M M 0 21 100
6 69 53 61 0 4 0 0.39 M M 4.7 12 20 M M 0 18 20
7 74 45 60 -1 5 0 0.00 M M 6.2 16 140 M M 0 25 110
8 75 60 68 7 0 3 0.05 M M 9.1 20 170 M M 0 32 150
9 92 67 80 18 0 15 0.00 M M 12.6 25 190 M M 0 39 180
10 92 75 84 22 0 19 0.00 M M 6.9 16 190 M M 0 25 210
11 92 72 82 20 0 17 0.00 M M 6.5 16 200 M M 0 24 190
12 93 72 83 20 0 18 0.00 M M 7.6 17 200 M M 0 25 200
13 87 66 77 14 0 12 0.00 M M 3.4 17 330 M M 0 31 330
14 91 61 76 13 0 11 0.00 M M 1.4 12 10 M M 0 21 350
15 77 52 65 1 0 0 0.96 M M 5.0 16 330 M M 0 3 29 340
16 82 50 66 2 0 1 0.00 M M 2.1 10 300 M M 0 19 210
17 86 55 71 7 0 6 0.05 M M 5.6 18 190 M M 0 28 190
18 84 61 73 8 0 8 0.02 M M 2.2 12 190 M M 0 20 310
19 84 58 71 6 0 6 0.00 M M 6.4 17 180 M M 0 27 200
20 77 60 69 3 0 4 0.00 M M 4.9 12 360 M M 0 22 20
21 66 48 57 -9 8 0 0.06 M M 5.3 13 10 M M 0 23 30
22 70 40 55 -11 10 0 0.00 M M 3.6 13 20 M M 0 24 360
23 70 45 58 -8 7 0 0.00 M M 4.3 13 120 M M 0 22 110
24 67 55 61 -6 4 0 0.59 M M 6.0 13 90 M M 0 23 80
25 75 59 67 0 0 2 0.34 M M 6.0 17 190 M M 0 32 160
26 62 54 58 -10 7 0 0.58 M M 4.0 13 320 M M 0 25 320
27 80 54 67 -1 0 2 0.00 M M 3.6 10 20 M M 0 20 360
28 82 55 69 1 0 4 0.00 M M 6.6 18 180 M M 0 32 190
29 89 69 79 10 0 14 0.00 M M 11.0 18 160 M M 0 33 190
30 89 72 81 12 0 16 0.00 M M 12.7 23 190 M M 0 40 210
31 78 67 73 4 0 8 1.92 M M 3.9 18 310 M M 0 29 320
================================================================================
SM 2384 1770 95 166 6.30 M 183.8 M 0
================================================================================
AV 76.9 57.1 5.9 FASTST M M 0 MAX(MPH)
MISC ----> 25 190 40 210
================================================================================
NOTES:
# LAST OF SEVERAL OCCURRENCES
COLUMN 17 PEAK WIND IN M.P.H.
PRELIMINARY LOCAL CLIMATOLOGICAL DATA (WS FORM: F-6) , PAGE 2
STATION: CHILLICOTHE
MONTH: MAY
YEAR: 2022
LATITUDE: 39 49 N
LONGITUDE: 93 35 W
[TEMPERATURE DATA] [PRECIPITATION DATA] SYMBOLS USED IN COLUMN 16
AVERAGE MONTHLY: 67.0 TOTAL FOR MONTH: 6.30 1 = FOG OR MIST
DPTR FM NORMAL: 2.9 DPTR FM NORMAL: 0.88 2 = FOG REDUCING VISIBILITY
HIGHEST: 93 ON 12 GRTST 24HR 1.92 ON 31-31 TO 1/4 MILE OR LESS
LOWEST: 40 ON 22 3 = THUNDER
SNOW, ICE PELLETS, HAIL 4 = ICE PELLETS
TOTAL MONTH: M 5 = HAIL
GRTST 24HR M ON M 6 = FREEZING RAIN OR DRIZZLE
GRTST DEPTH: M ON M 7 = DUSTSTORM OR SANDSTORM:
VSBY 1/2 MILE OR LESS
8 = SMOKE OR HAZE
[NO. OF DAYS WITH] [WEATHER - DAYS WITH] 9 = BLOWING SNOW
X = TORNADO
MAX 32 OR BELOW: 0 0.01 INCH OR MORE: 13
MAX 90 OR ABOVE: 5 0.10 INCH OR MORE: 8
MIN 32 OR BELOW: 0 0.50 INCH OR MORE: 6
MIN 0 OR BELOW: 0 1.00 INCH OR MORE: 1
[HDD (BASE 65) ]
TOTAL THIS MO. 95 CLEAR (SCALE 0-3) 31
DPTR FM NORMAL -20 PTCLDY (SCALE 4-7) 0
TOTAL FM JUL 1 4714 CLOUDY (SCALE 8-10) 0
DPTR FM NORMAL -573
[CDD (BASE 65) ]
TOTAL THIS MO. 166
DPTR FM NORMAL 77 [PRESSURE DATA]
TOTAL FM JAN 1 179 HIGHEST SLP M ON M
DPTR FM NORMAL 73 LOWEST SLP 29.29 ON 20
[REMARKS]
#FINAL-05-22#