000
CXUS54 KLUB 011311
CLMCDS
CLIMATE REPORT
NATIONAL WEATHER SERVICE LUBBOCK TX
811 AM CDT SAT APR 01 2023
...................................
...THE CHILDRESS CLIMATE SUMMARY FOR THE MONTH OF MARCH 2023...
CLIMATE NORMAL PERIOD 1991 TO 2020
CLIMATE RECORD PERIOD 1893 TO 2023
WEATHER OBSERVED NORMAL DEPART LAST YEAR`S
VALUE DATE(S) VALUE FROM VALUE DATE(S)
NORMAL
................................................................
TEMPERATURE (F)
RECORD
HIGH 100 03/12/1989
03/27/1971
03/20/1907
LOW 2 03/11/1948
HIGHEST 88 03/22 94 03/29
LOWEST 22 03/19 18 03/07
AVG. MAXIMUM 66.4 67.7 -1.3 69.6
AVG. MINIMUM 37.8 40.2 -2.4 36.4
MEAN 52.1 54.0 -1.9 53.0
DAYS MAX >= 90 0 0.9 -0.9 2
DAYS MAX <= 32 0 0.2 -0.2 0
DAYS MIN <= 32 7 6.5 0.5 10
DAYS MIN <= 0 0 0.0 0.0 0
PRECIPITATION (INCHES)
RECORD
MAXIMUM 5.12 1929
MINIMUM 0.00 1940
TOTALS 0.23 1.36 -1.13 0.03
DAILY AVG. 0.01 0.04 -0.03 0.00
DAYS >= .01 3 5.1 -2.1 2
DAYS >= .10 1 2.8 -1.8 0
DAYS >= .50 0 0.8 -0.8 0
DAYS >= 1.00 0 0.2 -0.2 0
GREATEST
24 HR. TOTAL 0.19 03/14 TO 03/14
SNOWFALL (INCHES)
RECORDS
TOTAL 12.0 1969
TOTALS T 0.6 -0.6 T
SINCE 7/1 7.3 5.3 2.0 MM
SNOWDEPTH AVG. 0 0
DAYS >= TRACE 1 0.4 0.6 1
DAYS >= 1.0 0 0.3 -0.3 0
GREATEST
SNOW DEPTH 0 0
24 HR TOTAL 0 T 03/11 TO 03/11
DEGREE DAYS
HEATING TOTAL 404 362 42 381
SINCE 7/1 2759 2886 -127 MM
COOLING TOTAL 9 19 -10 16
SINCE 1/1 9 21 -12 MM
................................................................
WIND (MPH)
AVERAGE WIND SPEED 11.4
HIGHEST WIND SPEED/DIRECTION 43/270 DATE 03/31
HIGHEST GUST SPEED/DIRECTION 56/280 DATE 03/31
SKY COVER
POSSIBLE SUNSHINE (PERCENT) MM
AVERAGE SKY COVER 0.17
NUMBER OF DAYS FAIR 26
NUMBER OF DAYS PC 4
NUMBER OF DAYS CLOUDY 1
AVERAGE RH (PERCENT) 51
WEATHER CONDITIONS. NUMBER OF DAYS WITH
THUNDERSTORM 1 MIXED PRECIP 0
HEAVY RAIN 1 RAIN 0
LIGHT RAIN 3 FREEZING RAIN 0
LT FREEZING RAIN 0 HAIL 0
HEAVY SNOW 0 SNOW 0
LIGHT SNOW 2 SLEET 0
FOG 4 FOG W/VIS <= 1/4 MILE 0
HAZE 4
- INDICATES NEGATIVE NUMBERS.
R INDICATES RECORD WAS SET OR TIED.
MM INDICATES DATA IS MISSING.
T INDICATES TRACE AMOUNT.
$$