000
CXUS54 KLUB 011451
CLMCDS
CLIMATE REPORT
NATIONAL WEATHER SERVICE LUBBOCK TX
851 AM CST FRI DEC 01 2023
...................................
...THE CHILDRESS CLIMATE SUMMARY FOR THE MONTH OF NOVEMBER 2023...
CLIMATE NORMAL PERIOD 1991 TO 2020
CLIMATE RECORD PERIOD 1893 TO 2023
WEATHER OBSERVED NORMAL DEPART LAST YEAR`S
VALUE DATE(S) VALUE FROM VALUE DATE(S)
NORMAL
................................................................
TEMPERATURE (F)
RECORD
HIGH 94 11/07/2023
LOW 6 11/21/1906
HIGHEST 94R 11/07 79 11/08
11/09
11/10
LOWEST 24 11/26 23 11/20
11/30
AVG. MAXIMUM 66.9 64.5 2.4 60.7
AVG. MINIMUM 39.7 38.6 1.1 37.1
MEAN 53.3 51.6 1.7 48.9
DAYS MAX >= 90 3 0.2 2.8 0
DAYS MAX <= 32 0 0.2 -0.2 0
DAYS MIN <= 32 5 7.2 -2.2 14
DAYS MIN <= 0 0 0.0 0.0 0
PRECIPITATION (INCHES)
RECORD
MAXIMUM 6.72 2004
MINIMUM 0.00 1949
TOTALS 0.22 1.19 -0.97 1.08
DAILY AVG. 0.01 0.04 -0.03 0.04
DAYS >= .01 3 4.2 -1.2 4
DAYS >= .10 1 2.2 -1.2 2
DAYS >= .50 0 0.7 -0.7 1
DAYS >= 1.00 0 0.2 -0.2 0
GREATEST
24 HR. TOTAL 0.16 11/30 TO 11/30
SNOWFALL (INCHES)
RECORDS
TOTAL 14.0 1918
TOTALS T 1.0 -1.0 T
SINCE 7/1 T 1.4 -1.4 MM
SNOWDEPTH AVG. 0 0
DAYS >= TRACE 1 0.5 0.5 1
DAYS >= 1.0 0 0.3 -0.3 0
GREATEST
SNOW DEPTH 0 0 MM
24 HR TOTAL MM MM
DEGREE DAYS
HEATING TOTAL 367 411 -44 490
SINCE 7/1 517 562 -45 MM
COOLING TOTAL 23 7 16 14
SINCE 1/1 2610 2264 346 MM
................................................................
WIND (MPH)
AVERAGE WIND SPEED 9.5
HIGHEST WIND SPEED/DIRECTION 35/350 DATE 11/20
HIGHEST GUST SPEED/DIRECTION 46/360 DATE 11/21
SKY COVER
POSSIBLE SUNSHINE (PERCENT) MM
AVERAGE SKY COVER 0.22
NUMBER OF DAYS FAIR 22
NUMBER OF DAYS PC 6
NUMBER OF DAYS CLOUDY 2
AVERAGE RH (PERCENT) 59
WEATHER CONDITIONS. NUMBER OF DAYS WITH
THUNDERSTORM 1 MIXED PRECIP 0
HEAVY RAIN 1 RAIN 1
LIGHT RAIN 6 FREEZING RAIN 0
LT FREEZING RAIN 0 HAIL 0
HEAVY SNOW 0 SNOW 0
LIGHT SNOW 1 SLEET 0
FOG 7 FOG W/VIS <= 1/4 MILE 1
HAZE 1
- INDICATES NEGATIVE NUMBERS.
R INDICATES RECORD WAS SET OR TIED.
MM INDICATES DATA IS MISSING.
T INDICATES TRACE AMOUNT.
$$