000
CXUS54 KLUB 011408
CLMCDS
CLIMATE REPORT
NATIONAL WEATHER SERVICE LUBBOCK TX
908 AM CDT WED NOV 01 2023
...................................
...THE CHILDRESS CLIMATE SUMMARY FOR THE MONTH OF OCTOBER 2023...
CLIMATE NORMAL PERIOD 1991 TO 2020
CLIMATE RECORD PERIOD 1893 TO 2023
WEATHER OBSERVED NORMAL DEPART LAST YEAR`S
VALUE DATE(S) VALUE FROM VALUE DATE(S)
NORMAL
................................................................
TEMPERATURE (F)
RECORD
HIGH 103 10/03/2000
10/08/1979
LOW 19 10/31/2019
10/31/2019
10/31/2019
HIGHEST 91 10/20 91 10/22
LOWEST 27 10/31 40 10/19
AVG. MAXIMUM 77.0 76.3 0.7 76.3
AVG. MINIMUM 51.5 50.0 1.5 51.6
MEAN 64.2 63.1 1.1 63.9
DAYS MAX >= 90 3 3.2 -0.2 2
DAYS MAX <= 32 0 0.0 0.0 0
DAYS MIN <= 32 2 0.8 1.2 0
DAYS MIN <= 0 0 0.0 0.0 0
PRECIPITATION (INCHES)
RECORD
MAXIMUM 9.91 1983
MINIMUM 0.00 1952
TOTALS 1.57 1.95 -0.38 3.05
DAILY AVG. 0.05 0.06 -0.01 0.10
DAYS >= .01 7 5.6 1.4 8
DAYS >= .10 4 3.2 0.8 5
DAYS >= .50 2 1.2 0.8 1
DAYS >= 1.00 0 0.5 -0.5 1
GREATEST
24 HR. TOTAL 1.02 10/24 TO 10/25
SNOWFALL (INCHES)
RECORDS
TOTAL 3.3 1991
TOTALS 0.0 0.4 -0.4 0.0
SINCE 7/1 0.0 0.4 -0.4 MM
SNOWDEPTH AVG. 0 0
DAYS >= TRACE 0 0.4 -0.4 0
DAYS >= 1.0 0 0.2 -0.2 0
GREATEST
SNOW DEPTH 0 0 MM
24 HR TOTAL MM MM 0.0
DEGREE DAYS
HEATING TOTAL 150 138 12 113
SINCE 7/1 150 153 -3 MM
COOLING TOTAL 134 81 53 86
SINCE 1/1 2587 2257 330 MM
................................................................
WIND (MPH)
AVERAGE WIND SPEED 9.5
HIGHEST WIND SPEED/DIRECTION 30/350 DATE 10/13
30/210 10/23
30/010 10/29
HIGHEST GUST SPEED/DIRECTION 44/200 DATE 10/23
SKY COVER
POSSIBLE SUNSHINE (PERCENT) MM
AVERAGE SKY COVER 0.21
NUMBER OF DAYS FAIR 24
NUMBER OF DAYS PC 5
NUMBER OF DAYS CLOUDY 2
AVERAGE RH (PERCENT) 57
WEATHER CONDITIONS. NUMBER OF DAYS WITH
THUNDERSTORM 4 MIXED PRECIP 0
HEAVY RAIN 3 RAIN 3
LIGHT RAIN 7 FREEZING RAIN 0
LT FREEZING RAIN 0 HAIL 0
HEAVY SNOW 0 SNOW 0
LIGHT SNOW 1 SLEET 0
FOG 8 FOG W/VIS <= 1/4 MILE 1
HAZE 1
- INDICATES NEGATIVE NUMBERS.
R INDICATES RECORD WAS SET OR TIED.
MM INDICATES DATA IS MISSING.
T INDICATES TRACE AMOUNT.
$$