469
CXUS55 KGJT 011000
CF6CEZ
PRELIMINARY LOCAL CLIMATOLOGICAL DATA (WS FORM: F-6)
STATION: CORTEZ CO
MONTH: SEPTEMBER
YEAR: 2020
LATITUDE: 37 17 N
LONGITUDE: 108 38 W
TEMPERATURE IN F: :PCPN: SNOW: WIND :SUNSHINE: SKY :PK WND
================================================================================
1 2 3 4 5 6A 6B 7 8 9 10 11 12 13 14 15 16 17 18
12Z AVG MX 2MIN
DY MAX MIN AVG DEP HDD CDD WTR SNW DPTH SPD SPD DIR MIN PSBL S-S WX SPD DR
================================================================================
1 79 49 64 -1 1 0 T M M 9.9 24 320 M M 2 3 36 300
2 88 42 65 0 0 0 0.00 M M 6.3 16 200 M M 0 21 190
3 92 44 68 3 0 3 0.00 M M 7.6 15 210 M M 0 21 190
4 94 43 69 5 0 4 0.00 M M 4.1 13 300 M M 0 17 300
5 97 43 70 6 0 5 0.00 M M 5.1 17 290 M M 0 24 290
6 97 43 70 6 0 5 0.00 M M 6.4 21 340 M M 0 30 350
7 92 48 70 6 0 5 0.00 M M 6.7 20 270 M M 1 8 26 280
8 68 40 54 -9 11 0 T M M 9.9 28 310 M M 2 38 40 300
9 48 40 44 -19 21 0 0.75 M M 3.4 13 190 M M 10 1 16 130
10 58 41 50 -12 15 0 0.19 M M 3.3 10 240 M M 8 1 15 170
11 69 35 52 -10 13 0 0.00 M M 4.2 13 270 M M 1 18 210
12 77 38 58 -4 7 0 0.00 M M 4.3 14 200 M M 0 20 260
13 81 40 61 0 4 0 0.00 M M 5.2 16 200 M M 0 22 200
14 83 40 62 1 3 0 0.00 M M 4.8 15 210 M M 0 19 200
15 83 40 62 2 3 0 0.00 M M 4.7 15 70 M M 0 19 80
16 84 41 63 3 2 0 0.00 M M 4.8 16 210 M M 0 21 220
17 84 47 66 6 0 1 0.00 M M 4.6 12 190 M M 0 17 350
18 85 39 62 3 3 0 0.00 M M 5.1 15 200 M M 0 20 220
19 82 55 69 10 0 4 0.00 M M 5.4 15 200 M M 1 24 210
20 83 46 65 6 0 0 0.00 M M 3.7 15 280 M M 1 20 280
21 84 43 64 6 1 0 0.00 M M 4.7 18 20 M M 0 25 20
22 82 43 63 5 2 0 T M M 6.1 20 290 M M 2 25 290
23 84 44 64 7 1 0 0.00 M M 8.0 20 320 M M 0 31 320
24 84 39 62 5 3 0 0.00 M M 5.8 14 280 M M 0 21 220
25 85 40 63 6 2 0 0.00 M M 6.5 18 290 M M 0 26 300
26 82 39 61 5 4 0 0.00 M M 6.8 18 290 M M 0 25 280
27 80 40 60 4 5 0 0.00 M M 10.4 23 310 M M 0 33 300
28 75 39 57 1 8 0 0.00 M M 7.9 16 330 M M 0 8 26 330
29 75 28 52 -3 13 0 0.00 M M 6.1 13 60 M M 0 17 290
30 82 34 58 3 7 0 0.00 M M 8.1 22 280 M M 0 30 270
================================================================================
SM 2437 1243 129 27 0.94 M 179.9 M 28
================================================================================
AV 81.2 41.4 6.0 FASTST M M 1 MAX(MPH)
MISC ----> # 28 310 # 40 300
================================================================================
NOTES:
# LAST OF SEVERAL OCCURRENCES
COLUMN 17 PEAK WIND IN M.P.H.
PRELIMINARY LOCAL CLIMATOLOGICAL DATA (WS FORM: F-6) , PAGE 2
STATION: CORTEZ CO
MONTH: SEPTEMBER
YEAR: 2020
LATITUDE: 37 17 N
LONGITUDE: 108 38 W
[TEMPERATURE DATA] [PRECIPITATION DATA] SYMBOLS USED IN COLUMN 16
AVERAGE MONTHLY: 61.3 TOTAL FOR MONTH: 0.94 1 = FOG OR MIST
DPTR FM NORMAL: 1.0 DPTR FM NORMAL: -0.84 2 = FOG REDUCING VISIBILITY
HIGHEST: 97 ON 6, 5 GRTST 24HR 0.75 ON 9- 9 TO 1/4 MILE OR LESS
LOWEST: 28 ON 29 3 = THUNDER
SNOW, ICE PELLETS, HAIL 4 = ICE PELLETS
TOTAL MONTH: M 5 = HAIL
GRTST 24HR M ON M 6 = FREEZING RAIN OR DRIZZLE
GRTST DEPTH: M ON M 7 = DUSTSTORM OR SANDSTORM:
VSBY 1/2 MILE OR LESS
8 = SMOKE OR HAZE
[NO. OF DAYS WITH] [WEATHER - DAYS WITH] 9 = BLOWING SNOW
X = TORNADO
MAX 32 OR BELOW: 0 0.01 INCH OR MORE: 2
MAX 90 OR ABOVE: 5 0.10 INCH OR MORE: 2
MIN 32 OR BELOW: 1 0.50 INCH OR MORE: 1
MIN 0 OR BELOW: 0 1.00 INCH OR MORE: 0
[HDD (BASE 65) ]
TOTAL THIS MO. 129 CLEAR (SCALE 0-3) 28
DPTR FM NORMAL -31 PTCLDY (SCALE 4-7) 1
TOTAL FM JUL 1 132 CLOUDY (SCALE 8-10) 1
DPTR FM NORMAL -40
[CDD (BASE 65) ]
TOTAL THIS MO. 27
DPTR FM NORMAL 10 [PRESSURE DATA]
TOTAL FM JAN 1 689 HIGHEST SLP 30.34 ON 29
DPTR FM NORMAL 263 LOWEST SLP 29.39 ON 8
[REMARKS]
#FINAL-09-20#