000
CXUS53 KPAH 010830
CF6CGI
PRELIMINARY LOCAL CLIMATOLOGICAL DATA (WS FORM: F-6)
STATION: CAPE GIRARDEAU MO
MONTH: DECEMBER
YEAR: 2023
LATITUDE: 37 13 N
LONGITUDE: 89 35 W
TEMPERATURE IN F: :PCPN: SNOW: WIND :SUNSHINE: SKY :PK WND
================================================================================
1 2 3 4 5 6A 6B 7 8 9 10 11 12 13 14 15 16 17 18
12Z AVG MX 2MIN
DY MAX MIN AVG DEP HDD CDD WTR SNW DPTH SPD SPD DIR MIN PSBL S-S WX SPD DR
================================================================================
1 56 43 50 8 15 0 0.27 M M 7.9 20 160 M M 8 12 28 140
2 46 37 42 1 23 0 0.00 M M 5.0 13 20 M M 7 1 16 20
3 57 41 49 8 16 0 0.00 M M 8.6 14 250 M M 4 1 22 220
4 49 29 39 -2 26 0 0.00 M M 7.7 20 320 M M 6 12 28 310
5 56 29 43 3 22 0 0.00 M M 10.8 25 330 M M 6 12 37 330
6 45 34 40 0 25 0 0.00 M M 6.4 15 340 M M 6 21 330
7 57 37 47 7 18 0 0.00 M M 12.8 21 200 M M 0 29 200
8 59 46 53 13 12 0 0.03 M M 13.0 20 170 M M 8 18 31 200
9 62 37 50 11 15 0 T M M 11.3 26 330 M M 6 36 200
10 48 26 37 -2 28 0 0.00 M M 5.2 16 330 M M 3 21 330
11 49 21 35 -4 30 0 0.00 M M 4.0 15 210 M M 0 20 210
12 57 24 41 2 24 0 0.00 M M 2.2 8 210 M M 0 12 190
13 58 27 43 5 22 0 0.00 M M 1.5 9 70 M M 0 1 12 70
14 62 27 45 7 20 0 0.00 M M 2.6 10 110 M M 0 14 120
15 61 33 47 9 18 0 0.00 M M 6.3 13 140 M M 1 19 170
16 54 46 50 12 15 0 0.54 M M 9.5 17 130 M M 9 1 24 140
17 46 30 38 0 27 0 0.00 M M 4.1 17 310 M M 7 1 22 310
18 44 24 34 -4 31 0 0.00 M M 10.1 28 330 M M 1 12 38 340
19 41 18 30 -7 35 0 0.00 M M 4.3 12 150 M M 0 15 150
20 50 32 41 4 24 0 0.00 M M 7.1 16 200 M M 1 22 190
21 55 29 42 5 23 0 0.00 M M 3.2 12 190 M M 3 16 180
22 58 43 51 14 14 0 T M M 6.1 16 210 M M 9 22 220
23 59 49 54 17 11 0 0.01 M M 5.6 14 210 M M 8 1 19 190
24 66 49 58 22 7 0 T M M 10.2 21 150 M M 0 12 27 150
25 63 43 53 17 12 0 0.65 M M 14.1 14 220 M M 10 1 28 120
26 48 30 39 3 26 0 0.00 M M 7.1 17 210 M M 0 24 230
27 47 30 39 3 26 0 0.01 M M 7.1 22 290 M M 7 28 290
28 41 32 37 1 28 0 0.00 M M 5.4 16 330 M M 9 21 320
29 40 37 39 3 26 0 T M M 8.6 14 280 M M 10 19 300
30 50 32 41 5 24 0 0.00 M M 8.0 17 220 M M 2 22 230
31 43 31 37 2 28 0 0.00 M M 6.4 18 340 M M 6 23 340
================================================================================
SM 1627 1046 671 0 1.51 M 222.2 M 137
================================================================================
AV 52.5 33.7 7.2 FASTST M M 4 MAX(MPH)
MISC ----> 28 330 38 340
================================================================================
NOTES:
# LAST OF SEVERAL OCCURRENCES
COLUMN 17 PEAK WIND IN M.P.H.
PRELIMINARY LOCAL CLIMATOLOGICAL DATA (WS FORM: F-6) , PAGE 2
STATION: CAPE GIRARDEAU MO
MONTH: DECEMBER
YEAR: 2023
LATITUDE: 37 13 N
LONGITUDE: 89 35 W
[TEMPERATURE DATA] [PRECIPITATION DATA] SYMBOLS USED IN COLUMN 16
AVERAGE MONTHLY: 43.1 TOTAL FOR MONTH: 1.51 1 = FOG OR MIST
DPTR FM NORMAL: 5.1 DPTR FM NORMAL: -2.11 2 = FOG REDUCING VISIBILITY
HIGHEST: 66 ON 24 GRTST 24HR 0.65 ON 25-25 TO 1/4 MILE OR LESS
LOWEST: 18 ON 19 3 = THUNDER
SNOW, ICE PELLETS, HAIL 4 = ICE PELLETS
TOTAL MONTH: M 5 = HAIL
GRTST 24HR M ON M 6 = FREEZING RAIN OR DRIZZLE
GRTST DEPTH: M ON M 7 = DUSTSTORM OR SANDSTORM:
VSBY 1/2 MILE OR LESS
8 = SMOKE OR HAZE
[NO. OF DAYS WITH] [WEATHER - DAYS WITH] 9 = BLOWING SNOW
X = TORNADO
MAX 32 OR BELOW: 0 0.01 INCH OR MORE: 6
MAX 90 OR ABOVE: 0 0.10 INCH OR MORE: 3
MIN 32 OR BELOW: 17 0.50 INCH OR MORE: 2
MIN 0 OR BELOW: 0 1.00 INCH OR MORE: 0
[HDD (BASE 65) ]
TOTAL THIS MO. 671 CLEAR (SCALE 0-3) 14
DPTR FM NORMAL -164 PTCLDY (SCALE 4-7) 11
TOTAL FM JUL 1 1373 CLOUDY (SCALE 8-10) 6
DPTR FM NORMAL -289
[CDD (BASE 65) ]
TOTAL THIS MO. 0
DPTR FM NORMAL 0 [PRESSURE DATA]
TOTAL FM JAN 1 1558 HIGHEST SLP 30.72 ON 14
DPTR FM NORMAL -8 LOWEST SLP 29.70 ON 25
[REMARKS]
#FINAL-12-23#