000
CXUS52 KCHS 010815
CF6CHS
PRELIMINARY LOCAL CLIMATOLOGICAL DATA (WS FORM: F-6)
STATION: NORTH CHARLESTON SC
MONTH: AUGUST
YEAR: 2021
LATITUDE: 32 54 N
LONGITUDE: 80 2 W
TEMPERATURE IN F: :PCPN: SNOW: WIND :SUNSHINE: SKY :PK WND
================================================================================
1 2 3 4 5 6A 6B 7 8 9 10 11 12 13 14 15 16 17 18
12Z AVG MX 2MIN
DY MAX MIN AVG DEP HDD CDD WTR SNW DPTH SPD SPD DIR MIN PSBL S-S WX SPD DR
================================================================================
1 95 77 86 4 0 21 0.00 0.0 0 9.9 18 250 M M 4 3 23 260
2 93 73 83 1 0 18 1.67 0.0 0 6.4 25 160 M M 6 13 31 160
3 83 72 78 -4 0 13 0.20 0.0 0 4.4 14 40 M M 8 1 16 30
4 77 69 73 -9 0 8 T 0.0 0 7.2 16 10 M M 8 18 10
5 75 68 72 -10 0 7 0.08 0.0 0 5.5 12 30 M M 8 1 14 40
6 85 73 79 -3 0 14 0.81 0.0 0 6.5 32 200 M M 7 13 37 190
7 85 73 79 -3 0 14 0.23 0.0 0 6.1 23 300 M M 6 138 28 300
8 90 72 81 -1 0 16 0.00 0.0 0 4.4 15 160 M M 4 3 19 110
9 88 72 80 -2 0 15 0.00 0.0 0 4.3 15 150 M M 5 18 18 230
10 92 73 83 1 0 18 0.00 0.0 0 4.7 15 200 M M 4 1 18 120
11 91 74 83 1 0 18 0.00 0.0 0 5.3 16 190 M M 3 13 19 170
12 91 75 83 1 0 18 0.00 0.0 0 5.7 16 170 M M 3 20 150
13 91 74 83 1 0 18 0.00 0.0 0 4.6 16 190 M M 3 1 20 180
14 90 74 82 0 0 17 T 0.0 0 4.5 18 170 M M 6 3 22 170
15 85 73 79 -3 0 14 4.08 0.0 0 4.6 17 130 M M 6 123 22 130
16 88 75 82 0 0 17 0.27 0.0 0 7.4 22 150 M M 7 18 27 140
17 86 74 80 -2 0 15 1.73 0.0 0 11.1 28 160 M M 7 13 36 160
18 90 75 83 2 0 18 0.95 0.0 0 8.2 17 170 M M 7 13 21 190
19 93 76 85 4 0 20 0.40 0.0 0 4.1 23 60 M M 6 13 28 10
20 92 75 84 3 0 19 0.00 0.0 0 4.5 12 230 M M 5 3 16 360
21 90 74 82 1 0 17 0.38 0.0 0 6.5 18 360 M M 8 13 22 220
22 85 75 80 -1 0 15 0.01 0.0 0 4.8 12 220 M M 9 13 15 220
23 90 75 83 2 0 18 0.01 0.0 0 5.4 14 190 M M 6 16 190
24 89 74 82 1 0 17 0.00 0.0 0 5.6 16 170 M M 5 1 20 170
25 89 75 82 1 0 17 T 0.0 0 5.5 16 160 M M 4 23 160
26 89 73 81 1 0 16 0.00 0.0 0 6.0 15 110 M M 4 1 20 130
27 89 76 83 3 0 18 0.00 0.0 0 7.6 16 160 M M 7 22 100
28 90 73 82 2 0 17 0.00 0.0 0 6.1 15 130 M M 3 18 120
29 90 71 81 1 0 16 0.00 0.0 0 3.4 13 180 M M 2 15 180
30 90 72 81 1 0 16 0.00 0.0 0 4.3 13 190 M M 2 15 180
31 90 72 81 1 0 16 0.04 0.0 0 9.1 24 200 M M 5 138 33 200
================================================================================
SM 2741 2277 0 501 10.86 0.0 183.7 M 168
================================================================================
AV 88.4 73.5 5.9 FASTST M M 5 MAX(MPH)
MISC ----> 32 200 37 190
================================================================================
NOTES:
# LAST OF SEVERAL OCCURRENCES
COLUMN 17 PEAK WIND IN M.P.H.
PRELIMINARY LOCAL CLIMATOLOGICAL DATA (WS FORM: F-6) , PAGE 2
STATION: NORTH CHARLESTON SC
MONTH: AUGUST
YEAR: 2021
LATITUDE: 32 54 N
LONGITUDE: 80 2 W
[TEMPERATURE DATA] [PRECIPITATION DATA] SYMBOLS USED IN COLUMN 16
AVERAGE MONTHLY: 80.9 TOTAL FOR MONTH: 10.86 1 = FOG OR MIST
DPTR FM NORMAL: -0.5 DPTR FM NORMAL: 3.89 2 = FOG REDUCING VISIBILITY
HIGHEST: 95 ON 1 GRTST 24HR 4.34 ON 15-16 TO 1/4 MILE OR LESS
LOWEST: 68 ON 5 3 = THUNDER
SNOW, ICE PELLETS, HAIL 4 = ICE PELLETS
TOTAL MONTH: 0.0 INCH 5 = HAIL
GRTST 24HR 0.0 6 = FREEZING RAIN OR DRIZZLE
GRTST DEPTH: 0 7 = DUSTSTORM OR SANDSTORM:
VSBY 1/2 MILE OR LESS
8 = SMOKE OR HAZE
[NO. OF DAYS WITH] [WEATHER - DAYS WITH] 9 = BLOWING SNOW
X = TORNADO
MAX 32 OR BELOW: 0 0.01 INCH OR MORE: 14
MAX 90 OR ABOVE: 17 0.10 INCH OR MORE: 10
MIN 32 OR BELOW: 0 0.50 INCH OR MORE: 5
MIN 0 OR BELOW: 0 1.00 INCH OR MORE: 3
[HDD (BASE 65) ]
TOTAL THIS MO. 0 CLEAR (SCALE 0-3) 5
DPTR FM NORMAL 0 PTCLDY (SCALE 4-7) 23
TOTAL FM JUL 1 0 CLOUDY (SCALE 8-10) 3
DPTR FM NORMAL 0
[CDD (BASE 65) ]
TOTAL THIS MO. 501
DPTR FM NORMAL -9 [PRESSURE DATA]
TOTAL FM JAN 1 1814 HIGHEST SLP 30.21 ON 28
DPTR FM NORMAL -79 LOWEST SLP 29.79 ON 31
[REMARKS]
#FINAL-08-21#