000
CXUS53 KDVN 011325
CLACID
CLIMATE REPORT
NATIONAL WEATHER SERVICE QUAD CITIES IA IL
725 AM CST SUN JAN 01 2023
...................................
...THE CEDAR RAPIDS IA CLIMATE SUMMARY FOR THE YEAR OF 2022...
CLIMATE NORMAL PERIOD 1991 TO 2020
CLIMATE RECORD PERIOD 1891 TO 2022
WEATHER OBSERVED NORMAL DEPART LAST YEAR`S
VALUE DATE(S) VALUE FROM VALUE
NORMAL
..............................................................
TEMPERATURE (F)
RECORD
HIGH 110 07/05/1911
LOW -30 01/31/2019
HIGHEST 96 06/21 84 12
09/20
LOWEST -15 01/21 11 -26
01/26
AVG. MAXIMUM 58.2 58.1 0.1
AVG. MINIMUM 36.5 38.3 -1.8
MEAN 47.3 48.2 -0.9
DAYS MAX >= 90 13
DAYS MAX <= 32 63
DAYS MIN <= 32 165
DAYS MIN <= 0 29
PRECIPITATION (INCHES)
TOTALS 28.46 35.91 -7.45
DAILY AVG. 0.08 0.10 -0.02
DAYS >= .01 95
DAYS >= .10 57
DAYS >= .50 21
DAYS >= 1.00 5
GREATEST
24 HR. TOTAL 3.00 06/24 TO 06/25
DEGREE DAYS
HEATING TOTAL 7224 6824 400
SINCE 7/1 2640 2674 -34
COOLING TOTAL 910 755 155
SINCE 1/1 910 756 154
..............................................................
WIND (MPH)
AVERAGE WIND SPEED 11.0
HIGHEST WIND SPEED/DIRECTION 44/300 DATE 12/02
HIGHEST GUST SPEED/DIRECTION 66/310 DATE 03/25
SKY COVER
POSSIBLE SUNSHINE (PERCENT) MM
AVERAGE SKY COVER 0.35
NUMBER OF DAYS FAIR 206
NUMBER OF DAYS PC 98
NUMBER OF DAYS CLOUDY 60
AVERAGE RH (PERCENT) 73
WEATHER CONDITIONS. NUMBER OF DAYS WITH
THUNDERSTORM 42 HAIL 0
SLEET 0 FOG 190
FOG W/VIS <= 1/4 MILE 19 HAZE 73
- INDICATES NEGATIVE NUMBERS.
R INDICATES RECORD WAS SET OR TIED.
MM INDICATES DATA IS MISSING.
T INDICATES TRACE AMOUNT.
$$