000
CXUS52 KGSP 011304
CLMCLT
CLIMATE REPORT
NATIONAL WEATHER SERVICE GREENVILLE-SPARTANBURG SC
904 AM EDT TUE AUG 01 2023
...................................
...THE CHARLOTTE NC CLIMATE SUMMARY FOR THE MONTH OF JULY 2023...
CLIMATE NORMAL PERIOD 1991 TO 2020
CLIMATE RECORD PERIOD 1878 TO 2023
WEATHER OBSERVED NORMAL DEPART LAST YEAR`S
VALUE DATE(S) VALUE FROM VALUE DATE(S)
NORMAL
................................................................
TEMPERATURE (F)
RECORD
HIGH 104 07/01/2012
LOW 53 07/10/1961
HIGHEST 95 07/13 MM MM 99 07/07
07/26
07/27
LOWEST 68 07/12 MM MM 67 07/11
07/18
AVG. MAXIMUM 91.4 90.3 1.1 92.3
AVG. MINIMUM 71.8 69.9 1.9 72.0
MEAN 81.6 80.1 1.5 82.1
DAYS MAX >= 90 22 18.0 4.0 26
DAYS MAX <= 32 0 0.0 0.0 0
DAYS MIN <= 32 0 0.0 0.0 0
DAYS MIN <= 0 0 0.0 0.0 0
PRECIPITATION (INCHES)
RECORD
MAXIMUM 16.55 1916
MINIMUM 0.53 1983
TOTALS 5.09 3.74 1.35 5.51
DAILY AVG. 0.16 0.12 0.04 0.18
DAYS >= .01 11 10.5 0.5 18
DAYS >= .10 7 6.1 0.9 12
DAYS >= .50 2 2.5 -0.5 4
DAYS >= 1.00 2 0.8 1.2 1
GREATEST
24 HR. TOTAL 2.45 07/23 TO 07/24 1.60 07/30 TO 07/30
STORM TOTAL 2.44 1.60
(MM/DD(HH)) MM
SNOWFALL (INCHES)
RECORDS
TOTAL MM MM
24 HR TOTAL MM
SNOW DEPTH MM MM
TOTALS 0.0 0.0 0.0 0.0
LIQUID EQUIV 0.00 0.00 0.00 0.00
SINCE 7/1 0.0 0.0 0.0 MM
LIQUID 7/1 0.00 0.00 0.00 MM
SNOWDEPTH AVG. 0 0
DAYS >= TRACE 0 0.0 0.0 0
DAYS >= 1.0 0 0.0 0.0 0
GREATEST
SNOW DEPTH 0 0 MM
24 HR TOTAL MM MM
STORM TOTAL 0.0 0.0
(MM/DD(HH)) MM
DEGREE DAYS
HEATING TOTAL 0 0 0 0
SINCE 7/1 0 0 0 MM
COOLING TOTAL 521 468 53 542
SINCE 1/1 1019 1040 -21 MM
FREEZE DATES
RECORD
EARLIEST MM
LATEST MM
EARLIEST 10/19
LATEST 04/10
................................................................
WIND (MPH)
AVERAGE WIND SPEED 5.0
HIGHEST WIND SPEED/DIRECTION 28/330 DATE 07/30
HIGHEST GUST SPEED/DIRECTION 38/330 DATE 07/29
SKY COVER
POSSIBLE SUNSHINE (PERCENT) MM
AVERAGE SKY COVER 0.53
NUMBER OF DAYS FAIR 6
NUMBER OF DAYS PC 23
NUMBER OF DAYS CLOUDY 2
AVERAGE RH (PERCENT) 68
WEATHER CONDITIONS. NUMBER OF DAYS WITH
THUNDERSTORM 15 MIXED PRECIP 0
HEAVY RAIN 6 RAIN 7
LIGHT RAIN 17 FREEZING RAIN 0
LT FREEZING RAIN 0 HAIL 0
HEAVY SNOW 0 SNOW 0
LIGHT SNOW 0 SLEET 0
FOG 15 FOG W/VIS <= 1/4 MILE 1
HAZE 14
- INDICATES NEGATIVE NUMBERS.
R INDICATES RECORD WAS SET OR TIED.
MM INDICATES DATA IS MISSING.
T INDICATES TRACE AMOUNT.
$$