640
CXUS53 KILX 011000
CF6CMI
PRELIMINARY LOCAL CLIMATOLOGICAL DATA (WS FORM: F-6)
STATION: CHAMPAIGN IL AIRPORT
MONTH: JANUARY
YEAR: 2021
LATITUDE: 40 1 N
LONGITUDE: 88 17 W
TEMPERATURE IN F: :PCPN: SNOW: WIND :SUNSHINE: SKY :PK WND
================================================================================
1 2 3 4 5 6A 6B 7 8 9 10 11 12 13 14 15 16 17 18
12Z AVG MX 2MIN
DY MAX MIN AVG DEP HDD CDD WTR SNW DPTH SPD SPD DIR MIN PSBL S-S WX SPD DR
================================================================================
1 33 27 30 4 35 0 0.59 M M 15.9 26 60 M M 9 16 36 50
2 35 32 34 8 31 0 0.02 M M 7.0 16 330 M M 10 1 20 340
3 33 22 28 2 37 0 M M M 7.1 15 270 M M 10 12 18 260
4 32 17 25 -1 40 0 0.00 M M 6.2 21 290 M M 10 12 24 280
5 33 29 31 6 34 0 0.00 M M 7.2 18 320 M M 10 1 23 320
6 38 29 34 9 31 0 0.00 M M 10.2 14 70 M M 6 1 18 60
7 38 31 35 10 30 0 0.00 M M 11.4 18 30 M M 10 25 30
8 35 31 33 8 32 0 0.00 M M 12.5 20 360 M M 10 27 350
9 32 28 30 5 35 0 0.00 M M 8.3 15 340 M M 10 19 330
10 28 25 27 2 38 0 T M M 8.1 12 260 M M 10 18 16 270
11 29 21 25 0 40 0 0.00 M M 10.4 17 240 M M 9 1 22 230
12 43 21 32 7 33 0 0.00 M M 11.9 21 220 M M 0 1 27 210
13 45 29 37 12 28 0 0.00 M M 12.1 17 180 M M 0 23 170
14 43 32 38 13 27 0 0.11 M M 12.9 24 250 M M 5 1 30 250
15 37 27 32 7 33 0 0.03 M M 9.1 21 200 M M 10 12 27 200
16 35 25 30 5 35 0 0.04 M M 13.3 22 270 M M 10 12 28 280
17 32 23 28 3 37 0 T M M 12.7 22 280 M M 10 1 27 290
18 38 22 30 5 35 0 0.00 M M 9.1 18 250 M M 8 24 230
19 41 17 29 4 36 0 0.00 M M 12.3 35 290 M M 4 44 290
20 35 15 25 0 40 0 0.00 M M 14.8 24 290 M M 3 33 290
21 49 25 37 12 28 0 0.00 M M 12.4 22 270 M M 0 26 260
22 31 14 23 -2 42 0 0.00 M M 13.0 20 330 M M 0 26 310
23 36 10 23 -2 42 0 0.00 M M 8.7 20 110 M M 3 25 120
24 39 30 35 10 30 0 T M M 7.6 17 140 M M 10 22 140
25 33 30 32 7 33 0 0.04 M M 18.5 30 60 M M 10 16 41 60
26 34 27 31 6 34 0 0.02 M M 9.1 17 310 M M 10 12 22 310
27 29 16 23 -3 42 0 T M M 13.0 22 20 M M 9 1 28 20
28 28 8 18 -8 47 0 0.00 M M 6.8 16 360 M M 0 21 10
29 34 13 24 -2 41 0 0.00 M M 9.9 18 170 M M 0 23 160
30 36 26 31 5 34 0 0.85 M M 20.0 30 120 M M 7 16 42 110
31 36 32 34 8 31 0 0.12 M M 15.7 24 360 M M 10 1 32 340
================================================================================
SM 1100 734 1091 0 1.82 M 347.2 M 213
================================================================================
AV 35.5 23.7 11.2 FASTST M M 7 MAX(MPH)
MISC ----> 35 290 44 290
================================================================================
NOTES:
# LAST OF SEVERAL OCCURRENCES
COLUMN 17 PEAK WIND IN M.P.H.
PRELIMINARY LOCAL CLIMATOLOGICAL DATA (WS FORM: F-6) , PAGE 2
STATION: CHAMPAIGN IL AIRPORT
MONTH: JANUARY
YEAR: 2021
LATITUDE: 40 1 N
LONGITUDE: 88 17 W
[TEMPERATURE DATA] [PRECIPITATION DATA] SYMBOLS USED IN COLUMN 16
AVERAGE MONTHLY: 29.6 TOTAL FOR MONTH: 1.82 1 = FOG OR MIST
DPTR FM NORMAL: 4.3 DPTR FM NORMAL: -0.23 2 = FOG REDUCING VISIBILITY
HIGHEST: 49 ON 21 GRTST 24HR 1.23 ON 30-31 TO 1/4 MILE OR LESS
LOWEST: 8 ON 28 3 = THUNDER
SNOW, ICE PELLETS, HAIL 4 = ICE PELLETS
TOTAL MONTH: M 5 = HAIL
GRTST 24HR M ON M 6 = FREEZING RAIN OR DRIZZLE
GRTST DEPTH: M ON M 7 = DUSTSTORM OR SANDSTORM:
VSBY 1/2 MILE OR LESS
8 = SMOKE OR HAZE
[NO. OF DAYS WITH] [WEATHER - DAYS WITH] 9 = BLOWING SNOW
X = TORNADO
MAX 32 OR BELOW: 8 0.01 INCH OR MORE: 9
MAX 90 OR ABOVE: 0 0.10 INCH OR MORE: 4
MIN 32 OR BELOW: 31 0.50 INCH OR MORE: 2
MIN 0 OR BELOW: 0 1.00 INCH OR MORE: 0
[HDD (BASE 65) ]
TOTAL THIS MO. 1091 CLEAR (SCALE 0-3) 7
DPTR FM NORMAL -138 PTCLDY (SCALE 4-7) 6
TOTAL FM JUL 1 3094 CLOUDY (SCALE 8-10) 18
DPTR FM NORMAL -418
[CDD (BASE 65) ]
TOTAL THIS MO. 0
DPTR FM NORMAL 0 [PRESSURE DATA]
TOTAL FM JAN 1 0 HIGHEST SLP 30.73 ON 28
DPTR FM NORMAL 0 LOWEST SLP 29.46 ON 15
[REMARKS]
#FINAL-01-21#