000
CXUS53 KARX 011000
CF6CMY
PRELIMINARY LOCAL CLIMATOLOGICAL DATA (WS FORM: F-6)
STATION: SPARTA - FORT MCCOY WI
MONTH: FEBRUARY
YEAR: 2023
LATITUDE: 43 58 N
LONGITUDE: 90 44 W
TEMPERATURE IN F: :PCPN: SNOW: WIND :SUNSHINE: SKY :PK WND
================================================================================
1 2 3 4 5 6A 6B 7 8 9 10 11 12 13 14 15 16 17 18
12Z AVG MX 2MIN
DY MAX MIN AVG DEP HDD CDD WTR SNW DPTH SPD SPD DIR MIN PSBL S-S WX SPD DR
================================================================================
1 24 -6 9 M 56 0 0.00 0.0 M 0.6 8 260 M M 4 M M
2 19 -1 9 M 56 0 0.00 0.0 M 6.7 17 330 M M 1 27 320
3 7 -17 -5 M 70 0 0.00 0.0 M 0.8 9 310 M M 6 M M
4 33 5 19 M 46 0 0.00 0.0 M 3.1 10 200 M M 2 M M
5 33 9 21 M 44 0 T T M 1.4 8 340 M M 1 1 M M
6 43 2 23 M 42 0 0.03 0.0 M 5.4 17 160 M M 4 35 150
7 41 22 32 M 33 0 0.00 0.0 M 8.3 16 260 M M 6 22 270
8 49 15 32 M 33 0 0.00 0.0 M 1.8 10 200 M M 0 M M
9 41 25 33 M 32 0 0.00 0.0 M 3.9 14 310 M M 8 22 330
10 32 13 23 M 42 0 0.00 0.0 M 6.1 12 280 M M 0 16 310
11 47 12 30 M 35 0 0.00 0.0 0 6.5 22 240 M M 0 31 250
12 47 18 33 M 32 0 0.00 0.0 0 1.0 9 270 M M 0 M M
13 46 18 32 M 33 0 0.00 0.0 0 2.7 12 260 M M 0 M M
14 46 38 42 M 23 0 0.33 0.0 0 8.4 17 160 M M 6 1 24 160
15 46 26 36 M 29 0 0.01 0.0 0 10.4 17 260 M M 9 31 230
16 28 19 24 M 41 0 T T 0 4.2 13 340 M M 9 20 340
17 30 4 17 M 48 0 0.00 0.0 0 5.7 14 210 M M 2 18 200
18 46 14 30 M 35 0 0.00 0.0 0 2.4 10 140 M M 0 M M
19 46 19 33 M 32 0 0.00 0.0 0 5.8 15 330 M M 1 23 330
20 41 12 27 M 38 0 T T 0 6.2 23 280 M M 6 1 33 250
21 31 12 22 M 43 0 M M 0 6.0 21 270 M M 8 16 32 270
22 23 21 22 M 43 0 M M M 9.0 16 80 M M 10 1 25 60
23 23 11 17 M 48 0 M M M 6.3 16 270 M M 10 168 23 80
24 19 -12 4 M 61 0 M M M 0.0 M M M M 5 1 M M
25 31 16 24 M 41 0 T T M 5.0 17 210 M M 5 1 M M
26 40 2 21 M 44 0 0.00 0.0 M 0.7 5 240 M M 0 M M
27 36 30 33 M 32 0 0.55 0.0 M 4.3 10 300 M M 9 1 20 70
28 44 24 34 M 31 0 M M M 1.6 12 290 M M 4 1 17 290
================================================================================
SM 992 351 1143 0 0.92 T 124.3 M 116
================================================================================
AV 35.4 12.5 4.4 FASTST M M 4 MAX(MPH)
MISC ----> 23 280 35 150
================================================================================
NOTES:
# LAST OF SEVERAL OCCURRENCES
COLUMN 17 PEAK WIND IN M.P.H.
PRELIMINARY LOCAL CLIMATOLOGICAL DATA (WS FORM: F-6) , PAGE 2
STATION: SPARTA - FORT MCCOY WI
MONTH: FEBRUARY
YEAR: 2023
LATITUDE: 43 58 N
LONGITUDE: 90 44 W
[TEMPERATURE DATA] [PRECIPITATION DATA] SYMBOLS USED IN COLUMN 16
AVERAGE MONTHLY: 24.0 TOTAL FOR MONTH: 0.92 1 = FOG OR MIST
DPTR FM NORMAL: 0.0 DPTR FM NORMAL: 0.92 2 = FOG REDUCING VISIBILITY
HIGHEST: 49 ON 8 GRTST 24HR 0.55 ON 27-27 TO 1/4 MILE OR LESS
LOWEST: -17 ON 3 3 = THUNDER
SNOW, ICE PELLETS, HAIL 4 = ICE PELLETS
TOTAL MONTH: T 5 = HAIL
GRTST 24HR T ON 5- 5 6 = FREEZING RAIN OR DRIZZLE
GRTST DEPTH: 0 7 = DUSTSTORM OR SANDSTORM:
VSBY 1/2 MILE OR LESS
8 = SMOKE OR HAZE
[NO. OF DAYS WITH] [WEATHER - DAYS WITH] 9 = BLOWING SNOW
X = TORNADO
MAX 32 OR BELOW: 11 0.01 INCH OR MORE: 4
MAX 90 OR ABOVE: 0 0.10 INCH OR MORE: 2
MIN 32 OR BELOW: 27 0.50 INCH OR MORE: 1
MIN 0 OR BELOW: 4 1.00 INCH OR MORE: 0
[HDD (BASE 65) ]
TOTAL THIS MO. 1143 CLEAR (SCALE 0-3) 12
DPTR FM NORMAL M PTCLDY (SCALE 4-7) 9
TOTAL FM JUL 1 3416 CLOUDY (SCALE 8-10) 7
DPTR FM NORMAL M
[CDD (BASE 65) ]
TOTAL THIS MO. 0
DPTR FM NORMAL M [PRESSURE DATA]
TOTAL FM JAN 1 0 HIGHEST SLP M ON M
DPTR FM NORMAL M LOWEST SLP M ON M
[REMARKS]
#FINAL-02-23#