000
CXUS53 KARX 011000
CF6CMY
PRELIMINARY LOCAL CLIMATOLOGICAL DATA (WS FORM: F-6)
STATION: SPARTA - FORT MCCOY WI
MONTH: FEBRUARY
YEAR: 2024
LATITUDE: 43 58 N
LONGITUDE: 90 44 W
TEMPERATURE IN F: :PCPN: SNOW: WIND :SUNSHINE: SKY :PK WND
================================================================================
1 2 3 4 5 6A 6B 7 8 9 10 11 12 13 14 15 16 17 18
12Z AVG MX 2MIN
DY MAX MIN AVG DEP HDD CDD WTR SNW DPTH SPD SPD DIR MIN PSBL S-S WX SPD DR
================================================================================
1 51 24 38 M 27 0 0.00 0.0 M 0.5 6 70 M M 2 12 M M
2 38 26 32 M 33 0 0.00 0.0 0 3.9 8 150 M M 8 M M
3 45 22 34 M 31 0 0.00 0.0 0 3.0 9 110 M M 5 M M
4 52 17 35 M 30 0 0.00 0.0 0 0.1 4 100 M M 2 1 M M
5 54 16 35 M 30 0 0.00 0.0 0 0.0 M M M M 0 M M
6 56 19 38 M 27 0 0.00 0.0 0 1.3 9 190 M M 2 M M
7 50 27 39 M 26 0 0.00 0.0 0 2.0 9 140 M M 2 18 M M
8 58 41 50 M 15 0 0.04 0.0 0 11.2 17 260 M M 6 32 200
9 41 31 36 M 29 0 0.00 0.0 0 13.5 20 260 M M 10 31 250
10 38 30 34 M 31 0 0.00 0.0 0 9.7 15 290 M M 7 20 290
11 40 16 28 M 37 0 0.00 0.0 0 3.5 12 250 M M 6 M M
12 47 17 32 M 33 0 0.00 0.0 0 3.2 13 290 M M 3 16 300
13 40 17 29 M 36 0 0.00 0.0 0 1.6 7 10 M M 6 M M
14 46 15 31 M 34 0 0.02 0.0 0 3.5 16 230 M M 8 20 190
15 40 22 31 M 34 0 M M M 3.7 16 270 M M 6 16 24 270
16 27 10 19 M 46 0 0.00 0.0 M 6.0 13 300 M M 2 18 320
17 35 8 22 M 43 0 0.00 0.0 M 11.4 21 260 M M 1 32 250
18 43 13 28 M 37 0 M M M 6.6 13 280 M M 0 M M
19 47 11 29 M 36 0 0.00 0.0 M 0.2 5 200 M M 0 8 M M
20 54 15 35 M 30 0 0.00 0.0 0 3.6 13 200 M M 2 1 21 200
21 56 19 38 M 27 0 0.00 0.0 0 0.3 6 270 M M 2 75 110
22 61 18 40 M 25 0 0.00 0.0 0 4.0 16 280 M M 0 22 280
23 43 18 31 M 34 0 T M M 2.5 9 30 M M 4 1 M M
24 38 2 20 M 45 0 M M M 5.6 15 200 M M 0 21 200
25 57 23 40 M 25 0 0.00 0.0 0 4.1 13 270 M M 1 20 250
26 65 18 42 M 23 0 0.00 M M 3.7 14 170 M M 1 24 150
27 67 22 45 M 20 0 M M M 2.4 16 250 M M 0 30 240
28 21 4 13 M 52 0 T M M 11.4 20 330 M M 3 28 320
29 51 1 26 M 39 0 M M M 6.6 18 220 M M 0 8 27 200
================================================================================
SM 1361 522 935 0 0.06 0.0 129.1 M 89
================================================================================
AV 46.9 18.0 4.5 FASTST M M 3 MAX(MPH)
MISC ----> 21 260 75 110
================================================================================
NOTES:
# LAST OF SEVERAL OCCURRENCES
COLUMN 17 PEAK WIND IN M.P.H.
PRELIMINARY LOCAL CLIMATOLOGICAL DATA (WS FORM: F-6) , PAGE 2
STATION: SPARTA - FORT MCCOY WI
MONTH: FEBRUARY
YEAR: 2024
LATITUDE: 43 58 N
LONGITUDE: 90 44 W
[TEMPERATURE DATA] [PRECIPITATION DATA] SYMBOLS USED IN COLUMN 16
AVERAGE MONTHLY: 32.5 TOTAL FOR MONTH: 0.06 1 = FOG OR MIST
DPTR FM NORMAL: 0.0 DPTR FM NORMAL: M 2 = FOG REDUCING VISIBILITY
HIGHEST: 67 ON 27 GRTST 24HR 0.04 ON 8- 8 TO 1/4 MILE OR LESS
LOWEST: 1 ON 29 3 = THUNDER
SNOW, ICE PELLETS, HAIL 4 = ICE PELLETS
TOTAL MONTH: 0.0 INCH 5 = HAIL
GRTST 24HR 0.0 6 = FREEZING RAIN OR DRIZZLE
GRTST DEPTH: 0 7 = DUSTSTORM OR SANDSTORM:
VSBY 1/2 MILE OR LESS
8 = SMOKE OR HAZE
[NO. OF DAYS WITH] [WEATHER - DAYS WITH] 9 = BLOWING SNOW
X = TORNADO
MAX 32 OR BELOW: 2 0.01 INCH OR MORE: 2
MAX 90 OR ABOVE: 0 0.10 INCH OR MORE: 0
MIN 32 OR BELOW: 28 0.50 INCH OR MORE: 0
MIN 0 OR BELOW: 0 1.00 INCH OR MORE: 0
[HDD (BASE 65) ]
TOTAL THIS MO. 935 CLEAR (SCALE 0-3) 19
DPTR FM NORMAL M PTCLDY (SCALE 4-7) 9
TOTAL FM JUL 1 4683 CLOUDY (SCALE 8-10) 1
DPTR FM NORMAL M
[CDD (BASE 65) ]
TOTAL THIS MO. 0
DPTR FM NORMAL M [PRESSURE DATA]
TOTAL FM JAN 1 0 HIGHEST SLP M ON M
DPTR FM NORMAL M LOWEST SLP M ON M
[REMARKS]
#FINAL-02-24#