000
CXUS53 KARX 180900
CF6CMY
PRELIMINARY LOCAL CLIMATOLOGICAL DATA (WS FORM: F-6)
STATION: SPARTA - FORT MCCOY WI
MONTH: MARCH
YEAR: 2024
LATITUDE: 43 58 N
LONGITUDE: 90 44 W
TEMPERATURE IN F: :PCPN: SNOW: WIND :SUNSHINE: SKY :PK WND
================================================================================
1 2 3 4 5 6A 6B 7 8 9 10 11 12 13 14 15 16 17 18
12Z AVG MX 2MIN
DY MAX MIN AVG DEP HDD CDD WTR SNW DPTH SPD SPD DIR MIN PSBL S-S WX SPD DR
================================================================================
1 55 33 44 M 21 0 0.00 0.0 0 11.0 21 170 M M 0 28 180
2 64 23 44 M 21 0 0.00 0.0 0 4.2 14 190 M M 0 22 190
3 74 42 58 M 7 0 T 0.0 0 11.4 22 270 M M 3 18 36 180
4 46 24 35 M 30 0 0.68 0.0 0 0.8 8 10 M M 8 13 M M
5 52 24 38 M 27 0 0.00 0.0 0 1.2 6 90 M M 1 M M
6 54 29 42 M 23 0 0.00 0.0 0 4.6 12 110 M M 3 M M
7 58 26 42 M 23 0 0.00 0.0 0 0.6 6 130 M M 3 M M
8 44 35 40 M 25 0 T M M 3.6 14 330 M M 8 17 340
9 42 18 30 M 35 0 M M M 7.3 17 330 M M 1 23 320
10 47 9 28 M 37 0 0.00 0.0 0 0.7 9 250 M M 0 M M
11 67 17 42 M 23 0 0.00 0.0 0 3.5 13 260 M M 0 18 220
12 69 29 49 M 16 0 0.00 0.0 0 7.0 15 260 M M 0 20 260
13 70 21 46 M 19 0 0.00 0.0 0 0.7 10 110 M M 2 M M
14 57 34 46 M 19 0 0.00 0.0 0 4.7 12 20 M M 5 17 30
15 58 20 39 M 26 0 0.00 0.0 0 2.7 10 260 M M 1 23 260
16 50 36 43 M 22 0 M M 0 12.0 18 290 M M 7 33 270
17 36 25 31 M 34 0 M M 0 10.9 20 310 M M 9 30 320
================================================================================
SM 943 445 408 0 0.68 0.0 86.9 M 51
================================================================================
AV 55.5 26.2 5.1 FASTST M M 3 MAX(MPH)
MISC ----> 22 270 36 180
================================================================================
NOTES:
# LAST OF SEVERAL OCCURRENCES
COLUMN 17 PEAK WIND IN M.P.H.
PRELIMINARY LOCAL CLIMATOLOGICAL DATA (WS FORM: F-6) , PAGE 2
STATION: SPARTA - FORT MCCOY WI
MONTH: MARCH
YEAR: 2024
LATITUDE: 43 58 N
LONGITUDE: 90 44 W
[TEMPERATURE DATA] [PRECIPITATION DATA] SYMBOLS USED IN COLUMN 16
AVERAGE MONTHLY: 40.8 TOTAL FOR MONTH: 0.68 1 = FOG OR MIST
DPTR FM NORMAL: 0.0 DPTR FM NORMAL: 0.68 2 = FOG REDUCING VISIBILITY
HIGHEST: 74 ON 3 GRTST 24HR 0.68 ON 4- 4 TO 1/4 MILE OR LESS
LOWEST: 9 ON 10 3 = THUNDER
SNOW, ICE PELLETS, HAIL 4 = ICE PELLETS
TOTAL MONTH: 0.0 INCH 5 = HAIL
GRTST 24HR 0.0 6 = FREEZING RAIN OR DRIZZLE
GRTST DEPTH: 0 7 = DUSTSTORM OR SANDSTORM:
VSBY 1/2 MILE OR LESS
8 = SMOKE OR HAZE
[NO. OF DAYS WITH] [WEATHER - DAYS WITH] 9 = BLOWING SNOW
X = TORNADO
MAX 32 OR BELOW: 0 0.01 INCH OR MORE: 1
MAX 90 OR ABOVE: 0 0.10 INCH OR MORE: 1
MIN 32 OR BELOW: 12 0.50 INCH OR MORE: 1
MIN 0 OR BELOW: 0 1.00 INCH OR MORE: 0
[HDD (BASE 65) ]
TOTAL THIS MO. 408 CLEAR (SCALE 0-3) 12
DPTR FM NORMAL M PTCLDY (SCALE 4-7) 3
TOTAL FM JUL 1 5091 CLOUDY (SCALE 8-10) 2
DPTR FM NORMAL M
[CDD (BASE 65) ]
TOTAL THIS MO. 0
DPTR FM NORMAL M [PRESSURE DATA]
TOTAL FM JAN 1 0 HIGHEST SLP M ON M
DPTR FM NORMAL M LOWEST SLP M ON M
[REMARKS]