000
CXUS56 KSGX 011045
CF6CNO
PRELIMINARY LOCAL CLIMATOLOGICAL DATA (WS FORM: F-6)
STATION: CHINO AIRPORT CA
MONTH: OCTOBER
YEAR: 2021
LATITUDE: 33 58 N
LONGITUDE: 117 38 W
TEMPERATURE IN F: :PCPN: SNOW: WIND :SUNSHINE: SKY :PK WND
================================================================================
1 2 3 4 5 6A 6B 7 8 9 10 11 12 13 14 15 16 17 18
12Z AVG MX 2MIN
DY MAX MIN AVG DEP HDD CDD WTR SNW DPTH SPD SPD DIR MIN PSBL S-S WX SPD DR
================================================================================
1 97 51 74 2 0 9 0.00 M M 4.4 16 260 M M 1 8 22 260
2 99 52 76 4 0 11 0.00 M M 3.7 17 240 M M 2 8 21 240
3 100 56 78 6 0 13 0.00 M M 3.9 18 240 M M 1 23 240
4 97 60 79 7 0 14 T M M 5.9 23 280 M M 5 8 29 270
5 87 61 74 2 0 9 0.04 M M 6.3 22 240 M M 2 28 230
6 80 58 69 -2 0 4 0.00 M M 4.6 13 260 M M 5 128 16 270
7 74 61 68 -3 0 3 0.00 M M 5.4 14 240 M M 8 18 17 240
8 74 58 66 -5 0 1 0.03 M M 6.8 15 230 M M 7 1 19 240
9 79 53 66 -4 0 1 0.00 M M 4.6 16 250 M M 5 26 280
10 88 48 68 -2 0 3 0.00 M M 3.7 15 240 M M 0 18 260
11 76 50 63 -7 2 0 0.00 M M 8.9 24 230 M M 5 18 30 220
12 75 48 62 -8 3 0 0.00 M M 6.2 20 280 M M 0 24 280
13 80 43 62 -8 3 0 0.00 M M 3.8 17 270 M M 0 8 21 280
14 85 44 65 -4 0 0 0.00 M M 1.5 10 240 M M 0 8 12 220
15 90 50 70 1 0 5 0.00 M M 10.0 22 80 M M 0 8 29 90
16 93 49 71 2 0 6 0.00 M M 4.8 18 230 M M 0 8 21 90
17 84 47 66 -3 0 1 0.00 M M 6.3 17 250 M M 1 21 230
18 71 47 59 -9 6 0 T M M 7.7 18 240 M M 7 23 240
19 77 44 61 -7 4 0 0.00 M M 3.5 15 220 M M 0 18 17 230
20 81 44 63 -5 2 0 0.00 M M 3.7 16 230 M M 3 18 19 230
21 87 47 67 -1 0 2 0.00 M M 2.8 16 240 M M 2 18 19 240
22 77 46 62 -6 3 0 0.00 M M 5.0 15 250 M M 2 128 19 250
23 72 57 65 -2 0 0 T M M 5.8 14 280 M M 9 18 17 300
24 76 54 65 -2 0 0 0.00 M M 3.8 13 250 M M 6 15 250
25 67 50 59 -8 6 0 0.06 M M 4.9 23 280 M M 8 18 30 270
26 74 45 60 -7 5 0 0.00 M M 2.9 13 240 M M 1 1 17 270
27 87 46 67 1 0 2 0.00 M M 1.8 10 310 M M 0 18 13 310
28 96 52 74 8 0 9 0.00 M M 3.3 15 90 M M 0 8 20 90
29 92 53 73 7 0 8 0.00 M M 3.2 16 230 M M 0 8 20 240
30 82 50 66 0 0 1 0.00 M M 3.7 15 250 M M 3 18 17 270
31 73 56 65 0 0 0 0.00 M M 3.2 12 240 M M 7 18 14 240
================================================================================
SM 2570 1580 34 102 0.13 M 146.1 M 90
================================================================================
AV 82.9 51.0 4.7 FASTST M M 3 MAX(MPH)
MISC ----> 24 230 # 30 220
================================================================================
NOTES:
# LAST OF SEVERAL OCCURRENCES
COLUMN 17 PEAK WIND IN M.P.H.
PRELIMINARY LOCAL CLIMATOLOGICAL DATA (WS FORM: F-6) , PAGE 2
STATION: CHINO AIRPORT CA
MONTH: OCTOBER
YEAR: 2021
LATITUDE: 33 58 N
LONGITUDE: 117 38 W
[TEMPERATURE DATA] [PRECIPITATION DATA] SYMBOLS USED IN COLUMN 16
AVERAGE MONTHLY: 66.9 TOTAL FOR MONTH: 0.13 1 = FOG OR MIST
DPTR FM NORMAL: -2.0 DPTR FM NORMAL: -0.40 2 = FOG REDUCING VISIBILITY
HIGHEST: 100 ON 3 GRTST 24HR 0.06 ON 25-25 TO 1/4 MILE OR LESS
LOWEST: 43 ON 13 3 = THUNDER
SNOW, ICE PELLETS, HAIL 4 = ICE PELLETS
TOTAL MONTH: M 5 = HAIL
GRTST 24HR M ON M 6 = FREEZING RAIN OR DRIZZLE
GRTST DEPTH: M ON M 7 = DUSTSTORM OR SANDSTORM:
VSBY 1/2 MILE OR LESS
8 = SMOKE OR HAZE
[NO. OF DAYS WITH] [WEATHER - DAYS WITH] 9 = BLOWING SNOW
X = TORNADO
MAX 32 OR BELOW: 0 0.01 INCH OR MORE: 3
MAX 90 OR ABOVE: 8 0.10 INCH OR MORE: 0
MIN 32 OR BELOW: 0 0.50 INCH OR MORE: 0
MIN 0 OR BELOW: 0 1.00 INCH OR MORE: 0
[HDD (BASE 65) ]
TOTAL THIS MO. 34 CLEAR (SCALE 0-3) 19
DPTR FM NORMAL 6 PTCLDY (SCALE 4-7) 10
TOTAL FM JUL 1 34 CLOUDY (SCALE 8-10) 2
DPTR FM NORMAL 7
[CDD (BASE 65) ]
TOTAL THIS MO. 102
DPTR FM NORMAL -47 [PRESSURE DATA]
TOTAL FM JAN 1 1900 HIGHEST SLP 30.21 ON 27
DPTR FM NORMAL 110 LOWEST SLP 29.60 ON 11
[REMARKS]
#FINAL-10-21#