000
CXUS55 KGJT 011010
CF6CNY
PRELIMINARY LOCAL CLIMATOLOGICAL DATA (WS FORM: F-6)
STATION: CANYONLANDS AIRPORT UT
MONTH: FEBRUARY
YEAR: 2022
LATITUDE: 38 46 N
LONGITUDE: 109 45 W
TEMPERATURE IN F: :PCPN: SNOW: WIND :SUNSHINE: SKY :PK WND
================================================================================
1 2 3 4 5 6A 6B 7 8 9 10 11 12 13 14 15 16 17 18
12Z AVG MX 2MIN
DY MAX MIN AVG DEP HDD CDD WTR SNW DPTH SPD SPD DIR MIN PSBL S-S WX SPD DR
================================================================================
1 40 18 29 -3 36 0 0.00 M M 8.4 25 290 M M 2 33 280
2 35 14 25 -7 40 0 0.00 M M 6.7 17 30 M M 4 25 350
3 33 6 20 -12 45 0 0.00 M M 3.4 13 310 M M 0 21 80
4 40 8 24 -8 41 0 0.00 M M 2.6 10 60 M M 0 16 20
5 41 9 25 -8 40 0 0.00 M M 3.0 9 330 M M 0 12 110
6 46 11 29 -4 36 0 0.00 M M 4.1 13 50 M M 0 17 50
7 49 17 33 0 32 0 0.00 M M 2.3 10 80 M M 0 15 80
8 50 17 34 0 31 0 0.00 M M 2.8 10 90 M M 0 14 80
9 53 18 36 2 29 0 0.00 M M 2.9 10 330 M M 0 15 340
10 55 20 38 4 27 0 0.00 M M 3.0 8 160 M M 0 13 160
11 59 21 40 5 25 0 0.00 M M 8.9 35 60 M M 0 45 60
12 49 21 35 0 30 0 0.00 M M 4.0 28 50 M M 0 35 50
13 53 21 37 2 28 0 0.00 M M 3.0 10 100 M M 0 13 110
14 54 18 36 0 29 0 0.00 M M 1.4 12 130 M M 0 15 130
15 57 28 43 7 22 0 0.00 M M 5.3 20 170 M M 1 25 170
16 50 28 39 3 26 0 0.01 M M 11.7 25 280 M M 6 1 37 320
17 44 17 31 -5 34 0 0.00 M M 4.9 13 310 M M 0 15 310
18 50 18 34 -3 31 0 0.00 M M 2.6 9 140 M M 0 12 210
19 54 19 37 0 28 0 0.00 M M 2.0 8 330 M M 0 12 310
20 62 20 41 3 24 0 0.00 M M 9.0 23 200 M M M 30 200
21 56 33 45 7 20 0 0.05 M M 13.8 33 310 M M 7 1 43 310
22 39 26 33 -5 32 0 0.08 M M 8.4 22 270 M M 9 1 26 280
23 39 24 32 -7 33 0 0.11 M M 8.3 24 290 M M 7 12 33 280
24 35 14 25 -14 40 0 0.00 M M 7.4 23 300 M M 4 28 300
25 37 18 28 -11 37 0 0.00 M M 4.9 15 300 M M 4 19 290
26 38 14 26 -14 39 0 0.00 M M 3.2 8 40 M M 0 12 80
27 42 16 29 -11 36 0 0.00 M M 3.1 12 320 M M 0 14 360
28 51 19 35 -6 30 0 0.00 M M 2.5 9 300 M M 0 17 340
================================================================================
SM 1311 513 901 0 0.25 M 143.6 M 44
================================================================================
AV 46.8 18.3 5.1 FASTST M M 2 MAX(MPH)
MISC ----> 35 60 45 60
================================================================================
NOTES:
# LAST OF SEVERAL OCCURRENCES
COLUMN 17 PEAK WIND IN M.P.H.
PRELIMINARY LOCAL CLIMATOLOGICAL DATA (WS FORM: F-6) , PAGE 2
STATION: CANYONLANDS AIRPORT UT
MONTH: FEBRUARY
YEAR: 2022
LATITUDE: 38 46 N
LONGITUDE: 109 45 W
[TEMPERATURE DATA] [PRECIPITATION DATA] SYMBOLS USED IN COLUMN 16
AVERAGE MONTHLY: 32.6 TOTAL FOR MONTH: 0.25 1 = FOG OR MIST
DPTR FM NORMAL: -3.2 DPTR FM NORMAL: -0.16 2 = FOG REDUCING VISIBILITY
HIGHEST: 62 ON 20 GRTST 24HR 0.19 ON 22-23 TO 1/4 MILE OR LESS
LOWEST: 6 ON 3 3 = THUNDER
SNOW, ICE PELLETS, HAIL 4 = ICE PELLETS
TOTAL MONTH: M 5 = HAIL
GRTST 24HR M ON M 6 = FREEZING RAIN OR DRIZZLE
GRTST DEPTH: M ON M 7 = DUSTSTORM OR SANDSTORM:
VSBY 1/2 MILE OR LESS
8 = SMOKE OR HAZE
[NO. OF DAYS WITH] [WEATHER - DAYS WITH] 9 = BLOWING SNOW
X = TORNADO
MAX 32 OR BELOW: 0 0.01 INCH OR MORE: 4
MAX 90 OR ABOVE: 0 0.10 INCH OR MORE: 1
MIN 32 OR BELOW: 27 0.50 INCH OR MORE: 0
MIN 0 OR BELOW: 0 1.00 INCH OR MORE: 0
[HDD (BASE 65) ]
TOTAL THIS MO. 901 CLEAR (SCALE 0-3) 20
DPTR FM NORMAL 85 PTCLDY (SCALE 4-7) 6
TOTAL FM JUL 1 4050 CLOUDY (SCALE 8-10) 2
DPTR FM NORMAL -222
[CDD (BASE 65) ]
TOTAL THIS MO. 0
DPTR FM NORMAL 0 [PRESSURE DATA]
TOTAL FM JAN 1 0 HIGHEST SLP 30.75 ON 4
DPTR FM NORMAL 0 LOWEST SLP 29.34 ON 21
[REMARKS]
#FINAL-02-22#