000
CXUS55 KGJT 011711
CLMCNY
CLIMATE REPORT
NATIONAL WEATHER SERVICE GRAND JUNCTION CO
1011 AM MST MON JAN 01 2024
...................................
...THE CANYONLANDS AIRPORT UT CLIMATE SUMMARY FOR THE MONTH OF DECEMBER 2023...
CLIMATE NORMAL PERIOD 1991 TO 2020
CLIMATE RECORD PERIOD 9999 TO 9999
WEATHER OBSERVED NORMAL DEPART LAST YEAR`S
VALUE DATE(S) VALUE FROM VALUE DATE(S)
NORMAL
................................................................
TEMPERATURE (F)
HIGHEST 54 12/04 MM MM 52 12/01
12/02
LOWEST 10 12/27 MM MM 6 12/19
AVG. MAXIMUM 44.1 38.6 5.5 40.4
AVG. MINIMUM 20.8 16.7 4.1 19.9
MEAN 32.5 27.6 4.9 30.2
DAYS MAX >= 90 0 0.0 0.0 0
DAYS MAX <= 32 0 7.4 -7.4 4
DAYS MIN <= 32 29 30.0 -1.0 31
DAYS MIN <= 0 0 1.7 -1.7 0
PRECIPITATION (INCHES)
TOTALS 0.37 0.53 -0.16 0.51
DAILY AVG. 0.01 0.02 -0.01 0.02
DAYS >= .01 3 5.0 -2.0 5
DAYS >= .10 1 1.7 -0.7 3
DAYS >= .50 0 0.1 -0.1 0
DAYS >= 1.00 0 0.0 0.0 0
GREATEST
24 HR. TOTAL 0.35 12/22 TO 12/23 0.25
SNOWFALL (INCHES)
TOTALS MM MM MM MM
SINCE 7/1 MM MM MM MM
SNOWDEPTH AVG. MM MM
DAYS >= 1.0 MM MM MM MM
GREATEST
SNOW DEPTH MM MM MM
24 HR TOTAL MM MM
DEGREE DAYS
HEATING TOTAL 1001 1157 -156 1073
SINCE 7/1 2041 2309 -268 2264
COOLING TOTAL 0 0 0 0
SINCE 1/1 1436 1414 22 1614
................................................................
WIND (MPH)
AVERAGE WIND SPEED 3.2
HIGHEST WIND SPEED/DIRECTION 33/270 DATE 12/08
HIGHEST GUST SPEED/DIRECTION 41/270 DATE 12/08
SKY COVER
POSSIBLE SUNSHINE (PERCENT) MM
AVERAGE SKY COVER 0.21
NUMBER OF DAYS FAIR 23
NUMBER OF DAYS PC 5
NUMBER OF DAYS CLOUDY 3
AVERAGE RH (PERCENT) 69
WEATHER CONDITIONS. NUMBER OF DAYS WITH
THUNDERSTORM 0 MIXED PRECIP 0
HEAVY RAIN 0 RAIN 1
LIGHT RAIN 4 FREEZING RAIN 0
LT FREEZING RAIN 0 HAIL 0
HEAVY SNOW 0 SNOW 0
LIGHT SNOW 1 SLEET 0
FOG 4 FOG W/VIS <= 1/4 MILE 0
HAZE 1
- INDICATES NEGATIVE NUMBERS.
R INDICATES RECORD WAS SET OR TIED.
MM INDICATES DATA IS MISSING.
T INDICATES TRACE AMOUNT.
$$