000
CXUS51 KGYX 021204
CF6CON
PRELIMINARY LOCAL CLIMATOLOGICAL DATA (WS FORM: F-6)
STATION: CONCORD NH
MONTH: JANUARY
YEAR: 2023
LATITUDE: 43 12 N
LONGITUDE: 71 30 W
TEMPERATURE IN F: :PCPN: SNOW: WIND :SUNSHINE: SKY :PK WND
================================================================================
1 2 3 4 5 6A 6B 7 8 9 10 11 12 13 14 15 16 17 18
12Z AVG MX 2MIN
DY MAX MIN AVG DEP HDD CDD WTR SNW DPTH SPD SPD DIR MIN PSBL S-S WX SPD DR
================================================================================
1 52 34 43 19 22 0 0.02 0.0 0 7.6 20 320 M M 8 12 30 270
2 48 24 36 12 29 0 0.00 0.0 0 3.5 15 330 M M 4 19 340
3 35 23 29 5 36 0 0.34 0.0 0 5.8 13 320 M M 7 16 20 280
4 44 34 39 15 26 0 0.33 0.0 0 5.0 14 30 M M 10 1 16 30
5 41 32 37 14 28 0 0.10 0.0 0 7.1 14 20 M M 10 1 22 10
6 34 30 32 9 33 0 0.25 2.0 T 4.4 18 280 M M 10 12 20 280
7 38 26 32 9 33 0 0.00 0.0 2 10.2 30 340 M M 9 12 38 330
8 37 16 27 4 38 0 0.00 0.0 1 7.5 22 340 M M 1 30 300
9 39 15 27 4 38 0 0.00 0.0 1 6.6 20 340 M M 3 26 280
10 35 18 27 5 38 0 0.00 0.0 1 9.2 22 340 M M 4 31 330
11 31 10 21 -1 44 0 0.00 0.0 1 4.1 10 20 M M 1 19 20
12 39 24 32 10 33 0 0.71 1.0 1 6.8 12 20 M M 10 16 18 280
13 43 32 38 16 27 0 0.40 0.0 1 8.3 21 340 M M 10 12 29 330
14 33 28 31 9 34 0 0.01 0.1 1 13.3 21 350 M M 10 18 28 360
15 38 27 33 11 32 0 T T 1 14.5 28 20 M M 5 38 20
16 30 26 28 6 37 0 0.07 0.4 1 11.9 22 340 M M 10 1 30 310
17 47 29 38 16 27 0 T 0.0 1 9.6 20 340 M M 3 30 340
18 47 28 38 16 27 0 0.02 0.0 1 8.4 17 340 M M 7 1 26 340
19 38 32 35 13 30 0 0.29 2.4 T 6.7 21 330 M M 3 1 28 330
20 32 28 30 8 35 0 0.31 3.9 5 7.8 15 50 M M 10 1 25 30
21 30 13 22 0 43 0 T T 6 6.4 18 340 M M 8 25 350
22 30 9 20 -2 45 0 0.31 3.4 5 4.1 10 120 M M 8 1 15 10
23 32 28 30 8 35 0 1.22 11.2 11 10.8 25 330 M M 10 126 35 340
24 38 27 33 11 32 0 0.00 0.0 17 8.1 17 290 M M 10 31 280
25 34 29 32 10 33 0 0.57 3.0 15 5.5 12 280 M M 9 1 20 120
26 43 28 36 14 29 0 0.82 0.0 16 12.8 26 250 M M 9 1 36 270
27 38 16 27 5 38 0 0.00 0.0 14 4.5 18 290 M M 4 30 280
28 44 22 33 11 32 0 0.00 0.0 14 7.0 20 240 M M 3 28 240
29 45 18 32 10 33 0 T 0.0 13 4.8 13 240 M M 6 19 280
30 42 25 34 12 31 0 0.02 0.2 13 6.1 16 290 M M 6 1 22 270
31 32 17 25 3 40 0 T 0.4 13 12.7 30 330 M M 6 18 38 330
================================================================================
SM 1189 748 1038 0 5.79 28.0 241.1 M 214
================================================================================
AV 38.4 24.1 7.8 FASTST M M 7 MAX(MPH)
MISC ----> # 30 340 # 38 330
================================================================================
NOTES:
# LAST OF SEVERAL OCCURRENCES
COLUMN 17 PEAK WIND IN M.P.H.
PRELIMINARY LOCAL CLIMATOLOGICAL DATA (WS FORM: F-6) , PAGE 2
STATION: CONCORD NH
MONTH: JANUARY
YEAR: 2023
LATITUDE: 43 12 N
LONGITUDE: 71 30 W
[TEMPERATURE DATA] [PRECIPITATION DATA] SYMBOLS USED IN COLUMN 16
AVERAGE MONTHLY: 31.2 TOTAL FOR MONTH: 5.79 1 = FOG OR MIST
DPTR FM NORMAL: 8.9 DPTR FM NORMAL: 2.99 2 = FOG REDUCING VISIBILITY
HIGHEST: 52 ON 1 GRTST 24HR 1.22 ON 23-23 TO 1/4 MILE OR LESS
LOWEST: 9 ON 22 3 = THUNDER
SNOW, ICE PELLETS, HAIL 4 = ICE PELLETS
TOTAL MONTH: 28.0 INCHES 5 = HAIL
GRTST 24HR 11.2 ON 23-23 6 = FREEZING RAIN OR DRIZZLE
GRTST DEPTH: 17 ON 24 7 = DUSTSTORM OR SANDSTORM:
VSBY 1/2 MILE OR LESS
8 = SMOKE OR HAZE
[NO. OF DAYS WITH] [WEATHER - DAYS WITH] 9 = BLOWING SNOW
X = TORNADO
MAX 32 OR BELOW: 7 0.01 INCH OR MORE: 17
MAX 90 OR ABOVE: 0 0.10 INCH OR MORE: 12
MIN 32 OR BELOW: 29 0.50 INCH OR MORE: 4
MIN 0 OR BELOW: 0 1.00 INCH OR MORE: 1
[HDD (BASE 65) ]
TOTAL THIS MO. 1038 CLEAR (SCALE 0-3) 4
DPTR FM NORMAL -287 PTCLDY (SCALE 4-7) 14
TOTAL FM JUL 1 3393 CLOUDY (SCALE 8-10) 13
DPTR FM NORMAL -541
[CDD (BASE 65) ]
TOTAL THIS MO. 0
DPTR FM NORMAL 0 [PRESSURE DATA]
TOTAL FM JAN 1 0 HIGHEST SLP 30.36 ON 29
DPTR FM NORMAL 0 LOWEST SLP 29.31 ON 26
[REMARKS]
#FINAL-01-23#