000
CXUS51 KGYX 012225
CF6CON
PRELIMINARY LOCAL CLIMATOLOGICAL DATA (WS FORM: F-6)
STATION: CONCORD NH
MONTH: MAY
YEAR: 2021
LATITUDE: 43 12 N
LONGITUDE: 71 30 W
TEMPERATURE IN F: :PCPN: SNOW: WIND :SUNSHINE: SKY :PK WND
================================================================================
1 2 3 4 5 6A 6B 7 8 9 10 11 12 13 14 15 16 17 18
12Z AVG MX 2MIN
DY MAX MIN AVG DEP HDD CDD WTR SNW DPTH SPD SPD DIR MIN PSBL S-S WX SPD DR
================================================================================
1 59 41 50 -2 15 0 0.01 0.0 0 12.2 26 310 M M 4 37 300
2 74 43 59 7 6 0 0.00 0.0 0 8.5 24 300 M M 5 34 310
3 65 47 56 3 9 0 T 0.0 0 4.6 16 310 M M 8 23 300
4 61 46 54 1 11 0 0.09 0.0 0 5.3 15 60 M M 10 24 60
5 51 43 47 -6 18 0 0.80 0.0 0 3.0 8 50 M M 10 1 11 40
6 62 43 53 -1 12 0 0.00 0.0 0 11.1 24 310 M M 3 1 34 300
7 63 34 49 -5 16 0 0.00 0.0 0 4.6 18 150 M M 1 23 150
8 57 34 46 -8 19 0 0.00 0.0 0 2.2 10 40 M M 5 13 270
9 65 36 51 -4 14 0 0.00 0.0 0 6.5 17 290 M M 3 29 290
10 66 47 57 2 8 0 0.08 0.0 0 5.4 13 200 M M 9 1 26 320
11 62 45 54 -1 11 0 0.02 0.0 0 9.1 22 290 M M 5 30 280
12 65 39 52 -4 13 0 T 0.0 0 8.7 23 330 M M 5 28 330
13 72 36 54 -2 11 0 0.00 0.0 0 4.5 17 330 M M 3 24 340
14 77 36 57 1 8 0 T 0.0 0 4.4 14 310 M M 1 21 300
15 79 39 59 3 6 0 0.00 0.0 0 3.5 15 260 M M 1 21 260
16 78 44 61 4 4 0 T 0.0 0 4.4 22 330 M M 2 30 320
17 79 41 60 3 5 0 0.00 0.0 0 2.5 16 220 M M 1 22 220
18 82 44 63 6 2 0 0.00 0.0 0 5.8 22 320 M M 1 29 320
19 84 48 66 8 0 1 0.00 0.0 0 4.6 21 350 M M 1 27 360
20 81 46 64 6 1 0 0.00 0.0 0 4.1 14 150 M M 0 20 110
21 87 53 70 12 0 5 0.01 0.0 0 4.1 14 160 M M 3 18 170
22 89 62 76 17 0 11 T 0.0 0 3.7 14 280 M M 3 8 20 280
23 86 50 68 9 0 3 0.01 0.0 0 9.4 26 320 M M 3 37 320
24 72 42 57 -2 8 0 0.00 0.0 0 5.6 15 160 M M 4 20 160
25 83 46 65 6 0 0 0.00 0.0 0 9.7 17 220 M M 1 26 200
26 92 60 76 16 0 11 0.16 0.0 0 7.5 40 300 M M 4 13 52 300
27 75 51 63 3 2 0 T 0.0 0 9.6 18 340 M M 3 28 320
28 59 44 52 -8 13 0 0.39 0.0 0 5.7 13 310 M M 6 16 320
29 49 42 46 -15 19 0 0.38 0.0 0 6.5 17 40 M M 10 1 24 40
30 51 45 48 -13 17 0 0.56 0.0 0 6.3 18 50 M M 10 1 25 70
31 59 45 52 -9 13 0 0.48 0.0 0 7.9 18 300 M M 9 1 27 290
================================================================================
SM 2184 1372 261 31 2.99 0.0 191.0 M 134
================================================================================
AV 70.5 44.3 6.2 FASTST M M 4 MAX(MPH)
MISC ----> 40 300 52 300
================================================================================
NOTES:
# LAST OF SEVERAL OCCURRENCES
COLUMN 17 PEAK WIND IN M.P.H.
PRELIMINARY LOCAL CLIMATOLOGICAL DATA (WS FORM: F-6) , PAGE 2
STATION: CONCORD NH
MONTH: MAY
YEAR: 2021
LATITUDE: 43 12 N
LONGITUDE: 71 30 W
[TEMPERATURE DATA] [PRECIPITATION DATA] SYMBOLS USED IN COLUMN 16
AVERAGE MONTHLY: 57.4 TOTAL FOR MONTH: 2.99 1 = FOG OR MIST
DPTR FM NORMAL: 0.7 DPTR FM NORMAL: -0.48 2 = FOG REDUCING VISIBILITY
HIGHEST: 92 ON 26 GRTST 24HR 1.03 ON 30-31 TO 1/4 MILE OR LESS
LOWEST: 34 ON 8, 7 3 = THUNDER
SNOW, ICE PELLETS, HAIL 4 = ICE PELLETS
TOTAL MONTH: 0.0 INCH 5 = HAIL
GRTST 24HR 0.0 6 = FREEZING RAIN OR DRIZZLE
GRTST DEPTH: 0 7 = DUSTSTORM OR SANDSTORM:
VSBY 1/2 MILE OR LESS
8 = SMOKE OR HAZE
[NO. OF DAYS WITH] [WEATHER - DAYS WITH] 9 = BLOWING SNOW
X = TORNADO
MAX 32 OR BELOW: 0 0.01 INCH OR MORE: 12
MAX 90 OR ABOVE: 1 0.10 INCH OR MORE: 6
MIN 32 OR BELOW: 0 0.50 INCH OR MORE: 2
MIN 0 OR BELOW: 0 1.00 INCH OR MORE: 0
[HDD (BASE 65) ]
TOTAL THIS MO. 261 CLEAR (SCALE 0-3) 13
DPTR FM NORMAL -17 PTCLDY (SCALE 4-7) 11
TOTAL FM JUL 1 6473 CLOUDY (SCALE 8-10) 7
DPTR FM NORMAL -436
[CDD (BASE 65) ]
TOTAL THIS MO. 31
DPTR FM NORMAL 11 [PRESSURE DATA]
TOTAL FM JAN 1 31 HIGHEST SLP 30.50 ON 20
DPTR FM NORMAL 9 LOWEST SLP 29.49 ON 1
[REMARKS]
#FINAL-05-21#