000
CXUS51 KGYX 020721
CF6CON
PRELIMINARY LOCAL CLIMATOLOGICAL DATA (WS FORM: F-6)
STATION: CONCORD NH
MONTH: MAY
YEAR: 2020
LATITUDE: 43 12 N
LONGITUDE: 71 30 W
TEMPERATURE IN F: :PCPN: SNOW: WIND :SUNSHINE: SKY :PK WND
================================================================================
1 2 3 4 5 6A 6B 7 8 9 10 11 12 13 14 15 16 17 18
12Z AVG MX 2MIN
DY MAX MIN AVG DEP HDD CDD WTR SNW DPTH SPD SPD DIR MIN PSBL S-S WX SPD DR
================================================================================
1 63 46 55 4 10 0 0.72 0.0 0 6.6 21 320 M M 9 1 30 310
2 69 44 57 6 8 0 0.00 0.0 0 12.4 28 310 M M 1 37 320
3 79 49 64 12 1 0 T 0.0 0 5.3 23 290 M M 6 30 290
4 65 46 56 4 9 0 0.00 0.0 0 12.2 24 310 M M 7 32 310
5 56 33 45 -7 20 0 0.00 0.0 0 13.3 24 310 M M 3 32 290
6 59 28 44 -9 21 0 0.00 0.0 0 3.6 12 150 M M 4 17 180
7 64 36 50 -3 15 0 T 0.0 0 7.6 24 230 M M 4 12 34 240
8 59 38 49 -4 16 0 0.05 0.0 0 9.7 23 260 M M 5 32 280
9 42 32 37 -17 28 0 0.23 0.4 T 16.0 33 300 M M 7 1 46 300
10 58 35 47 -7 18 0 0.00 0.0 0 12.6 26 260 M M 5 36 270
11 65 31 48 -6 17 0 0.25 0.0 0 5.7 25 190 M M 4 1 36 190
12 55 38 47 -7 18 0 0.00 0.0 0 14.5 26 300 M M 5 38 300
13 58 30 44 -11 21 0 0.00 0.0 0 11.0 26 330 M M 0 39 300
14 72 28 50 -5 15 0 0.00 0.0 0 3.8 18 300 M M 2 25 230
15 78 52 65 9 0 0 0.55 0.0 0 4.4 26 300 M M 9 13 33 310
16 67 49 58 2 7 0 0.10 0.0 0 10.7 26 320 M M 5 1 34 330
17 71 46 59 3 6 0 0.00 0.0 0 3.8 13 190 M M 7 17 230
18 71 46 59 3 6 0 0.00 0.0 0 3.3 14 160 M M 6 21 130
19 66 37 52 -5 13 0 0.00 0.0 0 7.0 18 80 M M 1 25 30
20 72 35 54 -3 11 0 0.00 0.0 0 5.0 15 180 M M 0 18 150
21 83 36 60 3 5 0 0.00 0.0 0 4.7 16 240 M M 0 21 240
22 87 43 65 7 0 0 0.00 0.0 0 4.6 15 280 M M 0 8 23 300
23 74 40 57 -1 8 0 0.00 0.0 0 5.7 17 130 M M 0 28 130
24 68 35 52 -6 13 0 0.00 0.0 0 4.5 14 150 M M 0 19 150
25 67 46 57 -2 8 0 0.00 0.0 0 3.2 12 170 M M 8 1 16 150
26 86 53 70 11 0 5 0.00 0.0 0 2.9 12 170 M M 4 16 170
27 91 58 75 16 0 10 0.00 0.0 0 5.6 16 180 M M 0 1 22 190
28 84 63 74 14 0 9 0.00 0.0 0 9.6 18 190 M M 5 26 190
29 88 70 79 19 0 14 0.00 0.0 0 10.5 24 190 M M 7 33 190
30 79 59 69 9 0 4 T 0.0 0 9.1 21 280 M M 4 29 280
31 63 37 50 -10 15 0 T 0.0 0 13.9 28 310 M M 3 37 300
================================================================================
SM 2159 1319 309 42 1.90 0.4 242.8 M 121
================================================================================
AV 69.7 42.6 7.8 FASTST M M 4 MAX(MPH)
MISC ----> # 33 300 # 46 300
================================================================================
NOTES:
# LAST OF SEVERAL OCCURRENCES
COLUMN 17 PEAK WIND IN M.P.H.
PRELIMINARY LOCAL CLIMATOLOGICAL DATA (WS FORM: F-6) , PAGE 2
STATION: CONCORD NH
MONTH: MAY
YEAR: 2020
LATITUDE: 43 12 N
LONGITUDE: 71 30 W
[TEMPERATURE DATA] [PRECIPITATION DATA] SYMBOLS USED IN COLUMN 16
AVERAGE MONTHLY: 56.1 TOTAL FOR MONTH: 1.90 1 = FOG OR MIST
DPTR FM NORMAL: 0.3 DPTR FM NORMAL: -1.76 2 = FOG REDUCING VISIBILITY
HIGHEST: 91 ON 27 GRTST 24HR 0.72 ON 1- 1 TO 1/4 MILE OR LESS
LOWEST: 28 ON 14, 6 3 = THUNDER
SNOW, ICE PELLETS, HAIL 4 = ICE PELLETS
TOTAL MONTH: 0.4 INCH 5 = HAIL
GRTST 24HR 0.4 ON 9- 9 6 = FREEZING RAIN OR DRIZZLE
GRTST DEPTH: T 7 = DUSTSTORM OR SANDSTORM:
VSBY 1/2 MILE OR LESS
8 = SMOKE OR HAZE
[NO. OF DAYS WITH] [WEATHER - DAYS WITH] 9 = BLOWING SNOW
X = TORNADO
MAX 32 OR BELOW: 0 0.01 INCH OR MORE: 6
MAX 90 OR ABOVE: 1 0.10 INCH OR MORE: 5
MIN 32 OR BELOW: 5 0.50 INCH OR MORE: 2
MIN 0 OR BELOW: 0 1.00 INCH OR MORE: 0
[HDD (BASE 65) ]
TOTAL THIS MO. 309 CLEAR (SCALE 0-3) 11
DPTR FM NORMAL 6 PTCLDY (SCALE 4-7) 18
TOTAL FM JUL 1 6771 CLOUDY (SCALE 8-10) 2
DPTR FM NORMAL -379
[CDD (BASE 65) ]
TOTAL THIS MO. 42
DPTR FM NORMAL 26 [PRESSURE DATA]
TOTAL FM JAN 1 42 HIGHEST SLP M ON M
DPTR FM NORMAL 24 LOWEST SLP 29.45 ON 9
[REMARKS]
#FINAL-05-20#