000
CXUS51 KGYX 012108
CF6CON
PRELIMINARY LOCAL CLIMATOLOGICAL DATA (WS FORM: F-6)
STATION: CONCORD NH
MONTH: APRIL
YEAR: 2020
LATITUDE: 43 12 N
LONGITUDE: 71 30 W
TEMPERATURE IN F: :PCPN: SNOW: WIND :SUNSHINE: SKY :PK WND
================================================================================
1 2 3 4 5 6A 6B 7 8 9 10 11 12 13 14 15 16 17 18
12Z AVG MX 2MIN
DY MAX MIN AVG DEP HDD CDD WTR SNW DPTH SPD SPD DIR MIN PSBL S-S WX SPD DR
================================================================================
1 47 22 35 -4 30 0 0.00 0.0 0 6.7 16 360 M M 5 23 20
2 45 38 42 2 23 0 0.28 0.0 0 13.3 24 320 M M 10 1 33 330
3 48 38 43 3 22 0 0.63 0.0 0 10.6 22 20 M M 10 18 33 20
4 57 40 49 9 16 0 0.00 0.0 0 5.9 14 40 M M 8 20 30
5 58 33 46 5 19 0 T 0.0 0 3.7 12 200 M M 8 16 150
6 60 32 46 5 19 0 0.00 0.0 0 8.5 20 300 M M 0 26 290
7 61 26 44 2 21 0 0.00 0.0 0 4.6 18 270 M M 1 25 300
8 57 35 46 4 19 0 0.00 0.0 0 2.6 12 270 M M 8 16 270
9 46 31 39 -3 26 0 0.97 T 0 5.7 20 320 M M 7 1 25 310
10 47 34 41 -2 24 0 0.02 T 0 11.9 25 310 M M 6 35 320
11 50 28 39 -4 26 0 0.00 0.0 0 11.8 23 280 M M 6 32 340
12 60 23 42 -2 23 0 0.00 0.0 0 6.2 18 220 M M 3 26 230
13 60 48 54 10 11 0 0.83 0.0 0 11.9 28 170 M M 9 1 39 180
14 57 41 49 5 16 0 0.00 0.0 0 11.5 23 280 M M 2 33 280
15 51 27 39 -6 26 0 0.00 0.0 0 8.6 21 300 M M 6 27 300
16 45 24 35 -10 30 0 0.01 T 0 7.0 25 320 M M 7 1 32 310
17 49 22 36 -10 29 0 0.00 0.0 0 6.9 20 300 M M 3 28 240
18 43 26 35 -11 30 0 0.05 T 0 4.6 14 30 M M 9 1 19 40
19 63 23 43 -3 22 0 T 0.0 0 7.8 22 280 M M 2 1 32 280
20 55 29 42 -5 23 0 T 0.0 0 7.1 21 330 M M 1 28 320
21 55 26 41 -6 24 0 0.31 0.0 0 9.2 28 180 M M 4 1 34 160
22 43 30 37 -11 28 0 0.00 0.0 0 15.9 31 300 M M 5 43 280
23 55 31 43 -5 22 0 0.00 0.0 0 9.2 22 330 M M 1 29 300
24 57 39 48 0 17 0 0.00 0.0 0 4.3 14 70 M M 7 19 70
25 66 36 51 2 14 0 0.00 0.0 0 2.8 14 140 M M 5 19 130
26 56 36 46 -3 19 0 0.03 0.0 0 7.3 24 50 M M 5 35 40
27 40 37 39 -11 26 0 0.37 T 0 9.7 18 30 M M 10 18 26 40
28 56 35 46 -4 19 0 0.00 0.0 0 5.1 14 320 M M 9 18 320
29 62 28 45 -5 20 0 0.00 0.0 0 5.7 16 130 M M 3 1 21 130
30 46 43 45 -6 20 0 0.17 0.0 0 8.0 16 110 M M 10 1 24 120
================================================================================
SM 1595 961 664 0 3.67 T 234.1 M 170
================================================================================
AV 53.2 32.0 7.8 FASTST M M 6 MAX(MPH)
MISC ----> # 31 300 # 43 280
================================================================================
NOTES:
# LAST OF SEVERAL OCCURRENCES
COLUMN 17 PEAK WIND IN M.P.H.
PRELIMINARY LOCAL CLIMATOLOGICAL DATA (WS FORM: F-6) , PAGE 2
STATION: CONCORD NH
MONTH: APRIL
YEAR: 2020
LATITUDE: 43 12 N
LONGITUDE: 71 30 W
[TEMPERATURE DATA] [PRECIPITATION DATA] SYMBOLS USED IN COLUMN 16
AVERAGE MONTHLY: 42.6 TOTAL FOR MONTH: 3.67 1 = FOG OR MIST
DPTR FM NORMAL: -2.5 DPTR FM NORMAL: 0.26 2 = FOG REDUCING VISIBILITY
HIGHEST: 66 ON 25 GRTST 24HR 0.97 ON 9- 9 TO 1/4 MILE OR LESS
LOWEST: 22 ON 17, 1 3 = THUNDER
SNOW, ICE PELLETS, HAIL 4 = ICE PELLETS
TOTAL MONTH: T 5 = HAIL
GRTST 24HR T ON 27-27 6 = FREEZING RAIN OR DRIZZLE
GRTST DEPTH: 0 7 = DUSTSTORM OR SANDSTORM:
VSBY 1/2 MILE OR LESS
8 = SMOKE OR HAZE
[NO. OF DAYS WITH] [WEATHER - DAYS WITH] 9 = BLOWING SNOW
X = TORNADO
MAX 32 OR BELOW: 0 0.01 INCH OR MORE: 11
MAX 90 OR ABOVE: 0 0.10 INCH OR MORE: 7
MIN 32 OR BELOW: 16 0.50 INCH OR MORE: 3
MIN 0 OR BELOW: 0 1.00 INCH OR MORE: 0
[HDD (BASE 65) ]
TOTAL THIS MO. 664 CLEAR (SCALE 0-3) 8
DPTR FM NORMAL 64 PTCLDY (SCALE 4-7) 12
TOTAL FM JUL 1 6462 CLOUDY (SCALE 8-10) 10
DPTR FM NORMAL -385
[CDD (BASE 65) ]
TOTAL THIS MO. 0
DPTR FM NORMAL -2 [PRESSURE DATA]
TOTAL FM JAN 1 0 HIGHEST SLP M ON M
DPTR FM NORMAL -2 LOWEST SLP 29.06 ON 9
[REMARKS]
#FINAL-04-20#