000
CXUS55 KPUB 031354
CF6COS
PRELIMINARY LOCAL CLIMATOLOGICAL DATA (WS FORM: F-6)
STATION: COLORADO SPRINGS CO
MONTH: APRIL
YEAR: 2022
LATITUDE: 38 49 N
LONGITUDE: 104 43 W
TEMPERATURE IN F: :PCPN: SNOW: WIND :SUNSHINE: SKY :PK WND
================================================================================
1 2 3 4 5 6A 6B 7 8 9 10 11 12 13 14 15 16 17 18
12Z AVG MX 2MIN
DY MAX MIN AVG DEP HDD CDD WTR SNW DPTH SPD SPD DIR MIN PSBL S-S WX SPD DR
================================================================================
1 60 37 49 4 16 0 0.00 0.0 0 12.1 30 20 M M 5 36 360
2 71 30 51 6 14 0 0.00 0.0 0 9.9 28 130 M M 4 37 140
3 59 41 50 5 15 0 T 0.0 0 16.1 30 200 M M 8 39 200
4 65 38 52 7 13 0 0.00 0.0 0 10.2 24 180 M M 8 39 160
5 72 34 53 7 12 0 0.00 0.0 0 15.3 45 280 M M 6 69 290
6 50 29 40 -6 25 0 0.00 0.0 0 20.3 35 360 M M 2 51 310
7 55 25 40 -6 25 0 0.00 0.0 0 17.7 35 10 M M 1 45 10
8 67 26 47 1 18 0 0.00 0.0 0 6.4 16 180 M M 1 23 210
9 81 39 60 14 5 0 0.00 0.0 0 9.8 31 260 M M 6 40 270
10 68 41 55 9 10 0 0.00 0.0 0 17.3 40 350 M M 6 55 360
11 69 32 51 5 14 0 0.00 0.0 0 18.1 33 210 M M 5 8 46 210
12 69 35 52 5 13 0 0.00 0.0 0 22.3 44 220 M M 6 8 58 210
13 47 26 37 -10 28 0 T T 0 10.2 36 280 M M 7 50 280
14 63 21 42 -5 23 0 0.00 0.0 0 10.8 33 250 M M 4 50 250
15 73 34 54 7 11 0 0.00 0.0 0 11.3 32 90 M M 5 42 300
16 55 27 41 -6 24 0 0.00 0.0 0 14.8 32 150 M M 4 41 160
17 73 32 53 5 12 0 0.00 0.0 0 10.9 32 300 M M 2 45 300
18 58 30 44 -4 21 0 0.00 0.0 0 13.6 25 160 M M 1 36 180
19 84 33 59 11 6 0 0.00 0.0 0 11.1 32 240 M M 6 41 240
20 75 49 62 14 3 0 0.00 0.0 0 13.0 35 10 M M 4 42 10
21 76 45 61 13 4 0 0.00 0.0 0 11.4 29 170 M M 2 35 160
22 87 49 68 19 0 3 0.00 0.0 0 21.9 48 220 M M 3 8 67 190
23 66 42 54 5 11 0 0.00 0.0 0 15.4 38 310 M M 6 54 290
24 55 36 46 -3 19 0 0.01 T 0 8.2 22 160 M M 8 27 160
25 56 34 45 -5 20 0 0.00 0.0 0 7.7 18 60 M M 5 26 310
26 73 31 52 2 13 0 0.00 0.0 0 9.1 26 180 M M 3 33 180
27 78 44 61 11 4 0 T 0.0 0 8.6 37 190 M M 6 3 46 220
28 80 44 62 12 3 0 0.00 0.0 0 9.0 22 180 M M 4 27 190
29 72 49 61 10 4 0 0.00 0.0 0 18.2 43 290 M M 2 59 300
30 67 36 52 1 13 0 0.00 0.0 0 9.5 23 310 M M 1 36 320
================================================================================
SM 2024 1069 399 3 0.01 T 390.2 M 131
================================================================================
AV 67.5 35.6 13.0 FASTST M M 4 MAX(MPH)
MISC ----> 48 220 69 290
================================================================================
NOTES:
COLUMN 17 PEAK WIND IN M.P.H.
PRELIMINARY LOCAL CLIMATOLOGICAL DATA (WS FORM: F-6) , PAGE 2
STATION: COLORADO SPRINGS CO
MONTH: APRIL
YEAR: 2022
LATITUDE: 38 49 N
LONGITUDE: 104 43 W
[TEMPERATURE DATA] [PRECIPITATION DATA] SYMBOLS USED IN COLUMN 16
AVERAGE MONTHLY: 51.6 TOTAL FOR MONTH: 0.01 1 = FOG OR MIST
DPTR FM NORMAL: 4.1 DPTR FM NORMAL: -1.44 2 = FOG REDUCING VISIBILITY
HIGHEST: 87 ON 22 GRTST 24HR 0.01 ON 24 TO 1/4 MILE OR LESS
LOWEST: 21 ON 14 3 = THUNDER
SNOW, ICE PELLETS, HAIL 4 = ICE PELLETS
TOTAL MONTH: T 5 = HAIL
GRTST 24HR T ON 13,24 6 = FREEZING RAIN OR DRIZZLE
GRTST DEPTH: 0 7 = DUSTSTORM OR SANDSTORM:
VSBY 1/2 MILE OR LESS
8 = SMOKE OR HAZE
[NO. OF DAYS WITH] [WEATHER - DAYS WITH] 9 = BLOWING SNOW
X = TORNADO
MAX 32 OR BELOW: 0 0.01 INCH OR MORE: 1
MAX 90 OR ABOVE: 0 0.10 INCH OR MORE: 0
MIN 32 OR BELOW: 11 0.50 INCH OR MORE: 0
MIN 0 OR BELOW: 0 1.00 INCH OR MORE: 0
[HDD (BASE 65) ]
TOTAL THIS MO. 399 CLEAR (SCALE 0-3) 10
DPTR FM NORMAL -127 PTCLDY (SCALE 4-7) 17
TOTAL FM JUL 1 4820 CLOUDY (SCALE 8-10) 3
DPTR FM NORMAL -756
[CDD (BASE 65) ]
TOTAL THIS MO. 3
DPTR FM NORMAL 2 [PRESSURE DATA]
TOTAL FM JAN 1 3 HIGHEST SLP 30.39 ON 7
DPTR FM NORMAL 2 LOWEST SLP 29.05 ON 12
[REMARKS]
#FINAL-04-22#