000
CXUS54 KCRP 020309
CF6COT
PRELIMINARY LOCAL CLIMATOLOGICAL DATA (WS FORM: F-6)
STATION: COTULLA
MONTH: DECEMBER
YEAR: 2020
LATITUDE: 28 27 N
LONGITUDE: 99 13 W
TEMPERATURE IN F: :PCPN: SNOW: WIND :SUNSHINE: SKY :PK WND
================================================================================
1 2 3 4 5 6A 6B 7 8 9 10 11 12 13 14 15 16 17 18
12Z AVG MX 2MIN
DY MAX MIN AVG DEP HDD CDD WTR SNW DPTH SPD SPD DIR MIN PSBL S-S WX SPD DR
================================================================================
1 69 32 51 -7 14 0 0.00 0.0 0 6.9 17 150 M M 0 24 150
2 72 48 60 2 5 0 0.00 0.0 0 9.3 22 330 M M 0 1 27 330
3 61 41 51 -6 14 0 0.00 0.0 0 10.3 22 320 M M 0 27 330
4 62 38 50 -7 15 0 0.00 0.0 0 4.9 12 330 M M 0 15 330
5 57 40 49 -8 16 0 0.06 0.0 0 3.3 13 60 M M 5 138 14 70
6 71 38 55 -1 10 0 0.00 0.0 0 7.3 16 320 M M 0 1 21 320
7 75 35 55 -1 10 0 0.00 0.0 0 4.0 8 150 M M 0 10 150
8 80 38 59 3 6 0 0.00 0.0 0 3.9 10 290 M M 0 14 260
9 82 38 60 4 5 0 0.00 0.0 0 3.4 10 160 M M 0 14 170
10 83 47 65 9 0 0 0.00 0.0 0 9.2 18 140 M M 0 24 140
11 82 54 68 12 0 3 0.00 0.0 0 4.5 15 330 M M 1 1 19 330
12 75 50 63 8 2 0 0.00 0.0 0 8.1 20 130 M M 1 24 140
13 78 49 64 9 1 0 T 0.0 0 14.4 32 330 M M 6 18 44 340
14 61 35 48 -7 17 0 0.00 0.0 0 6.3 15 140 M M 0 20 140
15 69 38 54 -1 11 0 0.00 0.0 0 5.4 13 340 M M 3 18 17 340
16 66 32 49 -6 16 0 0.00 0.0 0 3.9 14 350 M M 0 16 360
17 68 35 52 -3 13 0 0.00 0.0 0 7.3 14 140 M M 0 20 140
18 72 43 58 3 7 0 0.00 0.0 0 7.5 17 140 M M 6 21 160
19 79 48 64 9 1 0 T 0.0 0 7.5 20 320 M M 5 27 310
20 77 37 57 3 8 0 0.00 0.0 0 4.3 14 320 M M 0 17 300
21 81 36 59 5 6 0 0.00 0.0 0 5.0 13 130 M M 0 15 130
22 77 56 67 13 0 2 0.00 0.0 0 10.3 18 130 M M 6 22 150
23 79 58 69 15 0 4 0.00 0.0 0 6.3 24 30 M M 4 1 34 30
24 60 37 49 -5 16 0 0.00 0.0 M 10.0 29 360 M M 1 37 10
25 73 33 53 -1 12 0 0.00 0.0 0 4.5 10 210 M M 0 14 200
26 74 37 56 2 9 0 0.00 0.0 0 6.1 15 180 M M 0 19 170
27 81 48 65 11 0 0 0.00 0.0 M 5.8 12 180 M M 0 15 190
28 84 57 71 17 0 6 0.00 0.0 M 14.0 25 140 M M 4 36 140
29 85 66 76 22 0 11 T 0.0 M 15.0 26 150 M M 5 33 140
30 79 50 65 11 0 0 0.08 M M 10.0 29 20 M M 9 1 36 30
31 50 41 46 -8 19 0 0.54 M M 13.8 25 300 M M 9 13 35 290
================================================================================
SM 2262 1335 233 26 0.68 0.0 232.5 M 65
================================================================================
AV 73.0 43.1 7.5 FASTST M M 2 MAX(MPH)
MISC ----> 32 330 44 340
================================================================================
NOTES:
# LAST OF SEVERAL OCCURRENCES
COLUMN 17 PEAK WIND IN M.P.H.
PRELIMINARY LOCAL CLIMATOLOGICAL DATA (WS FORM: F-6) , PAGE 2
STATION: COTULLA
MONTH: DECEMBER
YEAR: 2020
LATITUDE: 28 27 N
LONGITUDE: 99 13 W
[TEMPERATURE DATA] [PRECIPITATION DATA] SYMBOLS USED IN COLUMN 16
AVERAGE MONTHLY: 58.0 TOTAL FOR MONTH: 0.68 1 = FOG OR MIST
DPTR FM NORMAL: 2.7 DPTR FM NORMAL: -0.46 2 = FOG REDUCING VISIBILITY
HIGHEST: 85 ON 29 GRTST 24HR 0.62 ON 30-31 TO 1/4 MILE OR LESS
LOWEST: 32 ON 16, 1 3 = THUNDER
SNOW, ICE PELLETS, HAIL 4 = ICE PELLETS
TOTAL MONTH: 0.0 INCH 5 = HAIL
GRTST 24HR 0.0 6 = FREEZING RAIN OR DRIZZLE
GRTST DEPTH: 0 7 = DUSTSTORM OR SANDSTORM:
VSBY 1/2 MILE OR LESS
8 = SMOKE OR HAZE
[NO. OF DAYS WITH] [WEATHER - DAYS WITH] 9 = BLOWING SNOW
X = TORNADO
MAX 32 OR BELOW: 0 0.01 INCH OR MORE: 3
MAX 90 OR ABOVE: 0 0.10 INCH OR MORE: 1
MIN 32 OR BELOW: 2 0.50 INCH OR MORE: 1
MIN 0 OR BELOW: 0 1.00 INCH OR MORE: 0
[HDD (BASE 65) ]
TOTAL THIS MO. 233 CLEAR (SCALE 0-3) 21
DPTR FM NORMAL -86 PTCLDY (SCALE 4-7) 8
TOTAL FM JUL 1 296 CLOUDY (SCALE 8-10) 2
DPTR FM NORMAL -156
[CDD (BASE 65) ]
TOTAL THIS MO. 26
DPTR FM NORMAL 8 [PRESSURE DATA]
TOTAL FM JAN 1 4402 HIGHEST SLP 30.53 ON 24
DPTR FM NORMAL 716 LOWEST SLP 29.69 ON 30
[REMARKS]
#FINAL-12-20#