000
CXUS53 KLSX 011803 CCB
CF6COU
PRELIMINARY LOCAL CLIMATOLOGICAL DATA (WS FORM: F-6)
STATION: COLUMBIA ASOS
MONTH: MARCH
YEAR: 2021
LATITUDE: 38 49 N
LONGITUDE: 92 13 W
TEMPERATURE IN F: :PCPN: SNOW: WIND :SUNSHINE: SKY :PK WND
================================================================================
1 2 3 4 5 6A 6B 7 8 9 10 11 12 13 14 15 16 17 18
12Z AVG MX 2MIN
DY MAX MIN AVG DEP HDD CDD WTR SNW DPTH SPD SPD DIR MIN PSBL S-S WX SPD DR
================================================================================
1 52 26 39 0 26 0 0.00 0.0 0 7.1 15 250 M M 0 21 340
2 59 28 44 4 21 0 0.00 0.0 0 10.1 20 250 M M 0 27 250
3 71 35 53 13 12 0 0.00 0.0 0 7.8 16 250 M M 0 23 250
4 69 42 56 16 9 0 0.00 0.0 0 10.1 20 80 M M 0 28 70
5 54 34 44 3 21 0 0.00 0.0 0 9.0 17 100 M M 2 23 70
6 61 32 47 6 18 0 0.00 0.0 0 5.7 14 200 M M 4 18 190
7 68 39 54 13 11 0 0.00 0.0 0 9.4 22 220 M M 1 28 220
8 69 40 55 13 10 0 0.00 0.0 0 10.0 20 200 M M 0 27 210
9 74 47 61 19 4 0 0.00 0.0 0 16.8 28 190 M M 0 38 190
10 72 60 66 23 0 1 T 0.0 0 19.6 31 200 M M 6 3 48 180
11 60 44 52 9 13 0 0.73 0.0 0 6.6 18 300 M M 9 13 24 300
12 54 43 49 6 16 0 0.31 0.0 0 10.1 22 70 M M 7 1 28 70
13 53 44 49 5 16 0 0.00 0.0 0 10.2 15 120 M M 9 22 110
14 53 45 49 5 16 0 0.51 0.0 0 16.6 31 100 M M 9 1 42 100
15 53 40 47 3 18 0 0.20 0.0 0 9.6 31 320 M M 8 123 41 320
16 49 39 44 -1 21 0 0.00 0.0 0 8.6 17 80 M M 10 12 22 70
17 49 38 44 -1 21 0 2.40 0.0 0 14.7 28 20 M M 10 13 39 30
18 45 34 40 -5 25 0 0.63 T 0 17.4 36 10 M M 10 1 44 360
19 54 33 44 -2 21 0 0.00 0.0 0 10.4 18 70 M M 0 23 80
20 63 33 48 2 17 0 0.00 0.0 0 7.7 15 140 M M 0 21 130
21 70 41 56 10 9 0 0.00 0.0 0 13.5 28 160 M M 0 35 150
22 67 49 58 11 7 0 0.00 0.0 0 11.7 22 170 M M 1 30 170
23 65 51 58 11 7 0 0.66 0.0 0 16.6 31 170 M M 9 1 42 170
24 54 42 48 0 17 0 0.00 0.0 0 12.9 24 210 M M 8 32 210
25 48 43 46 -2 19 0 0.36 0.0 0 9.5 20 90 M M 7 1 30 90
26 62 43 53 5 12 0 0.00 0.0 0 6.3 13 130 M M 5 19 120
27 77 45 61 12 4 0 0.00 0.0 0 13.4 28 330 M M 2 37 310
28 57 40 49 0 16 0 0.00 0.0 0 12.8 28 320 M M 1 42 290
29 75 39 57 8 8 0 0.00 0.0 0 16.4 30 180 M M 0 40 170
30 71 48 60 10 5 0 0.00 0.0 0 15.8 24 340 M M 5 33 210
31 51 34 43 -7 22 0 0.00 0.0 0 14.1 29 310 M M 1 41 310
================================================================================
SM 1879 1251 442 1 5.80 T 360.5 M 124
================================================================================
AV 60.6 40.4 11.6 FASTST M M 4 MAX(MPH)
MISC ----> 36 10 48 180
================================================================================
NOTES:
# LAST OF SEVERAL OCCURRENCES
COLUMN 17 PEAK WIND IN M.P.H.
PRELIMINARY LOCAL CLIMATOLOGICAL DATA (WS FORM: F-6) , PAGE 2
STATION: COLUMBIA ASOS
MONTH: MARCH
YEAR: 2021
LATITUDE: 38 49 N
LONGITUDE: 92 13 W
[TEMPERATURE DATA] [PRECIPITATION DATA] SYMBOLS USED IN COLUMN 16
AVERAGE MONTHLY: 50.5 TOTAL FOR MONTH: 5.80 1 = FOG OR MIST
DPTR FM NORMAL: 5.9 DPTR FM NORMAL: 2.89 2 = FOG REDUCING VISIBILITY
HIGHEST: 77 ON 27 GRTST 24HR 2.63 ON 17-18 TO 1/4 MILE OR LESS
LOWEST: 26 ON 1 3 = THUNDER
SNOW, ICE PELLETS, HAIL 4 = ICE PELLETS
TOTAL MONTH: T 5 = HAIL
GRTST 24HR T ON 18 6 = FREEZING RAIN OR DRIZZLE
GRTST DEPTH: 0 7 = DUSTSTORM OR SANDSTORM:
VSBY 1/2 MILE OR LESS
8 = SMOKE OR HAZE
[NO. OF DAYS WITH] [WEATHER - DAYS WITH] 9 = BLOWING SNOW
X = TORNADO
MAX 32 OR BELOW: 0 0.01 INCH OR MORE: 8
MAX 90 OR ABOVE: 0 0.10 INCH OR MORE: 8
MIN 32 OR BELOW: 3 0.50 INCH OR MORE: 5
MIN 0 OR BELOW: 0 1.00 INCH OR MORE: 1
[HDD (BASE 65) ]
TOTAL THIS MO. 442 CLEAR (SCALE 0-3) 16
DPTR FM NORMAL -194 PTCLDY (SCALE 4-7) 6
TOTAL FM JUL 1 4240 CLOUDY (SCALE 8-10) 9
DPTR FM NORMAL -342
[CDD (BASE 65) ]
TOTAL THIS MO. 1
DPTR FM NORMAL -2 [PRESSURE DATA]
TOTAL FM JAN 1 1 HIGHEST SLP 30.48 ON 31
DPTR FM NORMAL -2 LOWEST SLP 29.46 ON 23
[REMARKS]
#FINAL-03-21#