000
CXUS53 KLSX 011629
CF6CPS
PRELIMINARY LOCAL CLIMATOLOGICAL DATA (WS FORM: F-6)
STATION: CAHOKIA/ST. LOUIS
MONTH: JULY
YEAR: 2022
LATITUDE: 38 34 N
LONGITUDE: 90 9 W
TEMPERATURE IN F: :PCPN: SNOW: WIND :SUNSHINE: SKY :PK WND
================================================================================
1 2 3 4 5 6A 6B 7 8 9 10 11 12 13 14 15 16 17 18
12Z AVG MX 2MIN
DY MAX MIN AVG DEP HDD CDD WTR SNW DPTH SPD SPD DIR MIN PSBL S-S WX SPD DR
================================================================================
1 96 71 84 6 0 19 T 0.0 0 4.4 16 20 M M 1 21 30
2 80 71 76 -2 0 11 0.66 0.0 0 5.7 16 80 M M 6 13 20 70
3 90 69 80 2 0 15 T 0.0 0 4.6 10 130 M M 4 15 120
4 95 71 83 5 0 18 0.00 0.0 0 5.5 13 150 M M 1 18 170
5 100 76 88 10 0 23 0.00 0.0 0 5.2 12 190 M M 0 17 190
6 96 78 87 8 0 22 0.00 0.0 0 6.2 24 350 M M 2 3 32 360
7 89 75 82 3 0 17 T 0.0 0 5.6 20 40 M M 3 26 40
8 95 76 86 7 0 21 0.34 0.0 0 4.4 31 330 M M 3 13 41 340
9 84 70 77 -2 0 12 0.15 0.0 0 7.8 16 20 M M 10 1 21 20
10 89 65 77 -2 0 12 0.00 0.0 0 3.9150 9 M M M 80 14
11 96 64 80 1 0 15 0.00 0.0 0 5.4 15 340 M M 0 20 360
12 89 65 77 -2 0 12 0.00 0.0 0 9.6 15 350 M M 1 21 350
13 92 60 76 -3 0 11 0.00 0.0 0 2.7 14 340 M M 0 8 19 330
14 95 64 80 1 0 15 0.00 0.0 0 3.2 10 120 M M 1 16 160
15 90 65 78 -1 0 13 T 0.0 0 5.2 10 13 M M 1 14 120
16 100 80 90 11 0 25 0.00 0.0 0 6.9 16 360 M M 2 27 280
17 84 70 77 -2 0 12 0.75 0.0 0 3.3 12 330 M M 8 12 14 320
18 90 70 80 1 0 15 0.00 0.0 0 2.7 10 20 M M 5 12 14 10
19 92 69 81 2 0 16 0.00 0.0 0 5.8 14 160 M M 0 1 19 120
20 99 71 85 6 0 20 0.00 0.0 0 6.5 18 330 M M 0 1 26 290
21 98 66 82 3 0 17 0.00 0.0 0 3.4 14 320 M M 0 17 320
22 99 69 84 5 0 19 0.00 0.0 0 3.7 12 140 M M 0 15 150
23 100 75 88 9 0 23 0.00 0.0 0 8.1 17 150 M M 0 26 160
24 101 78 90 11 0 25 0.00 0.0 0 8.1 21 330 M M 1 28 340
25 83 70 77 -2 0 12 T 0.0 0 6.4 14 50 M M 4 18 60
26 84 60 72 -7 0 7 7.23 0.0 0 5.6 30 330 M M 8 1 40 330
27 83 72 78 -1 0 13 0.47 0.0 0 4.5 21 330 M M 3 1 28 330
28 88 68 78 -1 0 13 1.31 0.0 0 2.4 23 360 M M 4 1 38 10
29 83 65 74 -5 0 9 0.00 0.0 0 4.1 13 340 M M 1 1 17 340
30 83 63 73 -6 0 8 0.00 0.0 0 2.4 12 70 M M 1 14 70
31 85 68 77 -2 0 12 T 0.0 0 4.6 12 180 M M 7 17 170
================================================================================
SM 2828 2154 0 482 10.91 0.0 157.9 M 77
================================================================================
AV 91.2 69.5 5.1 FASTST M M 3 MAX(MPH)
MISC ----> 150 9 80 14
================================================================================
NOTES:
# LAST OF SEVERAL OCCURRENCES
COLUMN 17 PEAK WIND IN M.P.H.
PRELIMINARY LOCAL CLIMATOLOGICAL DATA (WS FORM: F-6) , PAGE 2
STATION: CAHOKIA/ST. LOUIS
MONTH: JULY
YEAR: 2022
LATITUDE: 38 34 N
LONGITUDE: 90 9 W
[TEMPERATURE DATA] [PRECIPITATION DATA] SYMBOLS USED IN COLUMN 16
AVERAGE MONTHLY: 80.4 TOTAL FOR MONTH: 10.91 1 = FOG OR MIST
DPTR FM NORMAL: 1.5 DPTR FM NORMAL: 7.21 2 = FOG REDUCING VISIBILITY
HIGHEST: 101 ON 24 GRTST 24HR 7.23 ON 25-26 TO 1/4 MILE OR LESS
LOWEST: 60 ON 26,13 3 = THUNDER
SNOW, ICE PELLETS, HAIL 4 = ICE PELLETS
TOTAL MONTH: 0.0 INCH 5 = HAIL
GRTST 24HR 0.0 6 = FREEZING RAIN OR DRIZZLE
GRTST DEPTH: 0 7 = DUSTSTORM OR SANDSTORM:
VSBY 1/2 MILE OR LESS
8 = SMOKE OR HAZE
[NO. OF DAYS WITH] [WEATHER - DAYS WITH] 9 = BLOWING SNOW
X = TORNADO
MAX 32 OR BELOW: 0 0.01 INCH OR MORE: 7
MAX 90 OR ABOVE: 18 0.10 INCH OR MORE: 7
MIN 32 OR BELOW: 0 0.50 INCH OR MORE: 4
MIN 0 OR BELOW: 0 1.00 INCH OR MORE: 2
[HDD (BASE 65) ]
TOTAL THIS MO. 0 CLEAR (SCALE 0-3) 20
DPTR FM NORMAL 0 PTCLDY (SCALE 4-7) 9
TOTAL FM JUL 1 0 CLOUDY (SCALE 8-10) 2
DPTR FM NORMAL 0
[CDD (BASE 65) ]
TOTAL THIS MO. 482
DPTR FM NORMAL 51 [PRESSURE DATA]
TOTAL FM JAN 1 1010 HIGHEST SLP 30.19 ON 30
DPTR FM NORMAL 107 LOWEST SLP 29.70 ON 20
[REMARKS]
#FINAL-07-22#