000
CXUS52 KJAX 011614
CF6CRG
PRELIMINARY LOCAL CLIMATOLOGICAL DATA (WS FORM: F-6)
STATION: CRAIG EXEC ARPT
MONTH: MAY
YEAR: 2021
LATITUDE: 30 19 N
LONGITUDE: 81 31 W
TEMPERATURE IN F: :PCPN: SNOW: WIND :SUNSHINE: SKY :PK WND
================================================================================
1 2 3 4 5 6A 6B 7 8 9 10 11 12 13 14 15 16 17 18
12Z AVG MX 2MIN
DY MAX MIN AVG DEP HDD CDD WTR SNW DPTH SPD SPD DIR MIN PSBL S-S WX SPD DR
================================================================================
1 81 59 70 -1 0 5 0.00 0.0 0 5.4 14 340 M M 0 21 40
2 83 66 75 3 0 10 0.01 0.0 0 8.6 16 140 M M 3 1 26 130
3 94 70 82 10 0 17 0.00 0.0 0 7.3 18 230 M M 0 31 210
4 96 72 84 12 0 19 0.00 0.0 0 9.6 18 230 M M 1 26 230
5 96 70 83 11 0 18 0.01 0.0 0 9.3 23 240 M M 2 3 35 250
6 86 72 79 7 0 14 0.09 0.0 0 5.7 16 310 M M 4 13 24 280
7 83 63 73 0 0 8 0.00 0.0 0 11.4 23 320 M M 0 33 300
8 78 53 66 -7 0 1 0.00 0.0 0 5.4 14 90 M M 0 20 90
9 86 55 71 -2 0 6 0.00 0.0 0 8.4 20 150 M M 0 1 26 160
10 89 71 80 7 0 15 0.00 0.0 0 8.1 20 250 M M 3 3 27 250
11 88 71 80 7 0 15 0.15 0.0 0 5.0 14 360 M M 4 13 20 360
12 90 69 80 6 0 15 0.01 0.0 0 6.4 23 310 M M 4 13 31 40
13 69 58 64 -10 1 0 0.12 0.0 0 9.6 21 20 M M 8 1 31 20
14 76 59 68 -6 0 3 0.00 0.0 0 11.3 23 40 M M 1 33 20
15 78 57 68 -6 0 3 0.00 0.0 0 10.7 22 30 M M 0 35 50
16 80 53 67 -7 0 2 0.00 0.0 0 7.2 18 50 M M 0 1 27 90
17 81 58 70 -5 0 5 0.00 0.0 0 5.9 16 110 M M 2 24 40
18 82 66 74 -1 0 9 0.01 0.0 0 9.5 20 100 M M 3 31 160
19 83 68 76 1 0 11 0.00 0.0 0 11.6 22 110 M M 2 31 140
20 82 72 77 2 0 12 0.00 0.0 0 12.4 23 110 M M 2 31 90
21 80 66 73 -2 0 8 0.03 0.0 0 8.3 22 60 M M 4 1 31 60
22 83 64 74 -2 0 9 0.00 0.0 0 6.6 16 80 M M 2 22 80
23 85 61 73 -3 0 8 0.00 0.0 0 3.7 13 100 M M 0 20 110
24 90 62 76 0 0 11 0.00 0.0 0 5.7 14 110 M M 0 19 110
25 91 61 76 0 0 11 0.00 0.0 0 6.9 16 140 M M 0 21 140
26 91 67 79 3 0 14 0.00 0.0 0 7.0 14 150 M M 0 19 140
27 93 67 80 3 0 15 0.00 0.0 0 6.5 14 140 M M 1 21 150
28 92 70 81 4 0 16 0.00 0.0 0 6.7 16 160 M M 3 24 170
29 93 74 84 7 0 19 0.00 0.0 0 10.0 18 210 M M 2 26 260
30 88 70 79 2 0 14 0.00 0.0 0 7.2 13 70 M M 0 20 60
31 82 70 76 -1 0 11 0.00 0.0 0 10.7 17 90 M M 3 27 100
================================================================================
SM 2649 2014 1 324 0.43 0.0 248.1 M 54
================================================================================
AV 85.5 65.0 8.0 FASTST M M 2 MAX(MPH)
MISC ----> # 23 240 # 35 250
================================================================================
NOTES:
# LAST OF SEVERAL OCCURRENCES
COLUMN 17 PEAK WIND IN M.P.H.
PRELIMINARY LOCAL CLIMATOLOGICAL DATA (WS FORM: F-6) , PAGE 2
STATION: CRAIG EXEC ARPT
MONTH: MAY
YEAR: 2021
LATITUDE: 30 19 N
LONGITUDE: 81 31 W
[TEMPERATURE DATA] [PRECIPITATION DATA] SYMBOLS USED IN COLUMN 16
AVERAGE MONTHLY: 75.2 TOTAL FOR MONTH: 0.43 1 = FOG OR MIST
DPTR FM NORMAL: 0.8 DPTR FM NORMAL: -2.61 2 = FOG REDUCING VISIBILITY
HIGHEST: 96 ON 5, 4 GRTST 24HR 0.16 ON 11-12 TO 1/4 MILE OR LESS
LOWEST: 53 ON 16, 8 3 = THUNDER
SNOW, ICE PELLETS, HAIL 4 = ICE PELLETS
TOTAL MONTH: 0.0 INCH 5 = HAIL
GRTST 24HR 0.0 6 = FREEZING RAIN OR DRIZZLE
GRTST DEPTH: 0 7 = DUSTSTORM OR SANDSTORM:
VSBY 1/2 MILE OR LESS
8 = SMOKE OR HAZE
[NO. OF DAYS WITH] [WEATHER - DAYS WITH] 9 = BLOWING SNOW
X = TORNADO
MAX 32 OR BELOW: 0 0.01 INCH OR MORE: 8
MAX 90 OR ABOVE: 10 0.10 INCH OR MORE: 2
MIN 32 OR BELOW: 0 0.50 INCH OR MORE: 0
MIN 0 OR BELOW: 0 1.00 INCH OR MORE: 0
[HDD (BASE 65) ]
TOTAL THIS MO. 1 CLEAR (SCALE 0-3) 23
DPTR FM NORMAL -1 PTCLDY (SCALE 4-7) 8
TOTAL FM JUL 1 905 CLOUDY (SCALE 8-10) 0
DPTR FM NORMAL -205
[CDD (BASE 65) ]
TOTAL THIS MO. 324
DPTR FM NORMAL 32 [PRESSURE DATA]
TOTAL FM JAN 1 678 HIGHEST SLP 30.37 ON 21
DPTR FM NORMAL 151 LOWEST SLP 29.82 ON 29
[REMARKS]
#FINAL-05-21#