000
CXUS54 KCRP 022139
CLMCRP
CLIMATE REPORT
NATIONAL WEATHER SERVICE CORPUS CHRISTI TX
321 PM CST FRI FEB 02 2024
...................................
...THE CORPUS CHRISTI CLIMATE SUMMARY FOR THE MONTH OF JANUARY
2024...
CLIMATE NORMAL PERIOD 1991 TO 2020
CLIMATE RECORD PERIOD 1887 TO 2024
WEATHER OBSERVED NORMAL DEPART LAST YEAR`S
VALUE DATE(S) VALUE FROM VALUE DATE(S)
NORMAL
................................................................
TEMPERATURE (F)
RECORD
HIGH 92 01/21/2017
LOW 14 01/12/1962
01/18/1930
HIGHEST 82 01/08 66 16 87 01/18
LOWEST 24 01/16 47 -23 35 01/31
01/17
AVG. MAXIMUM 66.4 67.9 -1.5 74.3
AVG. MINIMUM 45.8 48.0 -2.2 51.2
MEAN 56.1 58.0 -1.9 62.8
DAYS MAX >= 90 0 0.1 -0.1 0
DAYS MAX <= 32 0 0.0 0.0 0
DAYS MIN <= 32 3 1.3 1.7 0
DAYS MIN <= 0 0 0.0 0.0 0
PRECIPITATION (INCHES)
RECORD
MAXIMUM 10.78 1958
MINIMUM T 1909
TOTALS 3.41 1.39 2.02 0.72
DAILY AVG. 0.11 0.04 0.07 0.02
DAYS >= .01 10 6.9 3.1 5
DAYS >= .10 6 2.8 3.2 1
DAYS >= .50 3 0.8 2.2 1
DAYS >= 1.00 1 0.3 0.7 0
GREATEST
24 HR. TOTAL 1.21 01/04 TO 01/05 0.51
SNOWFALL (INCHES)
RECORDS
TOTAL 3.0 1897
24 HR TOTAL 3.0 01/29/1897 TO 01/29/1897
TOTALS T 0.0 0.0 0.0
SINCE 7/1 T 0.2 -0.2 MM
SNOWDEPTH AVG. 0 0
DAYS >= 1.0 0 0.0 0.0 0
GREATEST
SNOW DEPTH 0 0
24 HR TOTAL T 01/15 TO 01/15 0.0
DEGREE DAYS
HEATING TOTAL 283 253 30 132
SINCE 7/1 502 576 -74 MM
COOLING TOTAL 14 34 -20 70
SINCE 1/1 14 34 -20 MM
................................................................
WIND (MPH)
AVERAGE WIND SPEED 11.4
HIGHEST WIND SPEED/DIRECTION 43/350 DATE 01/12
HIGHEST GUST SPEED/DIRECTION 63/350 DATE 01/12
SKY COVER
AVERAGE SKY COVER 0.71
AVERAGE RH (PERCENT) 75
WEATHER CONDITIONS. NUMBER OF DAYS WITH
THUNDERSTORM 3 MIXED PRECIP 1
HEAVY RAIN 4 RAIN 5
LIGHT RAIN 13 FREEZING RAIN 0
LT FREEZING RAIN 1 HAIL 0
HEAVY SNOW 0 SNOW 0
LIGHT SNOW 0 SLEET 1
FOG 19 FOG W/VIS <= 1/4 MILE 5
HAZE 0
- INDICATES NEGATIVE NUMBERS.
R INDICATES RECORD WAS SET OR TIED.
MM INDICATES DATA IS MISSING.
T INDICATES TRACE AMOUNT.
$$
EMF