000
CXUS56 KSGX 011245
CF6CRQ
PRELIMINARY LOCAL CLIMATOLOGICAL DATA (WS FORM: F-6)
STATION: CARLSBAD PALOMAR AIRPORT CA
MONTH: NOVEMBER
YEAR: 2020
LATITUDE: 33 7 N
LONGITUDE: 117 17 W
TEMPERATURE IN F: :PCPN: SNOW: WIND :SUNSHINE: SKY :PK WND
================================================================================
1 2 3 4 5 6A 6B 7 8 9 10 11 12 13 14 15 16 17 18
12Z AVG MX 2MIN
DY MAX MIN AVG DEP HDD CDD WTR SNW DPTH SPD SPD DIR MIN PSBL S-S WX SPD DR
================================================================================
1 81 58 70 7 0 5 0.00 0.0 0 2.7 9 260 M M 0 8 12 290
2 71 56 64 1 1 0 0.00 0.0 0 2.0 9 230 M M 2 128 12 270
3 73 56 65 3 0 0 0.00 0.0 0 2.4 10 240 M M 3 12 14 260
4 73 55 64 2 1 0 0.00 0.0 0 1.8 10 260 M M 2 128 13 260
5 83 58 71 9 0 6 0.00 0.0 0 2.7 13 210 M M 0 8 15 210
6 71 59 65 3 0 0 T 0.0 0 7.8 18 250 M M 5 18 24 260
7 62 51 57 -5 8 0 0.50 0.0 0 8.7 25 260 M M 7 18 41 230
8 61 50 56 -5 9 0 0.11 0.0 0 7.4 23 250 M M 6 1 33 250
9 60 47 54 -7 11 0 0.02 M 0 3.4 10 260 M M 1 15 250
10 66 44 55 -6 10 0 0.00 0.0 0 3.1 13 260 M M 0 16 260
11 65 46 56 -5 9 0 0.00 0.0 0 3.2 13 240 M M 0 15 270
12 65 48 57 -3 8 0 0.00 0.0 0 3.0 9 260 M M 0 13 260
13 63 49 56 -4 9 0 0.00 0.0 0 3.2 10 260 M M 1 16 240
14 68 52 60 0 5 0 0.00 0.0 0 4.8 13 90 M M 2 15 230
15 78 54 66 6 0 1 0.00 0.0 0 2.1 9 250 M M 0 12 250
16 83 57 70 10 0 5 0.00 0.0 0 2.9 12 200 M M 0 13 220
17 76 54 65 6 0 0 0.00 0.0 0 2.3 10 250 M M 0 12 13 260
18 63 49 56 -3 9 0 0.00 0.0 0 2.3 9 260 M M 4 128 13 250
19 65 51 58 -1 7 0 0.00 0.0 0 2.1 10 260 M M 2 128 15 290
20 69 50 60 1 5 0 0.00 0.0 0 2.2 9 260 M M 1 128 12 250
21 69 51 60 2 5 0 0.00 0.0 0 1.9 9 250 M M 0 18 13 230
22 67 53 60 2 5 0 0.00 0.0 0 2.3 10 260 M M 1 128 12 260
23 63 53 58 0 7 0 0.00 0.0 0 4.6 12 240 M M 7 18 14 240
24 64 52 58 0 7 0 0.00 0.0 0 3.2 9 260 M M 2 14 250
25 63 48 56 -2 9 0 0.00 0.0 0 2.6 10 260 M M 2 18 14 290
26 64 51 58 1 7 0 0.00 0.0 0 4.4 10 260 M M 5 18 14 270
27 71 46 59 2 6 0 0.00 0.0 0 2.7 12 280 M M 0 19 280
28 70 45 58 1 7 0 0.00 0.0 0 2.2 10 250 M M 0 13 240
29 71 46 59 2 6 0 0.00 0.0 0 3.3 12 260 M M 0 13 250
30 72 48 60 3 5 0 0.00 0.0 0 2.4 10 260 M M 0 14 260
================================================================================
SM 2070 1537 156 17 0.63 0.0 99.7 M 53
================================================================================
AV 69.0 51.2 3.3 FASTST M M 2 MAX(MPH)
MISC ----> # 25 260 # 41 230
================================================================================
NOTES:
# LAST OF SEVERAL OCCURRENCES
COLUMN 17 PEAK WIND IN M.P.H.
PRELIMINARY LOCAL CLIMATOLOGICAL DATA (WS FORM: F-6) , PAGE 2
STATION: CARLSBAD PALOMAR AIRPORT CA
MONTH: NOVEMBER
YEAR: 2020
LATITUDE: 33 7 N
LONGITUDE: 117 17 W
[TEMPERATURE DATA] [PRECIPITATION DATA] SYMBOLS USED IN COLUMN 16
AVERAGE MONTHLY: 60.1 TOTAL FOR MONTH: 0.63 1 = FOG OR MIST
DPTR FM NORMAL: 0.4 DPTR FM NORMAL: -0.49 2 = FOG REDUCING VISIBILITY
HIGHEST: 83 ON 16, 5 GRTST 24HR 0.50 ON 7- 7 TO 1/4 MILE OR LESS
LOWEST: 44 ON 10 3 = THUNDER
SNOW, ICE PELLETS, HAIL 4 = ICE PELLETS
TOTAL MONTH: 0.0 INCH 5 = HAIL
GRTST 24HR 0.0 6 = FREEZING RAIN OR DRIZZLE
GRTST DEPTH: 0 7 = DUSTSTORM OR SANDSTORM:
VSBY 1/2 MILE OR LESS
8 = SMOKE OR HAZE
[NO. OF DAYS WITH] [WEATHER - DAYS WITH] 9 = BLOWING SNOW
X = TORNADO
MAX 32 OR BELOW: 0 0.01 INCH OR MORE: 3
MAX 90 OR ABOVE: 0 0.10 INCH OR MORE: 2
MIN 32 OR BELOW: 0 0.50 INCH OR MORE: 1
MIN 0 OR BELOW: 0 1.00 INCH OR MORE: 0
[HDD (BASE 65) ]
TOTAL THIS MO. 156 CLEAR (SCALE 0-3) 23
DPTR FM NORMAL -18 PTCLDY (SCALE 4-7) 7
TOTAL FM JUL 1 161 CLOUDY (SCALE 8-10) 0
DPTR FM NORMAL -66
[CDD (BASE 65) ]
TOTAL THIS MO. 17
DPTR FM NORMAL 2 [PRESSURE DATA]
TOTAL FM JAN 1 906 HIGHEST SLP 30.18 ON 28
DPTR FM NORMAL 421 LOWEST SLP 29.66 ON 6
[REMARKS]
#FINAL-11-20#