000
CXUS54 KFWD 010830
CF6CRS
PRELIMINARY LOCAL CLIMATOLOGICAL DATA (WS FORM: F-6)
STATION: CORSICANA
MONTH: JANUARY
YEAR: 2021
LATITUDE: 32 1 N
LONGITUDE: 96 24 W
TEMPERATURE IN F: :PCPN: SNOW: WIND :SUNSHINE: SKY :PK WND
================================================================================
1 2 3 4 5 6A 6B 7 8 9 10 11 12 13 14 15 16 17 18
12Z AVG MX 2MIN
DY MAX MIN AVG DEP HDD CDD WTR SNW DPTH SPD SPD DIR MIN PSBL S-S WX SPD DR
================================================================================
1 43 37 40 -7 25 0 T M M 13.3 21 280 M M 10 1 27 250
2 55 35 45 -2 20 0 0.00 M M 7.7 16 280 M M 3 23 290
3 66 38 52 5 13 0 0.00 M M 11.5 24 210 M M 0 32 220
4 69 40 55 8 10 0 0.00 M M 4.6 10 210 M M 0 13 350
5 68 37 53 6 12 0 0.00 M M 7.5 14 160 M M 1 18 140
6 60 48 54 7 11 0 0.36 M M 13.3 26 300 M M 9 13 33 300
7 49 45 47 0 18 0 0.00 M M 13.7 24 310 M M 10 33 330
8 48 36 42 -5 23 0 0.00 M M 6.8 16 320 M M 7 25 330
9 50 28 39 -8 26 0 0.00 M M 5.6 13 50 M M 0 18 17 50
10 42 33 38 -9 27 0 0.05 M M 5.8 12 360 M M 10 1 16 30
11 45 32 39 -8 26 0 0.00 M M 4.8 12 330 M M 6 18 15 330
12 52 28 40 -7 25 0 0.00 M M 6.4 13 210 M M 0 1 19 230
13 61 32 47 0 18 0 0.00 M M 10.2 16 190 M M 0 23 190
14 65 39 52 5 13 0 0.00 M M 13.3 28 350 M M 0 43 350
15 55 35 45 -3 20 0 0.00 M M 15.0 33 290 M M 1 48 280
16 59 29 44 -4 21 0 0.00 M M 7.1 16 280 M M 1 21 310
17 62 35 49 1 16 0 0.00 M M 7.5 16 340 M M 0 22 330
18 70 36 53 5 12 0 0.00 M M 11.3 22 180 M M 4 30 170
19 59 49 54 6 11 0 0.17 M M 8.0 16 20 M M 10 1 26 30
20 53 46 50 2 15 0 T M M 5.5 14 300 M M 10 1 16 300
21 58 48 53 5 12 0 T M M 6.7 15 180 M M 9 1 21 180
22 54 50 52 4 13 0 T M M 6.9 12 10 M M 9 12 17 10
23 56 50 53 5 12 0 T M M 6.3 13 90 M M 10 12 16 90
24 68 53 61 13 4 0 T M M 7.3 21 150 M M 10 12 28 150
25 72 48 60 12 5 0 0.20 M M 10.4 32 280 M M 5 13 43 280
26 62 42 52 4 13 0 0.00 M M 8.9 21 350 M M 1 30 350
27 54 36 45 -3 20 0 0.00 M M 10.2 22 340 M M 3 30 350
28 50 32 41 -7 24 0 0.00 M M 5.1 10 50 M M 0 15 70
29 63 40 52 4 13 0 0.00 M M 9.7 17 170 M M 0 22 150
30 79 54 67 18 0 2 T M M 14.7 29 210 M M 7 18 39 200
31 59 43 51 2 14 0 0.00 M M 14.5 24 330 M M 0 35 320
================================================================================
SM 1806 1234 492 2 0.78 M 279.6 M 136
================================================================================
AV 58.3 39.8 9.0 FASTST M M 4 MAX(MPH)
MISC ----> 33 290 48 280
================================================================================
NOTES:
# LAST OF SEVERAL OCCURRENCES
COLUMN 17 PEAK WIND IN M.P.H.
PRELIMINARY LOCAL CLIMATOLOGICAL DATA (WS FORM: F-6) , PAGE 2
STATION: CORSICANA
MONTH: JANUARY
YEAR: 2021
LATITUDE: 32 1 N
LONGITUDE: 96 24 W
[TEMPERATURE DATA] [PRECIPITATION DATA] SYMBOLS USED IN COLUMN 16
AVERAGE MONTHLY: 49.0 TOTAL FOR MONTH: 0.78 1 = FOG OR MIST
DPTR FM NORMAL: 1.4 DPTR FM NORMAL: -2.00 2 = FOG REDUCING VISIBILITY
HIGHEST: 79 ON 30 GRTST 24HR 0.67 ON 31- 1 TO 1/4 MILE OR LESS
LOWEST: 28 ON 12, 9 3 = THUNDER
SNOW, ICE PELLETS, HAIL 4 = ICE PELLETS
TOTAL MONTH: M 5 = HAIL
GRTST 24HR M ON M 6 = FREEZING RAIN OR DRIZZLE
GRTST DEPTH: M ON M 7 = DUSTSTORM OR SANDSTORM:
VSBY 1/2 MILE OR LESS
8 = SMOKE OR HAZE
[NO. OF DAYS WITH] [WEATHER - DAYS WITH] 9 = BLOWING SNOW
X = TORNADO
MAX 32 OR BELOW: 0 0.01 INCH OR MORE: 4
MAX 90 OR ABOVE: 0 0.10 INCH OR MORE: 3
MIN 32 OR BELOW: 6 0.50 INCH OR MORE: 0
MIN 0 OR BELOW: 0 1.00 INCH OR MORE: 0
[HDD (BASE 65) ]
TOTAL THIS MO. 492 CLEAR (SCALE 0-3) 15
DPTR FM NORMAL -49 PTCLDY (SCALE 4-7) 6
TOTAL FM JUL 1 1165 CLOUDY (SCALE 8-10) 10
DPTR FM NORMAL -216
[CDD (BASE 65) ]
TOTAL THIS MO. 2
DPTR FM NORMAL -1 [PRESSURE DATA]
TOTAL FM JAN 1 2 HIGHEST SLP 30.65 ON 28
DPTR FM NORMAL -1 LOWEST SLP 29.62 ON 25
[REMARKS]
#FINAL-01-21#