000
CXUS52 KFFC 042222
CLMCSG
CLIMATE REPORT
NATIONAL WEATHER SERVICE PEACHTREE CITY GA
622 PM EDT THU MAY 04 2023
...................................
...THE COLUMBUS CLIMATE SUMMARY FOR THE MONTH OF APRIL 2023...
CLIMATE NORMAL PERIOD: 1991 TO 2020
CLIMATE RECORD PERIOD: 1948 TO 2023
WEATHER OBSERVED NORMAL DEPART LAST YEAR`S
VALUE DATE(S) VALUE FROM VALUE DATE(S)
NORMAL
................................................................
TEMPERATURE (F)
RECORD
HIGH 94 04/30/2012
LOW 28 04/07/1950
HIGHEST 89 04/05 93 -4 86 04/25
LOWEST 43 04/18 30 13 37 04/10
AVG. MAXIMUM 77.2 77.7 -0.5 77.1
AVG. MINIMUM 53.9 54.0 -0.1 52.3
MEAN 65.5 65.8 -0.3 64.7
DAYS MAX >= 90 0 0.3 -0.3 0
DAYS MAX <= 32 0 0.0 0.0 0
DAYS MIN <= 32 0 0.0 0.0 0
DAYS MIN <= 0 0 0.0 0.0 0
PRECIPITATION (INCHES)
RECORD
MAXIMUM 10.57 2020
MINIMUM 0.49 2012
TOTALS 2.93 4.03 -1.10 6.35
DAILY AVG. 0.10 0.13 -0.03 0.21
DAYS >= .01 10 8.0 2.0 8
DAYS >= .10 7 5.7 1.3 6
DAYS >= .50 3 2.7 0.3 4
DAYS >= 1.00 0 1.3 -1.3 2
GREATEST
24 HR. TOTAL 0.72 04/29 TO 04/30 2.48 04/05 TO 04/06
SNOWFALL (INCHES)
RECORDS
TOTAL MM MM
24 HR TOTAL MM
TOTALS 0.0 0.0 0.0 0.0
SINCE 7/1 0.0 0.5 -0.5 MM
SNOWDEPTH AVG. MM MM
DAYS >= TRACE 0 0.0 0.0 0
DAYS >= 1.0 0 0.0 0.0 0
GREATEST
24 HR TOTAL MM MM
DEGREE DAYS
HEATING TOTAL 53 71 -18 75
SINCE 7/1 1552 1936 -384 MM
COOLING TOTAL 75 96 -21 73
SINCE 1/1 188 136 52 MM
................................................................
WIND (MPH)
AVERAGE WIND SPEED 6.4
HIGHEST WIND SPEED/DIRECTION 26/310 DATE 04/30
HIGHEST GUST SPEED/DIRECTION 38/180 DATE 04/15
SKY COVER
POSSIBLE SUNSHINE (PERCENT) MM
AVERAGE SKY COVER 0.39
NUMBER OF DAYS FAIR 13
NUMBER OF DAYS PC 16
NUMBER OF DAYS CLOUDY 1
AVERAGE RH (PERCENT) 64
WEATHER CONDITIONS. NUMBER OF DAYS WITH
THUNDERSTORM 5 MIXED PRECIP 0
HEAVY RAIN 5 RAIN 4
LIGHT RAIN 11 FREEZING RAIN 0
LT FREEZING RAIN 0 HAIL 0
HEAVY SNOW 0 SNOW 0
LIGHT SNOW 0 SLEET 0
FOG 13 FOG W/VIS <= 1/4 MILE 1
HAZE 0
- INDICATES NEGATIVE NUMBERS.
R INDICATES RECORD WAS SET OR TIED.
MM INDICATES DATA IS MISSING.
T INDICATES TRACE AMOUNT.
$$