000
CXUS55 KOHX 011210
CF6CSV
PRELIMINARY LOCAL CLIMATOLOGICAL DATA (WS FORM: F-6)
STATION: CROSSVILLE
MONTH: FEBRUARY
YEAR: 2022
LATITUDE: 35 57 N
LONGITUDE: 85 5 W
TEMPERATURE IN F: :PCPN: SNOW: WIND :SUNSHINE: SKY :PK WND
================================================================================
1 2 3 4 5 6A 6B 7 8 9 10 11 12 13 14 15 16 17 18
12Z AVG MX 2MIN
DY MAX MIN AVG DEP HDD CDD WTR SNW DPTH SPD SPD DIR MIN PSBL S-S WX SPD DR
================================================================================
1 55 31 43 7 22 0 0.00 M M 6.0 16 180 M M 0 8 27 200
2 53 43 48 12 17 0 0.83 M M 8.7 20 160 M M 8 1 36 160
3 57 34 46 10 19 0 1.24 M M 7.9 18 180 M M 10 1 33 180
4 34 23 29 -8 36 0 0.03 M M 8.5 15 320 M M 10 1 23 330
5 33 17 25 -12 40 0 0.00 M M 5.3 12 360 M M 1 17 340
6 45 19 32 -5 33 0 0.00 M M 3.3 12 160 M M 0 18 140
7 47 22 35 -2 30 0 0.00 M M 4.5 14 280 M M 0 20 290
8 49 20 35 -2 30 0 0.00 M M 3.9 13 280 M M 0 20 320
9 56 31 44 6 21 0 0.00 M M 6.4 26 270 M M 1 33 260
10 54 29 42 4 23 0 0.00 M M 5.8 22 270 M M 0 31 300
11 63 36 50 12 15 0 0.00 M M 8.0 25 260 M M 3 39 230
12 54 26 40 2 25 0 T M M 8.3 15 320 M M 7 21 310
13 37 19 28 -10 37 0 0.00 M M 7.8 15 350 M M 3 21 360
14 43 18 31 -8 34 0 0.00 M M 4.0 16 270 M M 0 22 270
15 59 24 42 3 23 0 0.00 M M 6.3 16 180 M M 0 28 150
16 60 44 52 13 13 0 0.00 M M 11.3 20 180 M M 3 36 190
17 61 35 48 9 17 0 0.83 M M 15.1 29 280 M M 9 128 45 210
18 35 20 28 -12 37 0 T M M 5.9 17 280 M M 6 18 24 310
19 44 18 31 -9 34 0 0.00 0.0 M 5.6 16 320 M M 0 23 360
20 54 21 38 -2 27 0 0.00 M M 5.1 14 160 M M 0 22 170
21 57 43 50 10 15 0 0.13 M M 9.9 21 190 M M 5 1 39 170
22 61 50 56 16 9 0 2.24 M M 7.8 18 200 M M 10 13 36 220
23 55 35 45 4 20 0 0.88 M M 6.3 14 30 M M 10 18 19 60
24 62 43 53 12 12 0 2.26 M M 6.5 25 300 M M 9 1 43 300
25 61 28 45 4 20 0 0.23 M M 10.0 23 280 M M 10 138 32 280
26 35 28 32 -9 33 0 0.04 M M 6.2 13 30 M M 9 1 18 50
27 48 33 41 -1 24 0 0.22 M M 5.5 13 50 M M 7 1 16 40
28 56 27 42 0 23 0 0.00 M M 2.6 9 280 M M 0 14 250
================================================================================
SM 1428 817 689 0 8.93 0.0 192.5 M 121
================================================================================
AV 51.0 29.2 6.9 FASTST M M 4 MAX(MPH)
MISC ----> 29 280 45 210
================================================================================
NOTES:
# LAST OF SEVERAL OCCURRENCES
COLUMN 17 PEAK WIND IN M.P.H.
PRELIMINARY LOCAL CLIMATOLOGICAL DATA (WS FORM: F-6) , PAGE 2
STATION: CROSSVILLE
MONTH: FEBRUARY
YEAR: 2022
LATITUDE: 35 57 N
LONGITUDE: 85 5 W
[TEMPERATURE DATA] [PRECIPITATION DATA] SYMBOLS USED IN COLUMN 16
AVERAGE MONTHLY: 40.1 TOTAL FOR MONTH: 8.93 1 = FOG OR MIST
DPTR FM NORMAL: 1.3 DPTR FM NORMAL: 3.80 2 = FOG REDUCING VISIBILITY
HIGHEST: 63 ON 11 GRTST 24HR 2.71 ON 22-23 TO 1/4 MILE OR LESS
LOWEST: 17 ON 5 3 = THUNDER
SNOW, ICE PELLETS, HAIL 4 = ICE PELLETS
TOTAL MONTH: 0.0 INCH 5 = HAIL
GRTST 24HR 0.0 6 = FREEZING RAIN OR DRIZZLE
GRTST DEPTH: M ON M 7 = DUSTSTORM OR SANDSTORM:
VSBY 1/2 MILE OR LESS
8 = SMOKE OR HAZE
[NO. OF DAYS WITH] [WEATHER - DAYS WITH] 9 = BLOWING SNOW
X = TORNADO
MAX 32 OR BELOW: 0 0.01 INCH OR MORE: 11
MAX 90 OR ABOVE: 0 0.10 INCH OR MORE: 9
MIN 32 OR BELOW: 18 0.50 INCH OR MORE: 6
MIN 0 OR BELOW: 0 1.00 INCH OR MORE: 3
[HDD (BASE 65) ]
TOTAL THIS MO. 689 CLEAR (SCALE 0-3) 12
DPTR FM NORMAL -45 PTCLDY (SCALE 4-7) 7
TOTAL FM JUL 1 3043 CLOUDY (SCALE 8-10) 9
DPTR FM NORMAL -329
[CDD (BASE 65) ]
TOTAL THIS MO. 0
DPTR FM NORMAL 0 [PRESSURE DATA]
TOTAL FM JAN 1 0 HIGHEST SLP 30.49 ON 15
DPTR FM NORMAL 0 LOWEST SLP 29.60 ON 17
[REMARKS]
#FINAL-02-22#