000
CXUS52 KTAE 010800
CF6CTY
PRELIMINARY LOCAL CLIMATOLOGICAL DATA (WS FORM: F-6)
STATION: CROSS CITY
MONTH: MARCH
YEAR: 2023
LATITUDE: 29 37 N
LONGITUDE: 83 6 W
TEMPERATURE IN F: :PCPN: SNOW: WIND :SUNSHINE: SKY :PK WND
================================================================================
1 2 3 4 5 6A 6B 7 8 9 10 11 12 13 14 15 16 17 18
12Z AVG MX 2MIN
DY MAX MIN AVG DEP HDD CDD WTR SNW DPTH SPD SPD DIR MIN PSBL S-S WX SPD DR
================================================================================
1 81 63 72 12 0 7 0.00 M M 5.8 14 220 M M 8 128 17 230
2 82 59 71 11 0 6 0.00 0.0 0 6.1 16 180 M M 3 128 22 180
3 82 59 71 11 0 6 0.02 0.0 0 12.5 29 190 M M 7 128 36 180
4 79 62 71 11 0 6 0.13 0.0 0 9.0 14 220 M M 9 1 23 210
5 84 52 68 8 0 3 0.00 0.0 0 3.1 12 230 M M 4 12 M M
6 86 57 72 11 0 7 0.00 0.0 0 3.4 13 260 M M 5 12 17 330
7 84 63 74 13 0 9 0.00 0.0 0 6.6 14 230 M M 5 128 18 270
8 81 59 70 9 0 5 0.00 0.0 M 6.5 13 80 M M 2 18 22 60
9 79 48 64 3 1 0 0.00 0.0 0 3.6 8 90 M M 3 M M
10 79 57 68 7 0 3 0.00 0.0 0 7.1 15 210 M M 5 1 22 230
11 79 48 64 2 1 0 0.00 0.0 M 5.7 12 350 M M 0 1 M M
12 79 45 62 0 3 0 0.18 0.0 0 8.5 20 200 M M 5 28 200
13 73 61 67 5 0 2 2.32 0.0 0 7.0 20 220 M M 6 138 25 220
14 68 45 57 -5 8 0 0.00 0.0 0 7.2 13 300 M M 0 18 350
15 66 39 53 -9 12 0 0.00 0.0 0 6.3 13 30 M M 0 20 30
16 73 32 53 -9 12 0 0.00 0.0 0 3.1 10 230 M M 0 18 240
17 79 45 62 0 3 0 0.00 0.0 0 10.9 23 180 M M 3 30 200
18 72 45 59 -4 6 0 0.35 0.0 0 9.5 22 200 M M 9 1 30 200
19 61 43 52 -11 13 0 0.00 0.0 M 6.4 13 30 M M 2 18 30
20 61 36 49 -14 16 0 0.00 0.0 M 6.6 12 10 M M 0 18 350
21 75 30 53 -10 12 0 0.00 0.0 M 5.1 10 70 M M 4 16 20
22 81 54 68 5 0 3 0.00 0.0 M 5.1 10 240 M M 4 1 M M
23 82 50 66 3 0 1 0.00 M M 4.3 12 240 M M 0 18 230
24 81 52 67 3 0 2 0.00 0.0 0 5.1 13 270 M M 1 1 20 220
25 82 59 71 7 0 6 0.00 0.0 0 8.8 16 220 M M 10 1 23 200
26 84 68 76 12 0 11 0.00 0.0 0 8.4 16 200 M M 7 12 21 220
27 82 64 73 9 0 8 0.00 0.0 0 6.1 16 200 M M 6 128 20 210
28 82 63 73 9 0 8 0.23 0.0 0 5.8 12 220 M M 8 1238 32 250
29 75 61 68 4 0 3 0.00 0.0 M 8.0 13 30 M M 2 8 20 30
30 81 50 66 2 0 1 0.00 0.0 0 5.3 10 70 M M 0 M M
31 84 52 68 3 0 3 0.00 0.0 M 5.0 14 230 M M 0 18 150
================================================================================
SM 2417 1621 87 100 3.23 0.0 201.9 M 118
================================================================================
AV 78.0 52.3 6.5 FASTST M M 4 MAX(MPH)
MISC ----> 29 190 36 180
================================================================================
NOTES:
# LAST OF SEVERAL OCCURRENCES
COLUMN 17 PEAK WIND IN M.P.H.
PRELIMINARY LOCAL CLIMATOLOGICAL DATA (WS FORM: F-6) , PAGE 2
STATION: CROSS CITY
MONTH: MARCH
YEAR: 2023
LATITUDE: 29 37 N
LONGITUDE: 83 6 W
[TEMPERATURE DATA] [PRECIPITATION DATA] SYMBOLS USED IN COLUMN 16
AVERAGE MONTHLY: 65.1 TOTAL FOR MONTH: 3.23 1 = FOG OR MIST
DPTR FM NORMAL: 2.9 DPTR FM NORMAL: -0.30 2 = FOG REDUCING VISIBILITY
HIGHEST: 86 ON 6 GRTST 24HR 2.32 ON 13-13 TO 1/4 MILE OR LESS
LOWEST: 30 ON 21 3 = THUNDER
SNOW, ICE PELLETS, HAIL 4 = ICE PELLETS
TOTAL MONTH: 0.0 INCH 5 = HAIL
GRTST 24HR 0.0 6 = FREEZING RAIN OR DRIZZLE
GRTST DEPTH: 0 7 = DUSTSTORM OR SANDSTORM:
VSBY 1/2 MILE OR LESS
8 = SMOKE OR HAZE
[NO. OF DAYS WITH] [WEATHER - DAYS WITH] 9 = BLOWING SNOW
X = TORNADO
MAX 32 OR BELOW: 0 0.01 INCH OR MORE: 6
MAX 90 OR ABOVE: 0 0.10 INCH OR MORE: 5
MIN 32 OR BELOW: 2 0.50 INCH OR MORE: 1
MIN 0 OR BELOW: 0 1.00 INCH OR MORE: 1
[HDD (BASE 65) ]
TOTAL THIS MO. 87 CLEAR (SCALE 0-3) 14
DPTR FM NORMAL -53 PTCLDY (SCALE 4-7) 14
TOTAL FM JUL 1 798 CLOUDY (SCALE 8-10) 3
DPTR FM NORMAL -415
[CDD (BASE 65) ]
TOTAL THIS MO. 100
DPTR FM NORMAL 46 [PRESSURE DATA]
TOTAL FM JAN 1 216 HIGHEST SLP M ON M
DPTR FM NORMAL 125 LOWEST SLP M ON M
[REMARKS]
#FINAL-03-23#