000
CXUS52 KTAE 010900
CF6CTY
PRELIMINARY LOCAL CLIMATOLOGICAL DATA (WS FORM: F-6)
STATION: CROSS CITY
MONTH: DECEMBER
YEAR: 2022
LATITUDE: 29 37 N
LONGITUDE: 83 6 W
TEMPERATURE IN F: :PCPN: SNOW: WIND :SUNSHINE: SKY :PK WND
================================================================================
1 2 3 4 5 6A 6B 7 8 9 10 11 12 13 14 15 16 17 18
12Z AVG MX 2MIN
DY MAX MIN AVG DEP HDD CDD WTR SNW DPTH SPD SPD DIR MIN PSBL S-S WX SPD DR
================================================================================
1 69 42 56 -3 9 0 0.00 0.0 0 8.0 12 20 M M 1 1 20 30
2 78 46 62 4 3 0 0.00 0.0 0 4.8 10 80 M M 0 20 120
3 82 50 66 8 0 1 0.00 0.0 0 1.4 6 280 M M 1 M M
4 80 54 67 9 0 2 0.00 0.0 0 2.3 10 280 M M 6 2 M M
5 76 61 69 11 0 4 0.00 0.0 0 1.7 6 250 M M 9 12 M M
6 82 57 70 12 0 5 0.00 M M 2.3 9 240 M M 5 12 M M
7 84 53 69 11 0 4 0.00 0.0 0 1.5 7 10 M M 3 12 M M
8 84 54 69 11 0 4 0.00 0.0 0 2.7 9 280 M M 4 12 M M
9 80 51 66 9 0 1 0.00 M M 3.3 9 320 M M 4 12 M M
10 68 56 62 5 3 0 0.00 0.0 0 0.3 4 290 M M 7 12 M M
11 M M M M M M M M M M M M M M M M M
12 74 55 65 8 0 0 0.00 0.0 M 2.0 8 30 M M 5 1 M M
13 74 53 64 7 1 0 0.00 0.0 0 7.1 14 80 M M 6 1 22 80
14 80 55 68 11 0 3 0.00 0.0 M 6.6 15 160 M M 4 18 170
15 76 46 61 5 4 0 0.56 0.0 M 9.7 16 170 M M 4 13 25 170
16 67 36 52 -4 13 0 0.00 0.0 M 3.4 8 270 M M 0 M M
17 67 34 51 -5 14 0 0.00 0.0 M 1.9 6 70 M M 3 M M
18 61 35 48 -8 17 0 0.00 0.0 M 6.5 15 360 M M 2 M M
19 68 29 49 -7 16 0 0.00 0.0 M 4.9 10 70 M M 0 M M
20 62 50 56 0 9 0 0.25 0.0 M 6.9 12 20 M M 6 1 17 20
21 57 50 54 -2 11 0 0.05 0.0 M 9.1 14 20 M M 10 1 22 30
22 64 50 57 2 8 0 0.00 0.0 0 1.7 6 60 M M 8 18 M M
23 66 30 48 -7 17 0 0.02 0.0 0 9.9 14 340 M M 3 1 25 310
24 41 22 32 -23 33 0 0.00 0.0 0 8.2 13 330 M M 0 17 340
25 47 19 33 -22 32 0 0.00 0.0 0 4.7 9 280 M M 0 M M
26 52 20 36 -19 29 0 0.00 0.0 0 1.9 8 320 M M 0 M M
27 62 25 44 -11 21 0 0.00 0.0 0 3.9 8 40 M M 1 M M
28 71 27 49 -5 16 0 0.00 0.0 0 2.4 7 90 M M 0 M M
29 75 38 57 3 8 0 0.00 0.0 0 4.7 7 80 M M 4 1 M M
30 80 47 64 10 1 0 0.00 0.0 0 3.5 8 100 M M 2 128 M M
31 72 55 64 10 1 0 0.05 M M 5.3 16 220 M M 8 12 22 180
================================================================================
SM 2099 1300 266 24 0.93 0.0 132.5 M 106
================================================================================
AV 70.0 43.3 4.4 FASTST M M 4 MAX(MPH)
MISC ----> 16 220 # 25 170
================================================================================
NOTES:
# LAST OF SEVERAL OCCURRENCES
COLUMN 17 PEAK WIND IN M.P.H.
PRELIMINARY LOCAL CLIMATOLOGICAL DATA (WS FORM: F-6) , PAGE 2
STATION: CROSS CITY
MONTH: DECEMBER
YEAR: 2022
LATITUDE: 29 37 N
LONGITUDE: 83 6 W
[TEMPERATURE DATA] [PRECIPITATION DATA] SYMBOLS USED IN COLUMN 16
AVERAGE MONTHLY: 56.7 TOTAL FOR MONTH: 0.93 1 = FOG OR MIST
DPTR FM NORMAL: 0.4 DPTR FM NORMAL: -2.02 2 = FOG REDUCING VISIBILITY
HIGHEST: 84 ON 8, 7 GRTST 24HR 0.56 ON 15-15 TO 1/4 MILE OR LESS
LOWEST: 19 ON 25 3 = THUNDER
SNOW, ICE PELLETS, HAIL 4 = ICE PELLETS
TOTAL MONTH: 0.0 INCH 5 = HAIL
GRTST 24HR 0.0 6 = FREEZING RAIN OR DRIZZLE
GRTST DEPTH: 0 7 = DUSTSTORM OR SANDSTORM:
VSBY 1/2 MILE OR LESS
8 = SMOKE OR HAZE
[NO. OF DAYS WITH] [WEATHER - DAYS WITH] 9 = BLOWING SNOW
X = TORNADO
MAX 32 OR BELOW: 0 0.01 INCH OR MORE: 5
MAX 90 OR ABOVE: 0 0.10 INCH OR MORE: 2
MIN 32 OR BELOW: 7 0.50 INCH OR MORE: 1
MIN 0 OR BELOW: 0 1.00 INCH OR MORE: 0
[HDD (BASE 65) ]
TOTAL THIS MO. 266 CLEAR (SCALE 0-3) 14
DPTR FM NORMAL -29 PTCLDY (SCALE 4-7) 14
TOTAL FM JUL 1 403 CLOUDY (SCALE 8-10) 3
DPTR FM NORMAL -75
[CDD (BASE 65) ]
TOTAL THIS MO. 24
DPTR FM NORMAL -1 [PRESSURE DATA]
TOTAL FM JAN 1 3002 HIGHEST SLP M ON M
DPTR FM NORMAL 308 LOWEST SLP M ON M
[REMARKS]
#FINAL-12-22#