000
CXUS52 KCAE 041415
CLMCUB
CLIMATE REPORT
NATIONAL WEATHER SERVICE COLUMBIA SC
1015 AM EDT THU APR 04 2024
...................................
...THE HAMILTON - OWENS AIRPORT SC CLIMATE SUMMARY FOR THE MONTH OF MARCH 2024...
CLIMATE NORMAL PERIOD: 1991 TO 2020
CLIMATE RECORD PERIOD: 9999 TO 9999
WEATHER OBSERVED NORMAL DEPART LAST YEAR`S
VALUE DATE(S) VALUE FROM VALUE
NORMAL
..............................................................
TEMPERATURE (F)
HIGHEST 83 03/14 MM MM
LOWEST 35 03/11 MM MM
03/19
AVG. MAXIMUM 71.1 68.8 2.3
AVG. MINIMUM 47.5 45.6 1.9
MEAN 59.3 57.2 2.1
DAYS MAX >= 90 0 0.0 0.0
DAYS MAX <= 32 0 0.0 0.0
DAYS MIN <= 32 0 3.0 -3.0
DAYS MIN <= 0 0 0.0 0.0
PRECIPITATION (INCHES)
TOTALS 6.94R 3.48 3.46
DAYS >= .01 12 9.2 2.8
DAYS >= .10 6 6.0 0.0
DAYS >= .50 3 2.4 0.6
DAYS >= 1.00 3 0.8 2.2
GREATEST
24 HR. TOTAL 2.41 03/01 TO 03/02
DAYS >= TRACE MM
DEGREE DAYS
HEATING TOTAL 174 266 -92
SINCE 7/1 1878 2114 -236
COOLING TOTAL 5 25 -20
SINCE 1/1 14 33 -19
..............................................................
WIND (MPH)
AVERAGE WIND SPEED 4.2
RESULTANT WIND SPEED/DIRECTION 1/250
HIGHEST WIND SPEED/DIRECTION 21/230 DATE 03/09
21/290 03/18
HIGHEST GUST SPEED/DIRECTION 37/310 DATE 03/18
SKY COVER
POSSIBLE SUNSHINE (PERCENT) MM
AVERAGE SKY COVER 0.35
NUMBER OF DAYS FAIR 17
NUMBER OF DAYS PC 7
NUMBER OF DAYS CLOUDY 7
AVERAGE RH (PERCENT) 63
WEATHER CONDITIONS. NUMBER OF DAYS WITH
THUNDERSTORM 5 MIXED PRECIP 0
HEAVY RAIN 5 RAIN 7
LIGHT RAIN 14 FREEZING RAIN 0
LT FREEZING RAIN 0 HAIL 0
HEAVY SNOW 0 SNOW 0
LIGHT SNOW 0 SLEET 0
FOG 11 FOG W/VIS <= 1/4 MILE 2
HAZE 4
- INDICATES NEGATIVE NUMBERS.
R INDICATES RECORD WAS SET OR TIED.
MM INDICATES DATA IS MISSING.
T INDICATES TRACE AMOUNT.
$$