000
CXUS53 KUNR 010930
CF6CUT
PRELIMINARY LOCAL CLIMATOLOGICAL DATA (WS FORM: F-6)
STATION: CUSTER COUNTY AIRPORT SD
MONTH: APRIL
YEAR: 2023
LATITUDE: 43 43 N
LONGITUDE: 103 37 W
TEMPERATURE IN F: :PCPN: SNOW: WIND :SUNSHINE: SKY :PK WND
================================================================================
1 2 3 4 5 6A 6B 7 8 9 10 11 12 13 14 15 16 17 18
12Z AVG MX 2MIN
DY MAX MIN AVG DEP HDD CDD WTR SNW DPTH SPD SPD DIR MIN PSBL S-S WX SPD DR
================================================================================
1 45 17 31 -5 34 0 0.00 M M 10.4 22 240 M M 2 37 230
2 42 28 35 -2 30 0 0.00 M M 9.5 22 270 M M 3 33 270
3 31 21 26 -11 39 0 0.56 M M 8.9 22 50 M M 10 12 32 60
4 21 12 17 -20 48 0 0.29 M M 11.1 21 50 M M 10 128 35 70
5 24 7 16 -21 49 0 0.00 M M 8.5 18 280 M M 3 29 290
6 35 13 24 -13 41 0 0.00 M M 9.2 18 280 M M 0 25 260
7 49 22 36 -2 29 0 0.00 M M 6.0 16 270 M M 0 24 220
8 54 24 39 1 26 0 0.00 M M 8.5 23 260 M M 0 34 250
9 57 30 44 6 21 0 0.00 M M 5.8 17 270 M M 0 23 260
10 69 33 51 13 14 0 0.00 M M 5.8 12 280 M M 0 19 250
11 74 47 61 23 4 0 0.00 M M 12.0 25 250 M M 0 49 230
12 68 38 53 15 12 0 0.00 M M 6.5 14 90 M M 0 19 100
13 66 38 52 14 13 0 0.00 M M 5.0 17 240 M M 2 26 270
14 43 27 35 -4 30 0 0.01 M M 5.3 12 360 M M 9 1 22 170
15 41 25 33 -6 32 0 0.00 M M 7.0 16 300 M M 6 26 330
16 52 20 36 -3 29 0 0.00 M M 4.4 14 240 M M 0 26 130
17 64 29 47 8 18 0 0.00 M M 6.4 14 100 M M 1 26 170
18 63 32 48 8 17 0 0.12 M M 6.9 28 260 M M 3 13 47 240
19 45 27 36 -4 29 0 0.00 M M 13.5 28 280 M M 1 41 280
20 34 20 27 -13 38 0 T M M 14.7 30 270 M M 6 8 45 260
21 38 18 28 -12 37 0 T M M 10.3 18 270 M M 3 32 290
22 31 15 23 -18 42 0 T M M 4.4 12 110 M M 8 1 16 110
23 47 13 30 -11 35 0 0.00 M M 5.5 15 270 M M 3 23 280
24 55 21 38 -3 27 0 0.00 M M 9.4 22 70 M M 1 29 70
25 47 28 38 -3 27 0 0.00 M M 7.7 16 90 M M 6 23 100
26 60 32 46 4 19 0 T M M 4.9 16 270 M M 3 1 25 270
27 56 34 45 3 20 0 0.02 M M 10.4 25 350 M M 6 42 10
28 53 31 42 0 23 0 T M M 7.0 17 300 M M 7 1 29 320
29 59 37 48 5 17 0 0.00 M M 10.0 20 330 M M 4 36 320
30 54 28 41 -2 24 0 0.00 M M 5.6 16 100 M M 0 23 100
================================================================================
SM 1477 767 824 0 1.00 M 240.6 M 97
================================================================================
AV 49.2 25.6 8.0 FASTST M M 3 MAX(MPH)
MISC ----> 30 270 49 230
================================================================================
NOTES:
# LAST OF SEVERAL OCCURRENCES
COLUMN 17 PEAK WIND IN M.P.H.
PRELIMINARY LOCAL CLIMATOLOGICAL DATA (WS FORM: F-6) , PAGE 2
STATION: CUSTER COUNTY AIRPORT SD
MONTH: APRIL
YEAR: 2023
LATITUDE: 43 43 N
LONGITUDE: 103 37 W
[TEMPERATURE DATA] [PRECIPITATION DATA] SYMBOLS USED IN COLUMN 16
AVERAGE MONTHLY: 37.4 TOTAL FOR MONTH: 1.00 1 = FOG OR MIST
DPTR FM NORMAL: -1.9 DPTR FM NORMAL: -1.42 2 = FOG REDUCING VISIBILITY
HIGHEST: 74 ON 11 GRTST 24HR 0.83 ON 3- 4 TO 1/4 MILE OR LESS
LOWEST: 7 ON 5 3 = THUNDER
SNOW, ICE PELLETS, HAIL 4 = ICE PELLETS
TOTAL MONTH: M 5 = HAIL
GRTST 24HR M ON M 6 = FREEZING RAIN OR DRIZZLE
GRTST DEPTH: M ON M 7 = DUSTSTORM OR SANDSTORM:
VSBY 1/2 MILE OR LESS
8 = SMOKE OR HAZE
[NO. OF DAYS WITH] [WEATHER - DAYS WITH] 9 = BLOWING SNOW
X = TORNADO
MAX 32 OR BELOW: 4 0.01 INCH OR MORE: 5
MAX 90 OR ABOVE: 0 0.10 INCH OR MORE: 3
MIN 32 OR BELOW: 24 0.50 INCH OR MORE: 1
MIN 0 OR BELOW: 0 1.00 INCH OR MORE: 0
[HDD (BASE 65) ]
TOTAL THIS MO. 824 CLEAR (SCALE 0-3) 17
DPTR FM NORMAL 53 PTCLDY (SCALE 4-7) 10
TOTAL FM JUL 1 7673 CLOUDY (SCALE 8-10) 3
DPTR FM NORMAL 242
[CDD (BASE 65) ]
TOTAL THIS MO. 0
DPTR FM NORMAL 0 [PRESSURE DATA]
TOTAL FM JAN 1 0 HIGHEST SLP 30.30 ON 6
DPTR FM NORMAL 0 LOWEST SLP 29.35 ON 13
[REMARKS]
#FINAL-04-23#