000
CXUS53 KUNR 011030
CF6D07
PRELIMINARY LOCAL CLIMATOLOGICAL DATA (WS FORM: F-6)
STATION: FAITH SD
MONTH: DECEMBER
YEAR: 2022
LATITUDE: 45 1 N
LONGITUDE: 102 1 W
TEMPERATURE IN F: :PCPN: SNOW: WIND :SUNSHINE: SKY :PK WND
================================================================================
1 2 3 4 5 6A 6B 7 8 9 10 11 12 13 14 15 16 17 18
12Z AVG MX 2MIN
DY MAX MIN AVG DEP HDD CDD WTR SNW DPTH SPD SPD DIR MIN PSBL S-S WX SPD DR
================================================================================
1 45 15 30 3 35 0 0.00 M M 10.3 22 160 M M M 26 160
2 44 -1 22 -4 43 0 0.00 M M 19.8 38 320 M M M 48 330
3 38 -2 18 -8 47 0 0.00 M M 9.0 20 180 M M M 22 190
4 46 16 31 5 34 0 0.00 M M 11.6 25 340 M M M 32 340
5 24 14 19 -6 46 0 0.05 M M 12.4 29 170 M M M 36 170
6 22 8 15 -10 50 0 0.00 M M 13.6 28 170 M M M 33 170
7 18 2 10 -15 55 0 0.00 M M 11.5 22 160 M M M 27 160
8 33 5 19 -5 46 0 0.00 M M 4.7 12 330 M M M 14 330
9 34 13 24 0 41 0 0.00 M M 12.8 22 160 M M M 28 160
10 40 18 29 5 36 0 0.00 M M 9.6 20 140 M M M 25 140
11 M M M M M M 0.00 M M 9.2 21 150 M M M 26 150
12 30 19 25 2 40 0 0.02 M M 8.9 20 350 M M M 24 350
13 24 24 24 1 41 0 0.18 M M 19.8 23 350 M M M 33 360
14 25 11 18 -5 47 0 0.10 M M 26.1 38 330 M M M 47 340
15 14 11 13 -9 52 0 0.19 M M 29.8 45 330 M M M 59 320
16 14 10 12 -10 53 0 0.20 M M 27.2 40 320 M M M 60 320
17 12 2 7 -15 58 0 0.00 M M 5.8 21 320 M M M 27 320
18 3 -1 1 -21 64 0 0.01 M M 6.2 15 130 M M M 18 140
19 2 -12 -5 -27 70 0 0.00 M M 7.4 17 340 M M M 20 340
20 M M M M M M M M M M M M M M M M M
21 -9 -23 -16 -37 81 0 0.10 M M 19.5 36 310 M M M 46 310
22 -14 -22 -18 -39 83 0 0.23 M M 32.2 41 310 M M M 60 310
23 -5 -15 -10 -31 75 0 0.02 M M 18.2 32 310 M M M 44 310
24 4 -9 -2 -23 67 0 0.01 M M 6.4 17 160 M M M 21 150
25 40 -1 20 -1 45 0 0.04 M M 24.4 51 340 M M M 63 340
26 17 -7 5 -16 60 0 0.00 M M 15.5 28 190 M M M 31 190
27 41 17 29 9 36 0 0.00 M M 8.9 16 210 M M M M M
28 42 29 36 16 29 0 0.00 M M 9.6 24 290 M M M 32 300
29 33 19 26 6 39 0 0.00 M M 7.4 17 310 M M M 22 300
30 30 16 23 3 42 0 0.00 M M 5.9 14 160 M M M 15 160
31 35 16 26 6 39 0 0.00 M M 8.1 15 290 M M M 20 290
================================================================================
SM 682 172 1454 0 1.15 M 411.7 M M
================================================================================
AV 23.5 5.9 13.7 FASTST M M M MAX(MPH)
MISC ----> 51 340 63 340
================================================================================
NOTES:
# LAST OF SEVERAL OCCURRENCES
COLUMN 17 PEAK WIND IN M.P.H.
PRELIMINARY LOCAL CLIMATOLOGICAL DATA (WS FORM: F-6) , PAGE 2
STATION: FAITH SD
MONTH: DECEMBER
YEAR: 2022
LATITUDE: 45 1 N
LONGITUDE: 102 1 W
[TEMPERATURE DATA] [PRECIPITATION DATA] SYMBOLS USED IN COLUMN 16
AVERAGE MONTHLY: 14.7 TOTAL FOR MONTH: 1.15 1 = FOG OR MIST
DPTR FM NORMAL: -8.0 DPTR FM NORMAL: 0.75 2 = FOG REDUCING VISIBILITY
HIGHEST: 46 ON 4 GRTST 24HR 0.28 ON 15-16 TO 1/4 MILE OR LESS
LOWEST: -23 ON 21 3 = THUNDER
SNOW, ICE PELLETS, HAIL 4 = ICE PELLETS
TOTAL MONTH: M 5 = HAIL
GRTST 24HR M ON M 6 = FREEZING RAIN OR DRIZZLE
GRTST DEPTH: M ON M 7 = DUSTSTORM OR SANDSTORM:
VSBY 1/2 MILE OR LESS
8 = SMOKE OR HAZE
[NO. OF DAYS WITH] [WEATHER - DAYS WITH] 9 = BLOWING SNOW
X = TORNADO
MAX 32 OR BELOW: 17 0.01 INCH OR MORE: 12
MAX 90 OR ABOVE: 0 0.10 INCH OR MORE: 6
MIN 32 OR BELOW: 29 0.50 INCH OR MORE: 0
MIN 0 OR BELOW: 10 1.00 INCH OR MORE: 0
[HDD (BASE 65) ]
TOTAL THIS MO. 1454 CLEAR (SCALE 0-3) 0
DPTR FM NORMAL 144 PTCLDY (SCALE 4-7) 0
TOTAL FM JUL 1 3159 CLOUDY (SCALE 8-10) 31
DPTR FM NORMAL 134
[CDD (BASE 65) ]
TOTAL THIS MO. 0
DPTR FM NORMAL 0 [PRESSURE DATA]
TOTAL FM JAN 1 874 HIGHEST SLP M ON M
DPTR FM NORMAL 218 LOWEST SLP 29.22 ON 28
[REMARKS]
#FINAL-12-22#