000
CXUS53 KUNR 011551
CLMD07
CLIMATE REPORT
NATIONAL WEATHER SERVICE RAPID CITY SD
951 AM MDT SUN OCT 01 2023
...................................
...THE FAITH SD CLIMATE SUMMARY FOR THE MONTH OF SEPTEMBER 2023...
CLIMATE NORMAL PERIOD 1991 TO 2020
CLIMATE RECORD PERIOD 9999 TO 9999
WEATHER OBSERVED NORMAL DEPART LAST YEAR`S
VALUE DATE(S) VALUE FROM VALUE DATE(S)
NORMAL
................................................................
TEMPERATURE (F)
HIGHEST 98 09/02 99 09/01
LOWEST 42 09/16 42 09/10
09/22
09/26
AVG. MAXIMUM 76.3 75.6 0.7 80.3
AVG. MINIMUM 51.5 48.2 3.3 51.5
MEAN 63.9 61.9 2.0 65.9
DAYS MAX >= 90 4 7
DAYS MAX <= 32 0 0
DAYS MIN <= 32 0 0
DAYS MIN <= 0 0 0
PRECIPITATION (INCHES)
TOTALS 1.56 1.18 0.38 0.76
DAILY AVG. 0.05 0.04 0.01 0.03
DAYS >= .01 5 6
DAYS >= .10 3 2
DAYS >= .50 1 0
DAYS >= 1.00 0 0
GREATEST
24 HR. TOTAL 0.96 09/05 TO 09/05 0.45
DEGREE DAYS
HEATING TOTAL 91 165 -74 77
SINCE 7/1 113 196 -83 MM
COOLING TOTAL 64 72 -8 112
SINCE 1/1 664 652 12 MM
................................................................
WIND (MPH)
AVERAGE WIND SPEED 10.6
HIGHEST WIND SPEED/DIRECTION 39/300 DATE 09/04
HIGHEST GUST SPEED/DIRECTION 50/300 DATE 09/04
AVERAGE RH (PERCENT) 70
- INDICATES NEGATIVE NUMBERS.
R INDICATES RECORD WAS SET OR TIED.
MM INDICATES DATA IS MISSING.
T INDICATES TRACE AMOUNT.
$$