000
CXUS52 KMLB 012036
CF6DAB
PRELIMINARY LOCAL CLIMATOLOGICAL DATA (WS FORM: F-6)
STATION: DAYTONA BEACH
MONTH: MARCH
YEAR: 2022
LATITUDE: 29 10 N
LONGITUDE: 81 3 W
TEMPERATURE IN F: :PCPN: SNOW: WIND :SUNSHINE: SKY :PK WND
================================================================================
1 2 3 4 5 6A 6B 7 8 9 10 11 12 13 14 15 16 17 18
12Z AVG MX 2MIN
DY MAX MIN AVG DEP HDD CDD WTR SNW DPTH SPD SPD DIR MIN PSBL S-S WX SPD DR
================================================================================
1 73 54 64 1 1 0 0.00 0.0 0 9.7 22 20 M M 6 29 20
2 75 50 63 0 2 0 0.00 0.0 0 4.7 14 50 M M 1 1 18 50
3 81 50 66 3 0 1 0.00 0.0 0 2.9 12 80 M M 3 18 18 60
4 83 52 68 4 0 3 0.00 0.0 0 5.2 15 40 M M 1 18 23 60
5 80 57 69 5 0 4 0.00 0.0 0 5.4 16 90 M M 5 28 24 90
6 82 60 71 7 0 6 0.00 0.0 0 5.0 18 160 M M 3 18 24 110
7 84 63 74 10 0 9 0.86 0.0 0 5.4 16 310 M M 4 13 21 350
8 82 68 75 11 0 10 0.25 0.0 0 4.4 15 70 M M 8 1 20 70
9 85 66 76 12 0 11 0.57 0.0 0 8.2 26 240 M M 8 138 32 230
10 79 64 72 8 0 7 0.55 0.0 0 5.1 23 360 M M 9 18 28 10
11 85 64 75 11 0 10 T 0.0 0 4.9 18 30 M M 8 21 30
12 75 44 60 -4 5 0 0.48 0.0 0 13.6 28 290 M M 7 13 42 280
13 62 39 51 -14 14 0 0.00 0.0 0 11.5 21 10 M M 4 27 10
14 74 50 62 -3 3 0 T 0.0 0 6.9 18 70 M M 6 25 70
15 74 67 71 6 0 6 0.63 0.0 0 7.9 16 60 M M 8 13 24 110
16 83 65 74 9 0 9 0.49 0.0 0 6.7 20 240 M M 7 13 26 170
17 80 61 71 6 0 6 0.00 0.0 0 5.1 14 80 M M 4 1 20 190
18 85 59 72 7 0 7 T 0.0 0 5.8 25 30 M M 6 123 31 30
19 88 67 78 12 0 13 0.00 0.0 0 8.5 22 30 M M 5 25 40
20 74 55 65 -1 0 0 0.02 0.0 0 7.2 15 30 M M 4 1 21 20
21 77 51 64 -2 1 0 0.00 0.0 0 7.0 20 70 M M 3 25 70
22 78 65 72 6 0 7 0.00 0.0 0 7.0 18 100 M M 5 28 100
23 84 70 77 11 0 12 0.00 0.0 0 8.8 18 170 M M 8 27 160
24 77 63 70 4 0 5 0.72 0.0 0 6.5 15 20 M M 9 13 18 20
25 77 58 68 2 0 3 T 0.0 0 10.0 23 250 M M 5 29 240
26 78 51 65 -2 0 0 0.00 0.0 0 9.6 22 260 M M 0 28 280
27 79 52 66 -1 0 1 0.00 0.0 0 8.6 21 280 M M 0 26 280
28 85 54 70 3 0 5 0.00 0.0 0 8.7 20 240 M M 1 23 290
29 79 60 70 3 0 5 0.00 0.0 0 5.5 13 60 M M 1 2 20 50
30 83 61 72 5 0 7 0.00 0.0 0 8.5 21 160 M M 3 18 29 160
31 84 68 76 9 0 11 1.13 0.0 0 10.1 23 290 M M 7 13 32 210
================================================================================
SM 2465 1808 26 158 5.70 0.0 224.4 M 149
================================================================================
AV 79.5 58.3 7.2 FASTST M M 5 MAX(MPH)
MISC ----> 28 290 42 280
================================================================================
NOTES:
# LAST OF SEVERAL OCCURRENCES
COLUMN 17 PEAK WIND IN M.P.H.
PRELIMINARY LOCAL CLIMATOLOGICAL DATA (WS FORM: F-6) , PAGE 2
STATION: DAYTONA BEACH
MONTH: MARCH
YEAR: 2022
LATITUDE: 29 10 N
LONGITUDE: 81 3 W
[TEMPERATURE DATA] [PRECIPITATION DATA] SYMBOLS USED IN COLUMN 16
AVERAGE MONTHLY: 68.9 TOTAL FOR MONTH: 5.70 1 = FOG OR MIST
DPTR FM NORMAL: 3.7 DPTR FM NORMAL: 2.07 2 = FOG REDUCING VISIBILITY
HIGHEST: 88 ON 19 GRTST 24HR 1.13 ON 31-31 TO 1/4 MILE OR LESS
LOWEST: 39 ON 13 3 = THUNDER
SNOW, ICE PELLETS, HAIL 4 = ICE PELLETS
TOTAL MONTH: 0.0 INCH 5 = HAIL
GRTST 24HR 0.0 6 = FREEZING RAIN OR DRIZZLE
GRTST DEPTH: 0 7 = DUSTSTORM OR SANDSTORM:
VSBY 1/2 MILE OR LESS
8 = SMOKE OR HAZE
[NO. OF DAYS WITH] [WEATHER - DAYS WITH] 9 = BLOWING SNOW
X = TORNADO
MAX 32 OR BELOW: 0 0.01 INCH OR MORE: 10
MAX 90 OR ABOVE: 0 0.10 INCH OR MORE: 9
MIN 32 OR BELOW: 0 0.50 INCH OR MORE: 6
MIN 0 OR BELOW: 0 1.00 INCH OR MORE: 1
[HDD (BASE 65) ]
TOTAL THIS MO. 26 CLEAR (SCALE 0-3) 10
DPTR FM NORMAL -59 PTCLDY (SCALE 4-7) 18
TOTAL FM JUL 1 437 CLOUDY (SCALE 8-10) 3
DPTR FM NORMAL -252
[CDD (BASE 65) ]
TOTAL THIS MO. 158
DPTR FM NORMAL 68 [PRESSURE DATA]
TOTAL FM JAN 1 263 HIGHEST SLP 30.41 ON 13
DPTR FM NORMAL 96 LOWEST SLP 29.74 ON 12
[REMARKS]
#FINAL-03-22#