000
CXUS54 KFWD 010141
CF6DAL
PRELIMINARY LOCAL CLIMATOLOGICAL DATA (WS FORM: F-6)
STATION: DALLAS LOVE FIELD
MONTH: DECEMBER
YEAR: 2020
LATITUDE: 32 50 N
LONGITUDE: 96 51 W
TEMPERATURE IN F: :PCPN: SNOW: WIND :SUNSHINE: SKY :PK WND
================================================================================
1 2 3 4 5 6A 6B 7 8 9 10 11 12 13 14 15 16 17 18
12Z AVG MX 2MIN
DY MAX MIN AVG DEP HDD CDD WTR SNW DPTH SPD SPD DIR MIN PSBL S-S WX SPD DR
================================================================================
1 59 31 45 -6 20 0 0.00 0.0 0 11.3 22 160 M M 3 34 140
2 57 40 49 -2 16 0 0.04 0.0 0 10.9 20 310 M M 5 25 290
3 48 37 43 -8 22 0 0.00 0.0 0 11.6 18 320 M M 9 23 340
4 58 32 45 -5 20 0 0.00 0.0 0 4.2 14 320 M M 2 20 20
5 65 34 50 0 15 0 T 0.0 0 2.0 9 290 M M 6 12 320
6 62 42 52 2 13 0 T 0.0 0 9.7 18 320 M M 5 31 10
7 65 37 51 2 14 0 0.00 0.0 0 5.0 13 320 M M 0 8 22 10
8 72 38 55 6 10 0 0.00 0.0 0 2.8 9 300 M M 1 12 330
9 80 37 59 10 6 0 0.00 0.0 0 3.0 9 170 M M 0 15 170
10 78 43 61 12 4 0 0.00 0.0 0 8.2 21 180 M M 1 31 200
11 68 47 58 10 7 0 0.12 0.0 0 7.9 17 170 M M 7 1 28 180
12 55 40 48 0 17 0 0.00 0.0 0 5.6 15 330 M M 2 31 30
13 46 38 42 -6 23 0 1.06 0.0 0 11.3 25 340 M M 10 135 39 350
14 51 34 43 -5 22 0 0.00 0.0 0 7.1 15 320 M M 4 23 10
15 44 39 42 -6 23 0 0.06 0.0 0 5.9 16 120 M M 9 1 21 130
16 43 33 38 -10 27 0 0.01 0.0 0 8.3 17 320 M M 6 1 22 310
17 62 30 46 -1 19 0 0.00 0.0 0 5.1 14 160 M M 1 18 21 170
18 62 39 51 4 14 0 0.00 0.0 0 11.1 21 180 M M 6 32 180
19 60 40 50 3 15 0 T 0.0 0 4.9 16 330 M M 7 1 28 20
20 65 35 50 3 15 0 0.00 0.0 0 2.5 16 320 M M 0 23 10
21 72 36 54 7 11 0 0.00 0.0 0 3.8 10 210 M M 2 16 230
22 71 44 58 11 7 0 0.00 0.0 0 10.0 22 180 M M 5 32 170
23 72 37 55 8 10 0 0.00 0.0 0 17.3 32 350 M M 6 48 320
24 55 29 42 -5 23 0 0.00 0.0 0 11.0 26 340 M M 1 37 340
25 60 31 46 -1 19 0 0.00 0.0 0 3.5 10 160 M M 1 15 150
26 70 37 54 7 11 0 0.00 0.0 0 8.6 20 180 M M 0 30 180
27 75 48 62 16 3 0 0.00 0.0 0 9.8 20 220 M M 2 34 200
28 63 46 55 9 10 0 0.02 0.0 0 8.1 14 80 M M 8 1 30 50
29 71 54 63 17 2 0 0.02 0.0 0 14.1 22 150 M M 9 1 36 170
30 62 39 51 5 14 0 0.40 0.0 0 10.8 23 10 M M 10 1 42 40
31 42 39 41 -5 24 0 2.03 0.0 0 10.3 21 10 M M 10 13 30 70
================================================================================
SM 1913 1186 456 0 3.76 0.0 245.7 M 138
================================================================================
AV 61.7 38.3 7.9 FASTST M M 4 MAX(MPH)
MISC ----> 32 350 48 320
================================================================================
NOTES:
# LAST OF SEVERAL OCCURRENCES
COLUMN 17 PEAK WIND IN M.P.H.
PRELIMINARY LOCAL CLIMATOLOGICAL DATA (WS FORM: F-6) , PAGE 2
STATION: DALLAS LOVE FIELD
MONTH: DECEMBER
YEAR: 2020
LATITUDE: 32 50 N
LONGITUDE: 96 51 W
[TEMPERATURE DATA] [PRECIPITATION DATA] SYMBOLS USED IN COLUMN 16
AVERAGE MONTHLY: 50.0 TOTAL FOR MONTH: 3.76 1 = FOG OR MIST
DPTR FM NORMAL: 2.0 DPTR FM NORMAL: 1.02 2 = FOG REDUCING VISIBILITY
HIGHEST: 80 ON 9 GRTST 24HR 2.03 ON 31-31 TO 1/4 MILE OR LESS
LOWEST: 29 ON 24 3 = THUNDER
SNOW, ICE PELLETS, HAIL 4 = ICE PELLETS
TOTAL MONTH: 0.0 INCH 5 = HAIL
GRTST 24HR 0.0 6 = FREEZING RAIN OR DRIZZLE
GRTST DEPTH: 0 7 = DUSTSTORM OR SANDSTORM:
VSBY 1/2 MILE OR LESS
8 = SMOKE OR HAZE
[NO. OF DAYS WITH] [WEATHER - DAYS WITH] 9 = BLOWING SNOW
X = TORNADO
MAX 32 OR BELOW: 0 0.01 INCH OR MORE: 9
MAX 90 OR ABOVE: 0 0.10 INCH OR MORE: 4
MIN 32 OR BELOW: 5 0.50 INCH OR MORE: 2
MIN 0 OR BELOW: 0 1.00 INCH OR MORE: 2
[HDD (BASE 65) ]
TOTAL THIS MO. 456 CLEAR (SCALE 0-3) 14
DPTR FM NORMAL -76 PTCLDY (SCALE 4-7) 10
TOTAL FM JUL 1 709 CLOUDY (SCALE 8-10) 7
DPTR FM NORMAL -149
[CDD (BASE 65) ]
TOTAL THIS MO. 0
DPTR FM NORMAL -5 [PRESSURE DATA]
TOTAL FM JAN 1 3093 HIGHEST SLP 30.38 ON 24
DPTR FM NORMAL 148 LOWEST SLP 29.58 ON 31
[REMARKS]
#FINAL-12-20#