000
CXUS51 KRNK 031910
CF6DAN
PRELIMINARY LOCAL CLIMATOLOGICAL DATA (WS FORM: F-6)
STATION: DANVILLE VA
MONTH: AUGUST
YEAR: 2021
LATITUDE: 36 34 N
LONGITUDE: 79 20 W
TEMPERATURE IN F: :PCPN: SNOW: WIND :SUNSHINE: SKY :PK WND
================================================================================
1 2 3 4 5 6A 6B 7 8 9 10 11 12 13 14 15 16 17 18
12Z AVG MX 2MIN
DY MAX MIN AVG DEP HDD CDD WTR SNW DPTH SPD SPD DIR MIN PSBL S-S WX SPD DR
================================================================================
1 86 68 77 -1 0 12 0.67 0.0 0 2.4 10 30 M M 5 123 12 40
2 85 62 74 -4 0 9 0.00 0.0 0 3.6 13 40 M M 1 1 15 40
3 78 66 72 -6 0 7 T 0.0 0 4.3 14 50 M M 3 18 40
4 83 64 74 -4 0 9 0.00 0.0 0 7.9 18 50 M M 3 23 50
5 87 60 74 -4 0 9 0.00 0.0 0 2.1 10 40 M M 0 13 30
6 89 58 74 -4 0 9 T 0.0 0 2.1 12 60 M M 3 16 70
7 81 65 73 -5 0 8 0.69 0.0 0 3.5 13 350 M M 4 13 16 350
8 89 62 76 -1 0 11 0.00 0.0 0 1.8 7 110 M M 3 12 11 100
9 91 66 79 2 0 14 0.00 0.0 0 2.9 12 220 M M 1 1 16 220
10 93 70 82 5 0 17 0.00 0.0 0 3.9 12 230 M M 1 3 17 230
11 95 71 83 6 0 18 0.00 0.0 0 4.6 15 240 M M 0 13 19 230
12 97 70 84 7 0 19 0.00 0.0 0 4.6 16 20 M M 1 3 21 30
13 96 69 83 6 0 18 0.03 0.0 0 3.6 25 260 M M 1 3 36 310
14 96 71 84 7 0 19 0.20 0.0 0 3.2 12 240 M M 3 13 26 180
15 87 71 79 2 0 14 0.25 0.0 0 1.9 10 200 M M 6 13 18 200
16 88 71 80 3 0 15 0.18 0.0 0 1.8 16 200 M M 8 13 26 200
17 83 71 77 0 0 12 0.42 0.0 0 3.2 13 180 M M 7 13 23 180
18 89 74 82 6 0 17 0.07 0.0 0 6.0 15 240 M M 6 1 19 220
19 91 70 81 5 0 16 0.00 0.0 0 3.4 12 230 M M 1 14 220
20 88 70 79 3 0 14 0.00 0.0 0 3.9 15 30 M M 3 22 10
21 88 67 78 2 0 13 0.00 0.0 0 3.3 9 320 M M 2 12 12 350
22 91 67 79 3 0 14 0.03 0.0 0 1.3 18 250 M M 2 3 22 250
23 92 68 80 4 0 15 T 0.0 0 2.2 9 340 M M 1 13 340
24 95 70 83 7 0 18 0.00 0.0 0 2.3 9 340 M M 0 1 13 340
25 97 70 84 8 0 19 0.40 0.0 0 2.0 16 220 M M 2 13 21 210
26 92 70 81 6 0 16 0.00 0.0 0 2.3 18 230 M M 1 13 24 230
27 92 71 82 7 0 17 T 0.0 0 4.3 13 240 M M 0 16 230
28 95 68 82 7 0 17 0.00 0.0 0 3.1 9 230 M M 0 13 250
29 94 69 82 7 0 17 0.00 0.0 0 3.1 18 350 M M 1 3 22 340
30 95 68 82 7 0 17 0.22 0.0 0 4.4 22 310 M M 2 13 32 310
31 88 67 78 4 0 13 T 0.0 0 2.1 12 220 M M 1 1 15 220
================================================================================
SM 2791 2104 0 443 3.16 0.0 101.1 M 72
================================================================================
AV 90.0 67.9 3.3 FASTST M M 2 MAX(MPH)
MISC ----> 25 260 36 310
================================================================================
NOTES:
# LAST OF SEVERAL OCCURRENCES
COLUMN 17 PEAK WIND IN M.P.H.
PRELIMINARY LOCAL CLIMATOLOGICAL DATA (WS FORM: F-6) , PAGE 2
STATION: DANVILLE VA
MONTH: AUGUST
YEAR: 2021
LATITUDE: 36 34 N
LONGITUDE: 79 20 W
[TEMPERATURE DATA] [PRECIPITATION DATA] SYMBOLS USED IN COLUMN 16
AVERAGE MONTHLY: 79.0 TOTAL FOR MONTH: 3.16 1 = FOG OR MIST
DPTR FM NORMAL: 2.5 DPTR FM NORMAL: -0.31 2 = FOG REDUCING VISIBILITY
HIGHEST: 97 ON 25,12 GRTST 24HR 0.69 ON 7- 7 TO 1/4 MILE OR LESS
LOWEST: 58 ON 6 3 = THUNDER
SNOW, ICE PELLETS, HAIL 4 = ICE PELLETS
TOTAL MONTH: 0.0 INCH 5 = HAIL
GRTST 24HR 0.0 6 = FREEZING RAIN OR DRIZZLE
GRTST DEPTH: 0 7 = DUSTSTORM OR SANDSTORM:
VSBY 1/2 MILE OR LESS
8 = SMOKE OR HAZE
[NO. OF DAYS WITH] [WEATHER - DAYS WITH] 9 = BLOWING SNOW
X = TORNADO
MAX 32 OR BELOW: 0 0.01 INCH OR MORE: 11
MAX 90 OR ABOVE: 16 0.10 INCH OR MORE: 8
MIN 32 OR BELOW: 0 0.50 INCH OR MORE: 2
MIN 0 OR BELOW: 0 1.00 INCH OR MORE: 0
[HDD (BASE 65) ]
TOTAL THIS MO. 0 CLEAR (SCALE 0-3) 24
DPTR FM NORMAL -1 PTCLDY (SCALE 4-7) 7
TOTAL FM JUL 1 0 CLOUDY (SCALE 8-10) 0
DPTR FM NORMAL 0
[CDD (BASE 65) ]
TOTAL THIS MO. 443
DPTR FM NORMAL 86 [PRESSURE DATA]
TOTAL FM JAN 1 1321 HIGHEST SLP 30.20 ON 6
DPTR FM NORMAL 148 LOWEST SLP 29.72 ON 31
[REMARKS]
#FINAL-08-21#