000
CXUS51 KRNK 011832
CLSDAN
CLIMATE REPORT
NATIONAL WEATHER SERVICE BLACKSBURG, VA
232 PM EDT WED JUN 01 2022
...................................
...THE DANVILLE VA CLIMATE SUMMARY FOR THE SEASON, FROM
3/1/2022 TO 5/31/2022...
CLIMATE NORMAL PERIOD: 1991 TO 2020
CLIMATE RECORD PERIOD: 1916 TO 2022
WEATHER OBSERVED NORMAL DEPART LAST YEAR`S
VALUE DATE(S) VALUE FROM VALUE
NORMAL
..............................................................
TEMPERATURE (F)
RECORD
HIGH 101 05/22/1941
LOW 9 03/04/2014
HIGHEST 91 05/20 94
05/31
LOWEST 19 03/13 24
AVG. MAXIMUM 71.8 70.1 1.7 71.4
AVG. MINIMUM 46.7 45.3 1.4 44.4
MEAN 59.2 57.7 1.5 57.9
DAYS MAX >= 90 3 1.8 1.2 4
DAYS MAX <= 32 0 0.0 0.0 0
DAYS MIN <= 32 14 13.8 0.2 15
DAYS MIN <= 0 0 0.0 0.0 0
PRECIPITATION (INCHES)
RECORD
MAXIMUM 18.38 1998
MINIMUM 3.07 1985
TOTALS 12.22 11.19 1.03 5.96
DAYS >= .01 28 33.3 -5.3 24
DAYS >= .10 19 20.3 -1.3 13
DAYS >= .50 10 7.5 2.5 5
DAYS >= 1.00 4 2.6 1.4 1
GREATEST
24 HR. TOTAL 1.53 1.20
SNOWFALL (INCHES)
TOTALS T 1.5 -1.5 0.0
DAYS >= TRACE 1 0.7 0.3 0
DAYS >= 1.0 0 0.3 -0.3 0
GREATEST
24 HR TOTAL 0.0 0.0
DEGREE DAYS
HEATING TOTAL 680 817 -137 770
COOLING TOTAL 174 142 32 137
..............................................................
WIND (MPH)
AVERAGE WIND SPEED 6.0
RESULTANT WIND SPEED/DIRECTION 1/270
HIGHEST WIND SPEED/DIRECTION 32/230 DATE 03/31
HIGHEST GUST SPEED/DIRECTION 44/240 DATE 03/07
SKY COVER
AVERAGE SKY COVER 0.36
AVERAGE RH (PERCENT) 63
WEATHER CONDITIONS. NUMBER OF DAYS WITH
THUNDERSTORM 10 MIXED PRECIP 0
HEAVY RAIN 13 RAIN 17
LIGHT RAIN 39 FREEZING RAIN 0
LT FREEZING RAIN 0 HAIL 0
HEAVY SNOW 0 SNOW 0
LIGHT SNOW 1 SLEET 0
FOG 34 FOG W/VIS <= 1/4 MILE 7
HAZE 0
- INDICATES NEGATIVE NUMBERS.
R INDICATES RECORD WAS SET OR TIED.
MM INDICATES DATA IS MISSING.
T INDICATES TRACE AMOUNT.
$$
RCS