000
CXUS54 KHUN 010810
CF6DCU
PRELIMINARY LOCAL CLIMATOLOGICAL DATA (WS FORM: F-6)
STATION: DECATUR
MONTH: JUNE
YEAR: 2023
LATITUDE: 34 39 N
LONGITUDE: 86 56 W
TEMPERATURE IN F: :PCPN: SNOW: WIND :SUNSHINE: SKY :PK WND
================================================================================
1 2 3 4 5 6A 6B 7 8 9 10 11 12 13 14 15 16 17 18
12Z AVG MX 2MIN
DY MAX MIN AVG DEP HDD CDD WTR SNW DPTH SPD SPD DIR MIN PSBL S-S WX SPD DR
================================================================================
1 86 63 75 1 0 10 0.00 0.0 0 3.9 12 200 M M 2 1 15 170
2 89 64 77 3 0 12 0.00 0.0 0 2.9 15 40 M M 4 13 25 40
3 93 59 76 1 0 11 0.00 0.0 0 3.7 13 20 M M 1 1 20 360
4 93 60 77 2 0 12 0.12 0.0 0 4.2 24 50 M M 1 3 34 50
5 91 64 78 3 0 13 0.00 0.0 0 4.5 12 190 M M 0 13 14 190
6 89 65 77 2 0 12 0.00 0.0 0 4.1 12 220 M M 0 13 17 250
7 91 62 77 1 0 12 0.00 0.0 0 5.7 17 290 M M 3 128 24 290
8 85 62 74 -2 0 9 0.00 0.0 0 6.0 16 350 M M 1 8 20 350
9 87 59 73 -3 0 8 0.00 0.0 0 4.3 14 240 M M 2 20 300
10 87 58 73 -3 0 8 0.04 0.0 0 6.2 18 270 M M 4 38 26 280
11 91 69 80 4 0 15 0.18 0.0 0 9.4 22 250 M M 4 13 33 240
12 80 60 70 -7 0 5 0.00 0.0 0 6.9 14 350 M M 7 21 300
13 81 59 70 -7 0 5 0.00 0.0 0 5.1 16 280 M M 3 1 23 250
14 80 67 74 -3 0 9 0.32 0.0 0 4.5 14 190 M M 5 13 19 220
15 85 64 75 -2 0 10 0.28 0.0 0 3.9 33 360 M M 7 123 44 350
16 90 63 77 0 0 12 0.00 0.0 0 4.4 12 270 M M 1 1 17 250
17 90 64 77 -1 0 12 0.00 0.0 0 4.1 12 270 M M 1 17 250
18 85 65 75 -3 0 10 0.01 0.0 0 7.5 23 190 M M 3 138 31 190
19 87 68 78 0 0 13 0.02 0.0 0 8.5 18 310 M M 5 13 26 280
20 84 66 75 -3 0 10 0.02 0.0 0 6.4 16 320 M M 5 13 22 320
21 83 68 76 -2 0 11 0.10 0.0 0 7.4 18 30 M M 9 1 28 40
22 82 65 74 -4 0 9 0.01 0.0 0 4.0 14 340 M M 9 1 18 350
23 85 66 76 -2 0 11 0.00 0.0 0 3.9 12 10 M M 6 1 16 340
24 93 62 78 -1 0 13 0.00 0.0 0 5.2 15 280 M M 1 1 21 300
25 93 63 78 -1 0 13 1.03 0.0 0 7.3 20 140 M M 2 138 31 20
26 91 66 79 0 0 14 0.00 0.0 0 7.3 16 270 M M 0 24 280
27 91 64 78 -1 0 13 0.00 0.0 0 3.2 15 270 M M 0 1 26 310
28 92 63 78 -1 0 13 0.00 0.0 0 2.2 12 20 M M 0 1 15 10
29 91 67 79 0 0 14 T 0.0 0 5.4 17 30 M M 1 13 25 40
30 96 68 82 3 0 17 0.00 0.0 0 5.7 32 20 M M 2 18 48 20
================================================================================
SM 2641 1913 0 336 2.13 0.0 157.8 M 89
================================================================================
AV 88.0 63.8 5.3 FASTST M M 3 MAX(MPH)
MISC ----> 33 360 48 20
================================================================================
NOTES:
# LAST OF SEVERAL OCCURRENCES
COLUMN 17 PEAK WIND IN M.P.H.
PRELIMINARY LOCAL CLIMATOLOGICAL DATA (WS FORM: F-6) , PAGE 2
STATION: DECATUR
MONTH: JUNE
YEAR: 2023
LATITUDE: 34 39 N
LONGITUDE: 86 56 W
[TEMPERATURE DATA] [PRECIPITATION DATA] SYMBOLS USED IN COLUMN 16
AVERAGE MONTHLY: 75.9 TOTAL FOR MONTH: 2.13 1 = FOG OR MIST
DPTR FM NORMAL: -1.2 DPTR FM NORMAL: -1.53 2 = FOG REDUCING VISIBILITY
HIGHEST: 96 ON 30 GRTST 24HR 1.03 ON 25-25 TO 1/4 MILE OR LESS
LOWEST: 58 ON 10 3 = THUNDER
SNOW, ICE PELLETS, HAIL 4 = ICE PELLETS
TOTAL MONTH: 0.0 INCH 5 = HAIL
GRTST 24HR 0.0 6 = FREEZING RAIN OR DRIZZLE
GRTST DEPTH: 0 7 = DUSTSTORM OR SANDSTORM:
VSBY 1/2 MILE OR LESS
8 = SMOKE OR HAZE
[NO. OF DAYS WITH] [WEATHER - DAYS WITH] 9 = BLOWING SNOW
X = TORNADO
MAX 32 OR BELOW: 0 0.01 INCH OR MORE: 11
MAX 90 OR ABOVE: 14 0.10 INCH OR MORE: 6
MIN 32 OR BELOW: 0 0.50 INCH OR MORE: 1
MIN 0 OR BELOW: 0 1.00 INCH OR MORE: 1
[HDD (BASE 65) ]
TOTAL THIS MO. 0 CLEAR (SCALE 0-3) 19
DPTR FM NORMAL 0 PTCLDY (SCALE 4-7) 9
TOTAL FM JUL 1 1996 CLOUDY (SCALE 8-10) 2
DPTR FM NORMAL -1121
[CDD (BASE 65) ]
TOTAL THIS MO. 336
DPTR FM NORMAL -27 [PRESSURE DATA]
TOTAL FM JAN 1 564 HIGHEST SLP M ON M
DPTR FM NORMAL -50 LOWEST SLP 29.68 ON 11
[REMARKS]
#FINAL-06-23#