000
CXUS53 KDDC 012233
CF6DDC
PRELIMINARY LOCAL CLIMATOLOGICAL DATA (WS FORM: F-6)

                                          STATION:   DODGE CITY KS
                                          MONTH:     MAY
                                          YEAR:      2013
                                          LATITUDE:   37 46 N
                                          LONGITUDE:  99 58 W

  TEMPERATURE IN F:       :PCPN:    SNOW:  WIND      :SUNSHINE: SKY     :PK WND
================================================================================
1   2   3   4   5  6A  6B    7    8   9   10  11  12  13   14  15   16   17  18
                                     12Z  AVG MX 2MIN
DY MAX MIN AVG DEP HDD CDD  WTR  SNW DPTH SPD SPD DIR MIN PSBL S-S WX    SPD DR
================================================================================

 1  66  32  49 -10  16   0    T    T    0 26.3 37 360   M    M   9 16     47  20
 2  52  29  41 -19  24   0 0.07  1.0    1 20.9 33  10   M    M   8 16     43 360
 3  61  25  43 -17  22   0 0.00  0.0    0  9.8 22 360   M    M   1        30 350
 4  63  27  45 -15  20   0 0.00  0.0    0 16.8 33 360   M    M   0        40  10
 5  66  32  49 -12  16   0 0.00  0.0    0  6.5 21  10   M    M   3        26  10
 6  74  36  55  -6  10   0 0.00  0.0    0  7.5 16 150   M    M   2 1      21 160
 7  79  53  66   5   0   1 0.09  0.0    0 19.0 38 150   M    M   6 13     47 150
 8  81  52  67   5   0   2 0.16  0.0    0 11.3 46 320   M    M   3 138    60 320
 9  71  47  59  -3   6   0 0.00  0.0    0 11.3 26  10   M    M   3        31  20
10  73  48  61  -1   4   0    T  0.0    0 10.4 21 360   M    M   5 18     28 360
11  70  46  58  -5   7   0 0.00  0.0    0 13.2 29  30   M    M   0        35  20
12  86  44  65   2   0   0 0.00  0.0    0 10.9 28 210   M    M   1        36 210
13  93  52  73  10   0   8 0.00  0.0    0  8.3 18 210   M    M   0 8      29 190
14  95  61  78  14   0  13 0.00  0.0    0 18.3 28 220   M    M   0        37 210
15  89  57  73   9   0   8 0.00  0.0    0 14.6 25 150   M    M   0 1      35 150
16  84  57  71   7   0   6    T  0.0    0 10.0 20  80   M    M   3 128    26 150
17  81  58  70   5   0   5 0.00  0.0    0 14.9 23 160   M    M   4 18     30 150
18 102  68  85  20   0  20 0.00  0.0    0 19.4 37 150   M    M   4 138    48 150
19  84  53  69   4   0   4 0.26  0.0    0 13.7 32 220   M    M   1 38     38 220
20  78  50  64  -2   1   0    T  0.0    0 10.3 29 320   M    M   1        36 320
21  78  48  63  -3   2   0 0.00  0.0    0 14.6 30 320   M    M   1        38 320
22  81  40  61  -5   4   0 0.00  0.0    0  5.7 14  80   M    M   0        17  80
23  68  50  59  -7   6   0 0.00  0.0    0 14.5 24  40   M    M   4        30  40
24  84  56  70   3   0   5 0.00  0.0    0 21.0 32 150   M    M   5 18     39 160
25  90  63  77  10   0  12 0.00  0.0    0 23.1 36 170   M    M   0        43 170
26  96  65  81  14   0  16 0.00  0.0    0 22.2 32 170   M    M   1 3      43 170
27 100  63  82  14   0  17 0.00  0.0    0 13.8 26 230   M    M   0        36 230
28  93  53  73   5   0   8    T  0.0    0 10.7 44 170   M    M   3 1238   53 180
29  82  66  74   6   0   9    T  0.0    0 23.2 41 150   M    M   3        53 150
30  84  56  70   1   0   5 0.33  0.0    0 11.5 24 130   M    M   4 13     30 130
31  86  52  69   0   0   4    T  0.0    0  8.1 25  30   M    M   1 13     35  20
================================================================================
SM 2490 1539       138 143 0.91  1.0     441.8          M       76
================================================================================
AV 80.3 49.6                              14.3 FASTST   M    M   2      MAX(MPH)
                                 MISC ---->    46 320                     60 320
================================================================================
NOTES:
# LAST OF SEVERAL OCCURRENCES

COLUMN 17 PEAK WIND IN M.P.H.

PRELIMINARY LOCAL CLIMATOLOGICAL DATA (WS FORM: F-6) , PAGE 2

                                          STATION:  DODGE CITY KS
                                          MONTH:    MAY
                                          YEAR:     2013
                                          LATITUDE:   37 46 N
                                          LONGITUDE:  99 58 W

[TEMPERATURE DATA]      [PRECIPITATION DATA]       SYMBOLS USED IN COLUMN 16

AVERAGE MONTHLY: 65.0   TOTAL FOR MONTH:   0.91    1 = FOG OR MIST
DPTR FM NORMAL:   0.8   DPTR FM NORMAL:   -1.94    2 = FOG REDUCING VISIBILITY
HIGHEST:   102 ON 18    GRTST 24HR  0.33 ON 30-30      TO 1/4 MILE OR LESS
LOWEST:     25 ON  3                               3 = THUNDER
                        SNOW, ICE PELLETS, HAIL    4 = ICE PELLETS
                        TOTAL MONTH:   1.0 INCH    5 = HAIL
                        GRTST 24HR   1.0 ON  2- 2  6 = FREEZING RAIN OR DRIZZLE
                        GRTST DEPTH:   1 ON  2     7 = DUSTSTORM OR SANDSTORM:
                                                       VSBY 1/2 MILE OR LESS
                                                   8 = SMOKE OR HAZE
[NO. OF DAYS WITH]      [WEATHER - DAYS WITH]      9 = BLOWING SNOW
                                                   X = TORNADO
MAX 32 OR BELOW:   0    0.01 INCH OR MORE:   5
MAX 90 OR ABOVE:   7    0.10 INCH OR MORE:   3
MIN 32 OR BELOW:   5    0.50 INCH OR MORE:   0
MIN  0 OR BELOW:   0    1.00 INCH OR MORE:   0

[HDD (BASE 65) ]
TOTAL THIS MO.   138    CLEAR  (SCALE 0-3)  21
DPTR FM NORMAL    23    PTCLDY (SCALE 4-7)   9
TOTAL FM JUL 1  5033    CLOUDY (SCALE 8-10)  1
DPTR FM NORMAL    79

[CDD (BASE 65) ]
TOTAL THIS MO.   143
DPTR FM NORMAL    53    [PRESSURE DATA]
TOTAL FM JAN 1   162    HIGHEST SLP 30.62 ON  2
DPTR FM NORMAL    53    LOWEST  SLP 29.29 ON 29

[REMARKS]
#FINAL-05-13#
