000
CXUS53 KDDC 011435
CF6DDC
PRELIMINARY LOCAL CLIMATOLOGICAL DATA (WS FORM: F-6)

                                          STATION:   DODGE CITY KS
                                          MONTH:     JANUARY
                                          YEAR:      2013
                                          LATITUDE:   37 46 N
                                          LONGITUDE:  99 58 W

  TEMPERATURE IN F:       :PCPN:    SNOW:  WIND      :SUNSHINE: SKY     :PK WND
================================================================================
1   2   3   4   5  6A  6B    7    8   9   10  11  12  13   14  15   16   17  18
                                     12Z  AVG MX 2MIN
DY MAX MIN AVG DEP HDD CDD  WTR  SNW DPTH SPD SPD DIR MIN PSBL S-S WX    SPD DR
================================================================================

 1  23   7  15 -17  50   0 0.01  0.1    5  7.1 13 360   M    M   6 18     15 360
 2  34  10  22 -10  43   0 0.00  0.0    5 12.2 21 320   M    M   2        26 350
 3  30   9  20 -12  45   0 0.00  0.0    5  9.2 17 310   M    M   0        21 310
 4  32   6  19 -13  46   0 0.00  0.0    3 10.4 18 200   M    M   3        22 210
 5  37  22  30  -2  35   0 0.00  0.0    3 11.6 21 340   M    M   3 1      29 350
 6  40  14  27  -5  38   0 0.00  0.0    2 10.8 20 200   M    M   0        24 190
 7  45  30  38   6  27   0 0.00  0.0    2 16.0 28 210   M    M   0        33 200
 8  51  28  40   8  25   0 0.00  0.0    1 11.2 21 180   M    M   0        25 210
 9  54  26  40   8  25   0    T  0.0    T  6.4 12 300   M    M   1        15  80
10  42  36  39   7  26   0 0.30  0.0    0  9.7 23 190   M    M  10 12     29 190
11  61  27  44  12  21   0 0.00  0.0    0 19.2 41 230   M    M   0 1      55 230
12  27  13  20 -12  45   0 0.00  0.0    0 14.3 25 360   M    M   4        32 350
13  27   7  17 -15  48   0 0.00  0.0    0  7.0 18 360   M    M   1        23 360
14  31  10  21 -11  44   0    T    T    0  5.5 12 150   M    M   2        14 140
15  35  13  24  -8  41   0 0.00  0.0    0  5.4 10 250   M    M   3        14 250
16  55  19  37   5  28   0 0.00  0.0    0 11.3 22 360   M    M   1        35 350
17  54  24  39   7  26   0 0.00  0.0    0  8.2 15 260   M    M   0        18 250
18  59  30  45  13  20   0 0.00  0.0    0 13.8 28 220   M    M   0        37 220
19  62  28  45  13  20   0 0.00  0.0    0 11.3 25  10   M    M   0        31  20
20  56  18  37   5  28   0 0.00  0.0    0 10.0 23  30   M    M   0        29  30
21  42  12  27  -5  38   0 0.00  0.0    0  9.1 23 220   M    M   0        29 210
22  45  17  31  -1  34   0 0.00  0.0    0  5.4 13 150   M    M   0        16 150
23  65  20  43  11  22   0 0.00  0.0    0  9.7 20  40   M    M   0        25  40
24  27  18  23  -9  42   0 0.00  0.0    0  6.9 16  40   M    M   5 8      20  50
25  55  24  40   8  25   0 0.00  0.0    0  8.1 15 320   M    M   0        18 320
26  53  27  40   7  25   0    T  0.0    0 15.0 23 170   M    M   2 8      28 170
27  68  37  53  20  12   0 0.00  0.0    0 14.4 28 170   M    M   0 1      35 170
28  72  30  51  18  14   0 0.00  0.0    0 17.1 39 210   M    M   0 1      47 200
29  59  29  44  11  21   0 0.17  2.0    0 15.9 32 360   M    M   9 18     38 360
30  34  20  27  -6  38   0    T  0.1    2 13.6 25 310   M    M   4 1      32 350
31  38  17  28  -5  37   0 0.00  0.0    1  9.4 24  20   M    M   3        28  20
================================================================================
SM 1413  628       989   0 0.48  2.2     335.2          M       59
================================================================================
AV 45.6 20.3                              10.8 FASTST   M    M   2      MAX(MPH)
                                 MISC ---->    41 230                     55 230
================================================================================
NOTES:
# LAST OF SEVERAL OCCURRENCES

COLUMN 17 PEAK WIND IN M.P.H.

PRELIMINARY LOCAL CLIMATOLOGICAL DATA (WS FORM: F-6) , PAGE 2

                                          STATION:  DODGE CITY KS
                                          MONTH:    JANUARY
                                          YEAR:     2013
                                          LATITUDE:   37 46 N
                                          LONGITUDE:  99 58 W

[TEMPERATURE DATA]      [PRECIPITATION DATA]       SYMBOLS USED IN COLUMN 16

AVERAGE MONTHLY: 33.0   TOTAL FOR MONTH:   0.48    1 = FOG OR MIST
DPTR FM NORMAL:   0.8   DPTR FM NORMAL:   -0.10    2 = FOG REDUCING VISIBILITY
HIGHEST:    72 ON 28    GRTST 24HR  0.30 ON 10-10      TO 1/4 MILE OR LESS
LOWEST:      6 ON  4                               3 = THUNDER
                        SNOW, ICE PELLETS, HAIL    4 = ICE PELLETS
                        TOTAL MONTH:   2.2 INCHES  5 = HAIL
                        GRTST 24HR   2.0 ON 29-29  6 = FREEZING RAIN OR DRIZZLE
                        GRTST DEPTH:   5 ON 3,2,1  7 = DUSTSTORM OR SANDSTORM:
                                                       VSBY 1/2 MILE OR LESS
                                                   8 = SMOKE OR HAZE
[NO. OF DAYS WITH]      [WEATHER - DAYS WITH]      9 = BLOWING SNOW
                                                   X = TORNADO
MAX 32 OR BELOW:   7    0.01 INCH OR MORE:   3
MAX 90 OR ABOVE:   0    0.10 INCH OR MORE:   2
MIN 32 OR BELOW:  29    0.50 INCH OR MORE:   0
MIN  0 OR BELOW:   0    1.00 INCH OR MORE:   0

[HDD (BASE 65) ]
TOTAL THIS MO.   989    CLEAR  (SCALE 0-3)  24
DPTR FM NORMAL   -29    PTCLDY (SCALE 4-7)   5
TOTAL FM JUL 1  2848    CLOUDY (SCALE 8-10)  2
DPTR FM NORMAL  -184

[CDD (BASE 65) ]
TOTAL THIS MO.     0
DPTR FM NORMAL     0    [PRESSURE DATA]
TOTAL FM JAN 1     0    HIGHEST SLP 30.55 ON 17
DPTR FM NORMAL     0    LOWEST  SLP 29.39 ON 11

[REMARKS]
#FINAL-01-13#
