000
CXUS53 KDDC 311200
CF6DDC
PRELIMINARY LOCAL CLIMATOLOGICAL DATA (WS FORM: F-6)

                                          STATION:   DODGE CITY KS
                                          MONTH:     DECEMBER
                                          YEAR:      2012
                                          LATITUDE:   37 46 N
                                          LONGITUDE:  99 58 W

  TEMPERATURE IN F:       :PCPN:    SNOW:  WIND      :SUNSHINE: SKY     :PK WND
================================================================================
1   2   3   4   5  6A  6B    7    8   9   10  11  12  13   14  15   16   17  18
                                     12Z  AVG MX 2MIN
DY MAX MIN AVG DEP HDD CDD  WTR  SNW DPTH SPD SPD DIR MIN PSBL S-S WX    SPD DR
================================================================================

 1  54  36  45   9  20   0 0.00  0.0    0  7.0 21 360   M    M   0 18     25 360
 2  71  34  53  17  12   0 0.00  0.0    0  9.1 20 150   M    M   0 8      24 150
 3  67  37  52  17  13   0 0.00  0.0    0 14.6 35  10   M    M   0        44 360
 4  59  25  42   7  23   0 0.00  0.0    0  6.0 13 190   M    M   0        16 200
 5  62  33  48  14  17   0 0.00  0.0    0 15.8 28 180   M    M   0 8      33 180
 6  55  27  41   7  24   0 0.00  0.0    0 12.3 29  10   M    M   0        36  20
 7  52  24  38   4  27   0 0.00  0.0    0  4.2 14  20   M    M   1 8      16  40
 8  47  19  33  -1  32   0 0.00  0.0    0  6.3 17 170   M    M   2 128    21 170
 9  37  13  25  -8  40   0 0.00  0.0    0 18.8 31 340   M    M   8 12     40 340
10  40   2  21 -12  44   0 0.00  0.0    0  9.2 18 230   M    M   0        25 210
11  45  16  31  -2  34   0 0.00  0.0    0  7.3 12 190   M    M   1        15 190
12  54  21  38   5  27   0 0.00  0.0    0 15.1 26 210   M    M   0        32 210
13  63  27  45  12  20   0 0.00  0.0    0  8.7 18 180   M    M   0 8      23 180
14  55  35  45  13  20   0 0.25  0.0    0 15.5 35 130   M    M   4 138    41 130
15  56  33  45  13  20   0 0.08  0.0    0 11.1 24 270   M    M   2 1      30 280
16  44  26  35   3  30   0    T  0.0    0  8.6 16 350   M    M   4 128    18 350
17  54  27  41   9  24   0 0.00  0.0    0 11.7 24 210   M    M   2 12     31 210
18  56  33  45  13  20   0 0.00  0.0    0 10.2 20 350   M    M   0        23 350
19  55  26  41   9  24   0 0.07  1.0    0 17.8 40 350   M    M   4 18     55 350
20  38  17  28  -4  37   0    T    T    1 16.9 37 320   M    M   1 1      49 320
21  53  20  37   5  28   0 0.00  0.0    0  7.8 16 220   M    M   0        18 230
22  51  21  36   4  29   0 0.00  0.0    0  7.4 14 250   M    M   0        17 200
23  37  15  26  -6  39   0 0.00  0.0    0  7.4 14 350   M    M   0 18     16 350
24  31  14  23  -9  42   0 0.00  0.0    0 12.1 22  30   M    M   0        26  60
25  17   9  13 -19  52   0 0.02  0.8    T 21.5 33  20   M    M   9 18     40  10
26  24   1  13 -19  52   0 0.00  0.0    1 10.2 24 150   M    M   1 8      32 150
27  27  14  21 -11  44   0 0.00  0.0    1 13.0 28 150   M    M   6 1      36 150
28  27   9  18 -14  47   0 0.00  0.0    0 10.8 21 350   M    M   2        28 320
29  45  14  30  -2  35   0 0.00  0.0    T 10.4 18 300   M    M   0        23 290
30  47  25  36   4  29   0    T    T    0 15.8 35 220   M    M   1        43 220
================================================================================
SM 1423  653       905   0  0.42     1.8 342.6          M       48
================================================================================
AV 47.4 21.8                              11.4 FASTST   M    M   2    MAX(MPH)
                                 MISC ---->  # 40 350               # 55  350
================================================================================
NOTES:
# LAST OF SEVERAL OCCURRENCES

COLUMN 17 PEAK WIND IN M.P.H.

PRELIMINARY LOCAL CLIMATOLOGICAL DATA (WS FORM: F-6) , PAGE 2

                                          STATION:  DODGE CITY KS
                                          MONTH:    DECEMBER
                                          YEAR:     2012
                                          LATITUDE:   37 46 N
                                          LONGITUDE:  99 58 W

[TEMPERATURE DATA]      [PRECIPITATION DATA]       SYMBOLS USED IN COLUMN 16

AVERAGE MONTHLY: 34.6   TOTAL FOR MONTH:   0.42    1 = FOG OR MIST
DPTR FM NORMAL:   1.7   DPTR FM NORMAL:   -0.40    2 = FOG REDUCING VISIBILITY
HIGHEST:    71 ON  2    GRTST 24HR  0.33 ON 14-15      TO 1/4 MILE OR LESS
LOWEST:      1 ON 26                               3 = THUNDER
                        SNOW, ICE PELLETS, HAIL    4 = ICE PELLETS
                        TOTAL MONTH:   1.8 INCHES  5 = HAIL
                        GRTST 24HR   1.0 ON 19-19  6 = FREEZING RAIN OR DRIZZLE
                        GRTST DEPTH:   1 ON 27,26  7 = DUSTSTORM OR SANDSTORM:
                                                       VSBY 1/2 MILE OR LESS
                                                   8 = SMOKE OR HAZE
[NO. OF DAYS WITH]      [WEATHER - DAYS WITH]      9 = BLOWING SNOW
                                                   X = TORNADO
MAX 32 OR BELOW:   5    0.01 INCH OR MORE:   4
MAX 90 OR ABOVE:   0    0.10 INCH OR MORE:   1
MIN 32 OR BELOW:  23    0.50 INCH OR MORE:   0
MIN  0 OR BELOW:   0    1.00 INCH OR MORE:   0

[HDD (BASE 65) ]
TOTAL THIS MO.   905    CLEAR  (SCALE 0-3)  24
DPTR FM NORMAL   -57    PTCLDY (SCALE 4-7)   5
TOTAL FM JUL 1  1818    CLOUDY (SCALE 8-10)  1
DPTR FM NORMAL  -158

[CDD (BASE 65) ]
TOTAL THIS MO.     0
DPTR FM NORMAL     0    [PRESSURE DATA]
TOTAL FM JAN 1  1767    HIGHEST SLP M ON M
DPTR FM NORMAL   304    LOWEST  SLP 29.36 ON M

[REMARKS]
