000
CXUS53 KDDC 011506
CF6DDC
PRELIMINARY LOCAL CLIMATOLOGICAL DATA (WS FORM: F-6)

                                          STATION:   DODGE CITY KS
                                          MONTH:     OCTOBER
                                          YEAR:      2012
                                          LATITUDE:   37 46 N
                                          LONGITUDE:  99 58 W

  TEMPERATURE IN F:       :PCPN:    SNOW:  WIND      :SUNSHINE: SKY     :PK WND
================================================================================
1   2   3   4   5  6A  6B    7    8   9   10  11  12  13   14  15   16   17  18
                                     12Z  AVG MX 2MIN
DY MAX MIN AVG DEP HDD CDD  WTR  SNW DPTH SPD SPD DIR MIN PSBL S-S WX    SPD DR
================================================================================

 1  75  45  60  -2   5   0 0.00  0.0    0 14.8 30 350   M    M   3 3      39  30
 2  73  38  56  -6   9   0 0.00  0.0    0  7.5 15 160   M    M   0        20 170
 3  84  48  66   4   0   1 0.00  0.0    0 14.7 23 340   M    M   0        33 360
 4  65  45  55  -6  10   0 0.00  0.0    0 15.5 30 350   M    M   4 8      39 350
 5  52  35  44 -17  21   0 0.00  0.0    0 11.6 25  40   M    M   7        30  30
 6  42  36  39 -21  26   0 0.08  0.0    0  7.3 16  70   M    M  10 1      18  80
 7  50  29  40 -20  25   0 0.00  0.0    0  7.4 18 220   M    M   6 12     24 240
 8  71  31  51  -9  14   0 0.00  0.0    0 13.5 24 200   M    M   0        31 190
 9  64  35  50  -9  15   0 0.00  0.0    0 13.8 33  10   M    M   0        40  40
10  65  31  48 -11  17   0 0.00  0.0    0  8.2 20 180   M    M   0        26 190
11  82  47  65   7   0   0 0.00  0.0    0 13.7 28  20   M    M   0 18     32  40
12  57  45  51  -7  14   0    T  0.0    0 10.0 23 140   M    M   9 1238   30 140
13  76  55  66   8   0   1 1.44  0.0    0 14.3 32 290   M    M   4 123    44 300
14  74  50  62   5   3   0 0.00  0.0    0 12.7 28 320   M    M   0        36 320
15  82  51  67  10   0   2 0.00  0.0    0  9.9 17 200   M    M   0        21 210
16  80  48  64   7   1   0 0.00  0.0    0  8.4 21  20   M    M   0 8      24  10
17  66  39  53  -3  12   0 0.00  0.0    0 15.4 32 320   M    M   0        41 320
18  64  37  51  -5  14   0 0.00  0.0    0 20.4 45 310   M    M   3 8      56 300
19  73  42  58   3   7   0 0.00  0.0    0 13.4 24 320   M    M   0        33 320
20  86  42  64   9   1   0 0.00  0.0    0  8.8 15 170   M    M   0 8      18 150
21  84  46  65  10   0   0 0.00  0.0    0  6.8 14 190   M    M   0 18     17 180
22  60  47  54   0  11   0 0.00  0.0    0  6.7 16 360   M    M   5 128    21 360
23  88  50  69  15   0   4 0.00  0.0    0 10.6 16 200   M    M   0 1      22 190
24  64  47  56   2   9   0 0.00  0.0    0  9.9 25  20   M    M   2 18     31  20
25  51  28  40 -13  25   0    T  0.0    0 18.9 37 360   M    M   6 1      49 350
26  43  21  32 -21  33   0 0.00  0.0    0 11.1 29  10   M    M   5        35  10
27  50  23  37 -15  28   0 0.00  0.0    0  9.7 16 170   M    M   1        22 150
28  63  25  44  -8  21   0 0.00  0.0    0 10.0 18 180   M    M   2        25 190
29  71  37  54   2  11   0 0.00  0.0    0 12.4 23 210   M    M   0        28 200
30  79  41  60   9   5   0 0.00  0.0    0 11.0 22 360   M    M   0 8      28 360
31  81  38  60   9   5   0 0.00  0.0    0  5.8 15 300   M    M   0        20 310
================================================================================
SM 2115 1232       342   8 1.52  0.0     354.2          M       67
================================================================================
AV 68.2 39.7                              11.4 FASTST   M    M   2      MAX(MPH)
                                 MISC ---->    45 310                     56 300
================================================================================
NOTES:
# LAST OF SEVERAL OCCURRENCES

COLUMN 17 PEAK WIND IN M.P.H.

PRELIMINARY LOCAL CLIMATOLOGICAL DATA (WS FORM: F-6) , PAGE 2

                                          STATION:  DODGE CITY KS
                                          MONTH:    OCTOBER
                                          YEAR:     2012
                                          LATITUDE:   37 46 N
                                          LONGITUDE:  99 58 W

[TEMPERATURE DATA]      [PRECIPITATION DATA]       SYMBOLS USED IN COLUMN 16

AVERAGE MONTHLY: 54.0   TOTAL FOR MONTH:   1.52    1 = FOG OR MIST
DPTR FM NORMAL:  -2.6   DPTR FM NORMAL:   -0.22    2 = FOG REDUCING VISIBILITY
HIGHEST:    88 ON 23    GRTST 24HR  1.44 ON 13-13      TO 1/4 MILE OR LESS
LOWEST:     21 ON 26                               3 = THUNDER
                        SNOW, ICE PELLETS, HAIL    4 = ICE PELLETS
                        TOTAL MONTH:   0.0 INCH    5 = HAIL
                        GRTST 24HR     0.0         6 = FREEZING RAIN OR DRIZZLE
                        GRTST DEPTH:   0           7 = DUSTSTORM OR SANDSTORM:
                                                       VSBY 1/2 MILE OR LESS
                                                   8 = SMOKE OR HAZE
[NO. OF DAYS WITH]      [WEATHER - DAYS WITH]      9 = BLOWING SNOW
                                                   X = TORNADO
MAX 32 OR BELOW:   0    0.01 INCH OR MORE:   2
MAX 90 OR ABOVE:   0    0.10 INCH OR MORE:   1
MIN 32 OR BELOW:   7    0.50 INCH OR MORE:   1
MIN  0 OR BELOW:   0    1.00 INCH OR MORE:   1

[HDD (BASE 65) ]
TOTAL THIS MO.   342    CLEAR  (SCALE 0-3)  21
DPTR FM NORMAL    51    PTCLDY (SCALE 4-7)   8
TOTAL FM JUL 1   384    CLOUDY (SCALE 8-10)  2
DPTR FM NORMAL    28

[CDD (BASE 65) ]
TOTAL THIS MO.     8
DPTR FM NORMAL   -21    [PRESSURE DATA]
TOTAL FM JAN 1  1767    HIGHEST SLP 30.58 ON 26
DPTR FM NORMAL   305    LOWEST  SLP 29.33 ON 17

[REMARKS]
#FINAL-10-12#
